ohhh nooe!

Report for 2014 Jan

                   Monthly Climatological Summary for Jan 2014

Name: Dobrava   City: Slovenske Konjice   State: SI
Elevation: 800 m  Lat: N 46° 21' 05"   Lon: E 015° 24' 41"

                  Temperature (°C), Rain (mm), Wind Speed (km/h)

                                      Heat  Cool        Avg
    Mean                              Deg   Deg         Wind                 Dom
Day Temp  High   Time   Low    Time   Days  Days  Rain  Speed High   Time    Dir
----------------------------------------------------------------------------------
 1   3.2   5.2   13:02  -0.4   23:41  15.1   0.0   0.0   2.2  14.5   06:57    NW
 2   5.7   8.8   14:29  -1.1   01:14  12.6   0.0   0.2  12.1  54.7   13:41     W
 3   8.2  10.7   14:07   5.4   07:07  10.1   0.0   0.0   7.5  37.0   14:12   WNW
 4   8.4  12.2   22:54   5.9   06:31   9.9   0.0   0.2   4.5  24.1   00:40    NW
 5   9.5  12.9   02:15   6.2   23:37   8.8   0.0  10.2   3.3  27.4   01:17   WNW
 6   7.2  11.0   14:24   4.8   18:17  11.1   0.0   0.2   4.2  22.5   23:45    NW
 7   7.2  11.1   13:37   1.2   23:38  11.1   0.0   0.0   6.2  37.0   08:23    NW
 8   4.0  11.7   13:52   0.4   23:53  14.3   0.0   0.2   1.9  17.7   13:11   WNW
 9   5.1  10.6   14:44  -0.3   03:27  13.1   0.0   0.2   7.1  37.0   23:38    NW
10   7.4  13.0   14:55   2.7   22:08  10.9   0.0   0.0   5.4  29.0   00:03    NW
11   6.5  11.2   14:47   0.8   08:48  11.8   0.0   0.2   5.5  30.6   22:00    NW
12   6.9  10.1   00:02   2.5   08:15  11.4   0.0   0.0   3.5  27.4   00:00    NW
13   6.7  10.3   14:24   1.3   03:11  11.6   0.0   0.0   8.6  41.8   10:00   WNW
14   8.5  10.2   00:16   7.2   23:37   9.8   0.0   3.0   2.8  35.4   00:35     W
15   6.3   8.1   15:00   4.3   23:58  12.0   0.0   0.2   1.2  16.1   03:56     N
16   6.4   9.1   13:00   3.1   06:45  11.9   0.0   0.0  10.6  74.0   21:51     W
17   9.0  10.3   13:28   7.7   09:25   9.3   0.0   1.4  10.4  51.5   00:15     W
18  10.1  11.7   14:53   8.1   08:01   8.2   0.0   2.8   2.9  22.5   00:21   WNW
19   8.7  10.5   00:00   5.4   04:07   9.6   0.0  24.2   4.0  30.6   11:27   WNW
20   8.8  11.2   14:13   6.7   23:18   9.5   0.0   6.8   2.3  20.9   11:25    NW
21   7.0   9.4   15:14   4.4   22:51  11.3   0.0   0.0   0.6   9.7   10:27   ESE
22   5.4   8.5   14:10   3.8   06:08  12.9   0.0   0.0   1.1  11.3   18:10    SE
23   3.5   4.6   00:00   2.3   23:53  14.8   0.0   0.8   0.8  11.3   18:02   ESE
24   0.7   2.3   00:00  -0.1   20:51  17.6   0.0  24.2   0.3   9.7   16:09   ESE
25  -2.0   0.6   13:18  -5.4   07:14  20.3   0.0   0.0   0.3  12.9   13:38   ESE
26  -5.3  -3.2   00:00  -7.3   09:25  23.6   0.0   0.0   0.3  11.3   04:54   ESE
27  -4.1  -1.6   13:29  -7.8   03:39  22.4   0.0   0.0   0.3  11.3   04:27   NNE
28  -3.2  -2.0   13:13  -4.3   05:38  21.5   0.0  10.6   0.1   8.0   22:56   ESE
29  -2.7  -1.9   13:06  -3.7   23:59  21.0   0.0  14.4   0.1   8.0   02:39     E
30  -3.0  -1.1   23:33  -5.9   03:21  21.3   0.0   0.0   0.1   8.0   10:31   ESE
31  -1.2  -0.7   04:36  -2.2   23:17  19.5   0.0   0.0   0.2   9.7   08:51   ESE
----------------------------------------------------------------------------------
     4.5  13.0    10    -7.8    27   428.3   0.0  99.8   3.6  74.0    16     WNW

Max >=  30.0:  0
Max <=   0.0:  6
Min <=  20.0: 31
Min <= -10.0:  0
Max Rain: 24.2 on day 19
Days of Rain: 17 (>= 0.2 mm)  8 (>= 2.0 mm)  2 (>= 20.0 mm)
Heat Base: 18.3  Cool Base: 18.3  Method: Integration