ohhh nooe!

Report for 2013 Oct

                   Monthly Climatological Summary for Oct 2013

Name: Dobrava   City: Slovenske Konjice   State: SI
Elevation: 342 m  Lat: N 46° 21' 05"   Lon: E 015° 24' 41"

                  Temperature (°C), Rain (mm), Wind Speed (km/h)

                                      Heat  Cool        Avg
    Mean                              Deg   Deg         Wind                 Dom
Day Temp  High   Time   Low    Time   Days  Days  Rain  Speed High   Time    Dir
----------------------------------------------------------------------------------
 1  11.3  15.3   15:10   8.7   08:05   7.0   0.0   0.2   0.2  14.5   21:31     E
 2   9.6  13.8   15:09   5.7   23:46   8.7   0.0   2.0   0.7  19.3   16:26   ESE
 3   6.5   9.8   16:55   1.9   07:02  11.8   0.0   0.0   0.3  11.3   12:51     E
 4   5.9  11.2   14:51   1.1   06:59  12.4   0.0   0.0   0.6  14.5   12:16   ESE
 5   6.5  10.7   13:57   2.0   04:57  11.8   0.0   0.0   0.5  12.9   22:55   NNW
 6  10.7  14.2   15:27   7.8   01:17   7.6   0.0   0.0   0.1   8.0   00:00     E
 7  12.3  15.8   14:25  10.7   07:28   6.0   0.0   0.4   0.4  11.3   12:56   ESE
 8  13.1  17.6   14:33  10.3   07:11   5.2   0.0   0.2   0.4  14.5   14:23   ESE
 9  12.4  14.9   15:28   8.8   07:37   5.9   0.0   0.2   0.1   6.4   00:39   NNE
10  12.8  17.3   14:51   7.7   06:51   5.5   0.0   3.4   0.7  22.5   15:58   SSW
11  12.0  14.4   10:12   8.6   23:59   6.3   0.0  15.8   1.9  30.6   11:05     W
12   9.3  12.1   17:34   6.3   02:08   9.0   0.0   8.0   0.1   8.0   22:40   NNW
13  12.0  19.1   15:05   6.5   06:10   6.3   0.0   0.2   2.3  22.5   13:26   WNW
14  11.6  17.8   15:01   6.4   05:11   6.7   0.0   0.0   0.9  12.9   13:42   WNW
15  13.1  18.7   15:10   8.4   01:41   5.2   0.0   0.0   4.5  22.5   10:21   WNW
16  10.7  14.5   14:21   4.8   23:50   7.6   0.0   5.0   0.9  16.1   01:39    NW
17   9.0  18.3   15:10   2.2   07:27   9.3   0.0   0.0   1.2  16.1   10:28    NW
18  11.5  19.3   14:48   5.7   04:29   6.9   0.1   0.0   1.6  16.1   05:55   NNW
19  11.7  18.5   15:11   5.1   06:40   6.6   0.0   0.2   2.8  38.6   22:46   WNW
20  16.3  19.5   13:41  13.0   05:53   2.2   0.1   0.0  11.9  51.5   14:55     W
21  17.1  20.4   12:46  15.1   06:58   1.4   0.2   0.0   6.9  41.8   01:11   WNW
22  17.2  20.3   13:25  14.1   07:56   1.4   0.3   0.0   7.0  32.2   22:37     W
23  18.5  20.8   14:37  16.9   04:41   0.4   0.6   0.0  15.3  53.1   08:20     W
24  17.2  20.3   11:41  11.7   23:50   1.4   0.3   0.0   4.1  24.1   03:50     W
25  15.9  21.5   14:54  10.2   05:43   3.0   0.5   0.0   4.9  29.0   15:26   WNW
26  17.6  22.1   14:55  14.9   06:25   1.5   0.8   0.0   6.0  35.4   08:23   WNW
27  16.8  19.8   13:30  13.7   23:53   1.8   0.2   0.0  10.5  41.8   13:44   WNW
28  17.8  21.7   12:54  12.4   01:22   1.4   0.9   0.0   8.1  45.1   21:29     W
29  17.1  22.0   12:41  12.3   23:51   1.9   0.7   0.0   4.2  24.1   00:35     W
30  11.8  13.3   11:24  10.3   23:39   6.5   0.0   0.0   0.8  16.1   10:11   ESE
31  10.8  13.4   14:14   9.2   06:28   7.5   0.0   0.0   0.2   9.7   10:48    SE
----------------------------------------------------------------------------------
    12.8  22.1    26     1.1     4   176.2   4.7  35.6   3.2  53.1    23       W

Max >=  30.0:  0
Max <=   0.0:  0
Min <=  20.0: 31
Min <= -10.0:  0
Max Rain: 15.8 on day 11
Days of Rain: 11 (>= 0.2 mm)  5 (>= 2.0 mm)  0 (>= 20.0 mm)
Heat Base: 18.3  Cool Base: 18.3  Method: Integration