ohhh nooe!

Report for 2013 Aug

                   Monthly Climatological Summary for Aug 2013

Name: Dobrava   City: Slovenske Konjice   State: SI
Elevation: 342 m  Lat: N 46° 21' 05"   Lon: E 015° 24' 41"

                  Temperature (°C), Rain (mm), Wind Speed (km/h)

                                      Heat  Cool        Avg
    Mean                              Deg   Deg         Wind                 Dom
Day Temp  High   Time   Low    Time   Days  Days  Rain  Speed High   Time    Dir
----------------------------------------------------------------------------------
 1  22.4  30.4   16:46  14.5   06:03   0.9   5.0   0.0   1.0  12.9   10:10     E
 2  25.3  35.2   16:45  16.2   04:27   0.3   7.3   0.0   1.5  14.5   09:37    SW
 3  25.9  36.7   17:18  15.5   05:24   0.5   8.1   0.0   0.5  16.1   13:27     E
 4  27.6  35.8   15:07  18.8   06:45   0.0   9.3   0.0   1.1  14.5   14:26   ENE
 5  25.0  33.7   16:25  16.3   06:13   0.2   6.9   0.0   0.6  16.1   15:25     E
 6  26.9  35.8   15:20  18.9   05:19   0.0   8.6   0.0   1.1  17.7   13:31     E
 7  26.4  36.3   17:15  16.8   06:01   0.1   8.2   0.0   1.0  20.9   15:54   ESE
 8  27.9  38.7   15:57  16.8   06:18   0.1   9.7   0.0   1.5  17.7   14:41   WSW
 9  23.7  31.0   15:42  19.1   23:04   0.0   5.4   1.2   1.6  20.9   18:16    NW
10  20.8  27.3   15:23  15.1   23:55   0.4   2.9   0.4   0.9  14.5   00:40   NNE
11  20.9  28.7   16:30  13.4   06:10   1.4   4.0   0.0   1.3  17.7   13:01     E
12  21.5  29.7   17:02  12.2   05:22   1.3   4.5   0.0   1.2  16.1   12:47     E
13  21.1  30.3   15:51  13.6   06:20   0.9   3.7  21.4   1.2  25.7   17:41   NNE
14  15.5  17.4   00:00  13.8   23:45   2.8   0.0   7.4   0.1   8.0   00:00     N
15  17.2  24.1   17:34  11.8   05:49   2.6   1.5   0.0   0.9  17.7   11:10     E
16  18.1  26.2   16:59  10.6   04:59   2.6   2.4   0.0   0.8  16.1   14:00     E
17  20.4  28.6   18:22  12.5   02:46   1.7   3.8   0.0   1.1  16.1   12:08   ENE
18  22.4  30.8   17:04  13.0   06:37   1.0   5.1   0.0   1.1  12.9   12:27    SW
19  23.4  31.8   16:44  14.8   06:26   0.3   5.4   0.0   1.2  24.1   23:45   WNW
20  18.5  22.9   00:02  16.1   23:50   0.4   0.6   0.3   2.2  25.7   03:18   WNW
21  18.8  24.4   14:59  12.5   05:23   1.6   2.1   0.2   1.2  19.3   12:10   ESE
22  19.1  24.1   13:37  13.6   23:59   1.0   1.8   0.0   0.5  14.5   12:28    SE
23  18.6  25.9   14:52  11.0   05:08   2.2   2.5   0.0   0.4   9.7   11:29    SE
24  17.5  20.2   12:21  15.4   06:53   1.1   0.2  39.6   1.1  27.4   05:28    NE
25  16.1  17.7   17:47  15.1   02:00   2.2   0.0   4.6   0.0   6.4   10:51   ENE
26  17.3  20.1   12:54  15.1   07:24   1.3   0.3  19.6   0.5  12.9   11:29    SE
27  18.1  22.7   16:55  16.1   05:39   1.0   0.8   1.0   0.1  11.3   15:14   ENE
28  16.2  19.7   12:01  13.4   23:39   2.2   0.1  37.3   0.3  12.9   13:24   ENE
29  16.5  22.8   15:36  12.2   05:52   2.6   0.8   1.0   0.9  12.9   09:34   NNW
30  16.7  23.4   16:45  10.6   05:20   3.0   1.4   0.0   0.8  11.3   11:31    NE
31  17.7  24.8   16:50  11.1   06:50   2.6   2.0   0.0   0.7  11.3   14:56   NNE
----------------------------------------------------------------------------------
    20.8  38.7     8    10.6    16    38.3 114.4 134.0   0.9  27.4    24     ENE

Max >=  30.0: 12
Max <=   0.0:  0
Min <=  20.0: 31
Min <= -10.0:  0
Max Rain: 39.6 on day 24
Days of Rain: 12 (>= 0.2 mm)  6 (>= 2.0 mm)  3 (>= 20.0 mm)
Heat Base: 18.3  Cool Base: 18.3  Method: Integration