ohhh nooe!

Report for 2013 Jun

                   Monthly Climatological Summary for Jun 2013

Name: Dobrava   City: Slovenske Konjice   State: SI
Elevation: 342 m  Lat: N 46° 21' 05"   Lon: E 015° 24' 41"

                  Temperature (°C), Rain (mm), Wind Speed (km/h)

                                      Heat  Cool        Avg
    Mean                              Deg   Deg         Wind                 Dom
Day Temp  High   Time   Low    Time   Days  Days  Rain  Speed High   Time    Dir
----------------------------------------------------------------------------------
 1  12.6  17.8   17:20   9.5   05:38   5.7   0.0   1.4   0.5  12.9   17:46   ESE
 2  14.2  19.3   13:57  11.1   05:33   4.1   0.0   1.2   2.8  25.7   01:56   WNW
 3  14.1  20.1   14:59   8.0   04:38   4.3   0.1   0.6   0.8  16.1   09:48     N
 4  14.5  17.3   17:09  11.4   02:09   3.8   0.0   1.0   1.3  22.5   03:48   WNW
 5  15.1  19.7   15:04  12.3   01:56   3.3   0.1   1.0   0.3  11.3   14:53     E
 6  15.6  21.3   14:39  11.1   05:42   2.8   0.2  13.8   0.6  12.9   15:43     N
 7  17.3  24.7   16:13  11.4   04:44   2.5   1.5   6.8   1.1  16.1   18:37    NE
 8  18.1  25.1   13:45  13.2   04:33   1.7   1.5   3.6   1.5  16.1   14:05    NW
 9  19.8  26.7   16:05  12.4   04:57   1.4   2.9   1.4   5.6  38.6   21:48     W
10  18.7  22.9   13:09  14.5   05:56   0.9   1.3   0.2   4.2  24.1   18:07     W
11  16.7  22.1   15:53  13.3   05:14   2.1   0.5   2.2   2.0  29.0   19:41   NNW
12  17.6  25.1   15:23  10.6   05:08   2.6   1.9   0.0   1.7  24.1   10:37     N
13  18.5  25.7   15:21  10.6   02:18   2.4   2.7   0.0   1.3  19.3   11:35     E
14  20.4  26.7   15:41  12.3   04:38   1.3   3.4   0.0   1.6  22.5   12:00     E
15  21.5  27.9   16:15  13.7   05:36   1.0   4.2   1.6   1.0  16.1   22:20   ENE
16  22.9  29.2   16:07  16.5   05:36   0.3   4.9   0.2   0.5  14.5   15:53     E
17  25.1  32.1   16:33  17.8   04:13   0.0   6.8   0.0   1.0  12.9   11:39   SSE
18  26.4  33.0   16:09  19.3   04:47   0.0   8.1   0.0   0.0   3.2   10:26     N
19  26.4  33.4   15:38  19.2   05:01   0.0   8.1   0.0   0.0   0.0   00:00     E
20  27.9  34.2   16:31  21.8   03:55   0.0   9.6   0.0   2.3  29.0   21:23   WSW
21  26.7  31.8   16:08  20.8   22:41   0.0   8.3   0.0   4.9  24.1   11:05     W
22  24.4  29.9   14:11  18.4   05:29   0.0   6.1   0.0   2.0  19.3   17:40   NNW
23  21.9  27.6   12:53  16.9   05:37   0.1   3.7   0.0   0.9  16.1   12:01    NW
24  14.9  18.7   00:00  12.1   20:25   3.4   0.0   6.6   1.9  29.0   22:39   WNW
25  15.8  20.8   13:31  11.7   23:55   2.6   0.2   1.4   3.7  35.4   01:17   WNW
26  15.1  20.2   14:55   8.9   05:27   3.5   0.2   0.0   0.6  14.5   10:07   ENE
27  13.9  18.6   17:10   9.0   06:01   4.4   0.0   0.0   0.4  11.3   10:28     E
28  14.4  21.2   16:00   7.3   03:05   4.1   0.2   0.0   0.7  16.1   12:24     E
29  16.4  22.1   16:23  10.1   05:27   2.8   0.9   0.0   0.8  12.9   08:16     W
30  17.5  22.3   15:02  11.1   23:57   1.9   1.1   0.0   0.7  11.3   02:47   NNE
----------------------------------------------------------------------------------
    18.8  34.2    20     7.3    28    63.0  78.5  43.0   1.6  38.6     9     WNW

Max >=  30.0:  5
Max <=   0.0:  0
Min <=  20.0: 28
Min <= -10.0:  0
Max Rain: 13.8 on day 6
Days of Rain: 15 (>= 0.2 mm)  5 (>= 2.0 mm)  0 (>= 20.0 mm)
Heat Base: 18.3  Cool Base: 18.3  Method: Integration