ohhh nooe!

Report for 2013 May

                   Monthly Climatological Summary for May 2013

Name: Dobrava   City: Slovenske Konjice   State: SI
Elevation: 342 m  Lat: N 46° 21' 05"   Lon: E 015° 24' 41"

                  Temperature (°C), Rain (mm), Wind Speed (km/h)

                                      Heat  Cool        Avg
    Mean                              Deg   Deg         Wind                 Dom
Day Temp  High   Time   Low    Time   Days  Days  Rain  Speed High   Time    Dir
----------------------------------------------------------------------------------
 1  21.0  28.6   15:01  14.3   05:56   1.0   3.7   0.0   2.6  20.9   16:29     N
 2  17.5  20.0   13:33  13.7   23:55   1.1   0.3  12.8   0.5  22.5   23:20   NNW
 3  18.0  23.8   15:31  13.1   05:16   1.8   1.5   1.0   4.8  27.4   11:29     W
 4  14.7  19.9   14:38  10.5   06:07   3.7   0.1   1.2   0.7  16.1   19:30    NE
 5  13.1  14.8   12:40  12.2   01:22   5.2   0.0  21.4   0.4  11.3   04:07     E
 6  14.7  16.3   16:19  12.4   03:00   2.3   0.0  11.6   0.2   9.7   13:53     S
 7  15.8  21.3   16:50  12.8   22:44   2.8   0.3  22.8   0.7  25.7   19:20     E
 8  16.1  21.9   16:17  10.9   06:18   3.0   0.7   0.6   0.7  17.7   15:36     E
 9  17.4  23.2   14:51  11.7   05:32   2.3   1.4   0.0   0.4  16.1   13:24     E
10  16.4  22.8   15:13  10.4   05:52   2.7   0.8   2.0   1.6  30.6   16:01    NW
11  13.3  15.2   00:00  12.2   07:48   5.0   0.0   5.6   0.1   6.4   02:28     E
12  13.6  16.9   13:00  10.6   05:58   4.7   0.0   0.2   0.6   9.7   01:30   WSW
13  12.9  18.4   17:23   7.4   06:35   5.4   0.0   0.0   0.8  14.5   18:09     E
14  14.1  21.3   17:17   6.6   05:54   4.7   0.5   0.0   1.0  17.7   16:46     E
15  15.8  23.8   15:07   8.8   04:03   3.8   1.4   1.6   1.7  22.5   18:52   WSW
16  14.1  18.9   12:44   9.4   05:13   4.2   0.0   4.4   0.2  14.5   14:20    SW
17  14.1  16.8   12:04  12.1   03:55   4.2   0.0  17.2   1.8  30.6   23:48     W
18  16.4  20.9   17:01  11.4   05:37   2.4   0.4   0.0   8.6  46.7   11:06     W
19  16.7  24.3   14:37   9.4   05:58   2.8   1.2   0.2   4.2  32.2   16:19     W
20  15.6  20.3   16:33  11.4   05:41   2.9   0.3   0.0   7.6  40.2   13:06     W
21  15.4  20.4   14:56  10.8   05:52   3.1   0.2   0.0   6.3  32.2   00:53     W
22  14.8  20.8   17:16   9.4   05:52   3.7   0.3   0.0   2.0  16.1   02:17   NNW
23  12.7  15.2   00:00  10.3   06:24   5.6   0.0   0.0   1.9  20.9   16:11   ESE
24  10.3  12.8   11:20   8.3   05:35   8.0   0.0   2.6   0.6  12.9   14:48     W
25   9.4  12.3   13:16   7.3   05:46   8.9   0.0   3.2   0.4  14.5   14:16   WNW
26  10.4  15.8   15:15   7.9   06:03   7.9   0.0   5.6   1.2  22.5   16:30   WNW
27  13.4  19.4   16:01   9.7   02:33   4.9   0.0   0.0   6.3  38.6   15:17     W
28  15.6  20.3   14:35  10.5   00:09   3.0   0.2   0.0   6.6  46.7   13:56   WSW
29  15.0  20.9   12:40   8.9   06:01   3.5   0.2   0.0   2.6  27.4   16:27     W
30  10.9  14.5   00:38   8.7   21:37   7.4   0.0  23.8   2.1  17.7   11:10   WNW
31  10.4  12.6   11:59   8.2   03:00   7.9   0.0   8.4   1.5  19.3   06:05     W
----------------------------------------------------------------------------------
    14.5  28.6     1     6.6    14   129.9  13.5 146.2   2.3  46.7    18       W

Max >=  30.0:  0
Max <=   0.0:  0
Min <=  20.0: 31
Min <= -10.0:  0
Max Rain: 23.8 on day 30
Days of Rain: 19 (>= 0.2 mm)  13 (>= 2.0 mm)  3 (>= 20.0 mm)
Heat Base: 18.3  Cool Base: 18.3  Method: Integration