ohhh nooe!

Report for 2012 Oct

                   Monthly Climatological Summary for Oct 2012

Name: Dobrava   City: Slovenske Konjice   State: SI
Elevation: 342 m  Lat: N 46° 21' 05"   Lon: E 015° 24' 41"

                  Temperature (°C), Rain (mm), Wind Speed (km/h)

                                      Heat  Cool        Avg
    Mean                              Deg   Deg         Wind                 Dom
Day Temp  High   Time   Low    Time   Days  Days  Rain  Speed High   Time    Dir
----------------------------------------------------------------------------------
 1  16.5  22.7   15:04  13.6   06:46   2.5   0.7   1.6   0.3  12.9   15:05     W
 2  14.8  15.7   02:21  12.6   23:53   3.5   0.0   2.8   0.2  12.9   07:22   SSE
 3  14.9  21.8   14:54   9.8   07:00   3.9   0.5   0.0   0.8  11.3   02:18     W
 4  16.1  21.8   14:49   9.8   07:15   2.8   0.6   0.2   3.8  27.4   16:40     W
 5  14.7  19.9   14:34  10.6   04:22   3.8   0.2   0.0   0.7  16.1   14:40   WSW
 6  16.6  22.2   14:36   9.1   05:49   2.5   0.8   0.0   4.5  29.0   17:15   WNW
 7  16.8  22.4   14:43  10.3   23:50   2.3   0.7   6.6   5.8  35.4   12:16   WNW
 8  10.5  15.9   14:47   6.4   05:51   7.8   0.0   0.0   1.0  12.9   10:23   SSW
 9  12.4  19.0   15:11   7.4   05:39   5.9   0.0   0.2   2.0  20.9   11:50   WNW
10  10.0  12.3   00:00   7.8   21:43   8.3   0.0   1.0   0.1   6.4   05:08     E
11   9.8  12.8   14:49   7.5   03:32   8.5   0.0   0.0   0.1   8.0   00:44   ESE
12  10.8  12.9   13:00   8.5   04:13   7.5   0.0   0.2   0.1   9.7   15:13     E
13  10.9  11.9   12:08  10.2   23:41   7.4   0.0   5.8   0.0   6.4   14:25   NNE
14  10.8  16.7   15:23   5.5   07:24   7.5   0.0   0.0   0.7  14.5   13:54     W
15  15.1  17.2   12:38   9.4   00:00   3.2   0.0  13.0   0.4  12.2   22:57     N
16  10.8  14.7   00:34   7.5   23:48   7.5   0.0  51.0   1.3  16.2   16:46   SSW
17  12.5  17.5   15:38   7.4   00:02   5.8   0.0   0.0   8.9  24.8   17:21    NW
18  15.8  20.0   14:24  12.8   00:43   2.8   0.2   0.0  10.3  25.6   07:10    NW
19  16.7  21.2   14:08  13.2   05:20   2.1   0.5   0.0   9.0  21.2   08:56    NW
20  14.5  21.5   14:50   8.6   23:58   3.5   0.3   0.0   3.7  22.0   04:53    NW
21  11.1  20.2   14:50   5.4   05:46   7.3   0.1   0.0   0.1   8.6   06:18     N
22  11.0  18.5   14:51   5.7   07:37   7.3   0.0   0.3   0.1  10.1   14:58   SSW
23  10.3  17.3   14:15   5.9   07:07   8.0   0.0   0.0   0.6  10.1   15:17   SSW
24   9.3  13.4   11:57   4.8   01:48   9.0   0.0   0.3   0.0   6.5   13:43   NNE
25   9.5  13.5   15:05   8.2   03:52   8.8   0.0   0.0   0.1   8.6   14:09     S
26   8.7  10.5   09:47   4.8   07:03   9.6   0.0   8.0   0.2  10.1   04:08     N
27  14.3  19.4   12:33   7.8   23:59   4.0   0.0  58.0   1.8  17.6   13:47     W
28   3.2   7.8   00:00   0.5   17:50   5.3   0.0  11.0   1.4  12.2   01:57    SE
29   0.6   2.8   13:46  -1.4   23:47  12.5   0.0   7.5   0.0   5.0   05:54     S
30   1.3   4.8   14:43  -2.0   03:06  16.9   0.0   5.8   4.0  21.2   10:57    NW
31   4.7   9.7   13:36  -0.4   07:00  13.6   0.0   3.0   2.4  17.6   13:10    NW
----------------------------------------------------------------------------------
    11.5  22.7     1    -2.0    30   201.4   4.6 176.3   1.7  35.4     7     WNW

Max >=  30.0:  0
Max <=   0.0:  0
Min <=  20.0: 31
Min <= -10.0:  0
Max Rain: 58.0 on day 27
Days of Rain: 18 (>= 0.2 mm)  11 (>= 2.0 mm)  2 (>= 20.0 mm)
Heat Base: 18.3  Cool Base: 18.3  Method: Integration