ohhh nooe!

Report for 2012 Aug

                   Monthly Climatological Summary for Aug 2012

Name: Dobrava   City: Slovenske Konjice   State: SI
Elevation: 342 m  Lat: N 46° 21' 05"   Lon: E 015° 24' 41"

                  Temperature (°C), Rain (mm), Wind Speed (km/h)

                                      Heat  Cool        Avg
    Mean                              Deg   Deg         Wind                 Dom
Day Temp  High   Time   Low    Time   Days  Days  Rain  Speed High   Time    Dir
----------------------------------------------------------------------------------
 1  22.4  29.3   15:05  15.6   04:27   0.6   4.7   0.0   1.1  12.9   11:47   ENE
 2  23.5  30.7   14:53  15.6   05:16   0.5   5.7   0.0   1.1  17.7   15:47     E
 3  23.8  32.1   15:42  15.8   05:11   0.2   5.7   0.0   1.1  16.1   13:05     E
 4  23.7  30.7   17:22  16.1   05:50   0.2   5.6   0.0   1.0  16.1   14:20     E
 5  25.2  33.7   17:53  17.1   06:28   0.1   7.0   0.0   1.0  16.1   16:04   SSE
 6  27.7  33.9   15:39  20.1   23:55   0.0   9.4   0.0   4.4  29.0   16:50     W
 7  23.0  27.7   16:48  15.8   23:56   0.1   4.8   0.0   1.0  17.7   00:33   ENE
 8  20.7  26.3   15:18  15.8   00:00   0.6   3.0   0.0   1.0  20.9   14:04   ESE
 9  19.2  25.8   15:23  14.9   04:11   1.0   1.9   8.0   0.8  14.5   10:24     E
10  19.0  25.4   16:04  13.8   05:59   1.3   2.0   0.4   0.9  14.5   11:26     E
11  16.1  20.3   12:01  12.4   06:17   2.5   0.2   2.6   0.2  11.3   12:53     E
12  16.4  23.2   16:29  10.3   06:08   3.2   1.3   0.0   0.7  14.5   14:44     E
13  18.1  25.0   16:39  11.6   05:46   2.1   2.0   0.0   0.7  14.5   14:01   ESE
14  18.6  26.2   17:28  11.2   06:34   2.1   2.4   0.0   0.7  12.9   12:48   ESE
15  21.1  30.1   17:34  12.9   04:15   1.4   4.2   0.0   0.9  16.1   14:40   WNW
16  20.5  29.6   14:41  13.4   06:19   1.1   3.3   4.2   1.1  24.1   15:26     E
17  21.8  29.0   15:09  16.3   23:08   0.2   3.7   0.0   0.8  14.5   14:48   SSE
18  21.7  29.6   15:24  14.6   06:28   0.8   4.2   0.0   0.7  14.5   12:03   ESE
19  22.5  30.8   16:41  13.8   06:08   0.9   5.1   0.0   0.9  20.9   13:44     E
20  24.1  33.3   16:43  15.1   05:58   0.5   6.3   0.0   1.4  12.9   08:58   WSW
21  24.0  33.7   16:52  14.8   06:29   0.5   6.2   0.0   0.9  11.3   11:24    NE
22  26.9  36.1   14:37  16.8   03:33   0.1   8.7   0.0   1.8  16.1   10:12   WNW
23  23.6  32.6   18:18  19.1   07:00   0.0   5.3   4.8   1.7  37.0   09:02   WNW
24  27.7  34.8   16:37  18.2   04:30   0.0   9.4   0.0   5.7  27.4   19:29     W
25  25.4  34.0   16:38  16.3   06:51   0.1   7.2   0.0   1.1  20.9   00:28   WSW
26  17.5  23.4   09:53  12.9   23:27   1.7   1.0  20.0   2.1  38.6   11:36   WNW
27  16.9  23.6   15:39  11.6   06:05   2.8   1.3   0.0   2.8  22.5   05:37    NW
28  18.5  27.9   17:03  10.6   05:41   2.5   2.7   0.0   1.7  17.7   11:06   WSW
29  20.3  27.7   17:43  13.6   05:45   1.3   3.3   0.0   0.5  16.1   13:35   ESE
30  21.3  29.1   14:38  13.2   06:18   1.1   4.2   0.0   0.8  14.5   12:27     E
31  17.8  22.4   10:48  13.6   23:59   1.0   0.5  28.4   0.4  14.5   10:54     E
----------------------------------------------------------------------------------
    21.6  36.1    22    10.3    12    30.5 132.3  68.4   1.3  38.6    26     WNW

Max >=  30.0: 13
Max <=   0.0:  0
Min <=  20.0: 30
Min <= -10.0:  0
Max Rain: 28.4 on day 31
Days of Rain: 7 (>= 0.2 mm)  6 (>= 2.0 mm)  2 (>= 20.0 mm)
Heat Base: 18.3  Cool Base: 18.3  Method: Integration