ohhh nooe!

Report for 2011 Dec

                   Monthly Climatological Summary for Dec 2011

Name: Dobrava   City: Slovenske Konjice   State: SI
Elevation: 342 m  Lat: N 46° 21' 05"   Lon: E 015° 24' 04"

                  Temperature (°C), Rain (mm), Wind Speed (km/h)

                                      Heat  Cool        Avg
    Mean                              Deg   Deg         Wind                 Dom
Day Temp  High   Time   Low    Time   Days  Days  Rain  Speed High   Time    Dir
----------------------------------------------------------------------------------
 1  -1.4   4.3   14:35  -4.4   08:06  19.7   0.0   0.0   0.0   0.0   00:00     E
 2   5.1  12.8   15:45  -2.9   04:15  13.2   0.0   0.0   7.8  36.7   13:52     W
 3   8.4  13.1   03:52   3.6   00:00   9.9   0.0   0.0   7.7  36.0   00:44     W
 4  11.9  14.3   13:12  10.5   06:41   6.4   0.0   0.3  15.1  38.2   23:26     W
 5   9.8  13.8   11:03   5.1   23:47   8.5   0.0  15.5  11.4  45.7   05:35     W
 6   3.4   6.9   11:48  -0.9   21:05  14.9   0.0   0.0   3.4  20.5   13:04    NW
 7   4.4   8.4   16:50  -0.6   03:36  13.9   0.0   0.3   9.8  42.1   16:18   WNW
 8   4.8   9.6   12:30  -0.5   22:57  13.5   0.0   0.0   6.9  35.3   11:01    NW
 9   8.9  12.3   12:17   0.1   00:43   9.4   0.0   1.3  19.1  49.3   11:55     W
10   9.0  12.5   13:17   0.5   23:18   9.3   0.0   0.3   9.4  41.0   03:05   WNW
11   4.5   6.3   13:16   0.5   00:01  13.8   0.0   0.0   0.0   0.0   00:00     E
12   6.2  10.9   13:55   1.4   07:21  12.1   0.0   3.3   1.3  20.5   22:23    NW
13   5.6   8.1   13:52   1.3   06:11  12.7   0.0   0.8   5.1  24.8   21:38    NW
14   8.6  11.3   16:00   4.8   04:52   9.7   0.0   1.5   9.6  31.7   12:20   WNW
15   5.9  10.5   00:00   2.8   22:32  12.4   0.0  25.0   1.5  16.9   22:58   ENE
16   6.3  11.4   18:31   1.1   05:27  12.0   0.0   1.0  14.3  52.2   13:54   WNW
17   1.8   9.7   00:00  -0.2   23:12  16.5   0.0  23.6   3.4  19.8   00:35   NNW
18   0.4   5.2   13:17  -1.8   23:56  17.9   0.0   0.0   2.4  13.3   00:42   NNW
19  -0.6   1.0   11:53  -3.9   23:59  18.9   0.0   2.2   0.6  10.8   12:26    SE
20  -3.5   1.7   12:09  -6.0   03:14  21.8   0.0   0.0   2.1  16.2   12:51   NNW
21  -0.5   4.1   12:47  -6.0   01:17  18.8   0.0   0.0   4.2  17.6   10:56   NNW
22  -0.2   4.7   13:15  -3.2   07:50  18.5   0.0   0.0   0.8  10.1   13:23    SW
23   1.2   5.2   14:09  -1.4   20:53  17.1   0.0   0.0   2.7  20.5   11:12    NW
24   1.1   4.1   12:57  -2.2   04:05  17.2   0.0   0.0   0.7  16.9   19:19   NNW
25   1.7   7.0   13:30  -1.6   08:07  16.6   0.0   0.0   1.1  13.0   12:07     S
26   2.8   5.0   12:48   0.5   02:50  15.5   0.0   1.0   2.8  13.3   10:43    NW
27   3.4   7.8   13:05  -1.7   23:53  14.9   0.0   0.0   2.0  16.2   11:35    NW
28   0.5   3.2   14:29  -3.1   04:59  17.7   0.0   0.0   1.7  13.3   16:31    NW
29   1.4   2.3   17:34   0.4   05:00  16.9   0.0   1.5   0.8  10.1   05:05   NNW
30   2.3   4.1   10:55   0.1   23:23  16.0   0.0   0.0   6.9  17.6   08:54    NW
31   1.0   5.0   14:33  -2.4   07:56  17.3   0.0   0.3   4.7  19.8   12:29    NW
----------------------------------------------------------------------------------
     3.7  14.3     4    -6.0    20   453.0   0.0  77.9   5.1  52.2    16     WNW

Max >=  30.0:  0
Max <=   0.0:  0
Min <=  20.0: 31
Min <= -10.0:  0
Max Rain: 25.0 on day 15
Days of Rain: 15 (> 0.2 mm)  5 (> 2.0 mm)  2 (> 20.0 mm)
Heat Base: 18.3  Cool Base: 18.3  Method: Integration