ohhh nooe!

Report for 2011 Nov

                   Monthly Climatological Summary for Nov 2011

Name: Dobrava   City: Slovenske Konjice   State: SI
Elevation: 342 m  Lat: N 46° 21' 05"   Lon: E 015° 24' 04"

                  Temperature (°C), Rain (mm), Wind Speed (km/h)

                                      Heat  Cool        Avg
    Mean                              Deg   Deg         Wind                 Dom
Day Temp  High   Time   Low    Time   Days  Days  Rain  Speed High   Time    Dir
----------------------------------------------------------------------------------
 1   5.1   8.2   14:04   0.7   06:13  13.2   0.0   0.0   0.0   9.4   20:24     W
 2   5.8   7.4   13:09   4.8   06:47  12.5   0.0   0.0   0.2  12.2   21:22   WNW
 3   9.6  14.6   13:40   4.7   06:22   8.7   0.0   0.0   7.7  31.7   17:38     W
 4  14.8  17.0   13:21  12.7   00:09   3.5   0.0   0.0  17.8  41.0   14:26     W
 5  15.3  18.5   13:00  11.2   23:42   3.0   0.0   0.0  10.3  37.4   00:12     W
 6  10.7  13.3   12:32   7.8   05:02   7.6   0.0   0.0   0.8  12.2   01:03    NE
 7   8.8  11.3   13:18   7.1   07:34   9.5   0.0   0.0   0.4  10.1   03:07   SSE
 8   8.9  14.3   13:09   5.4   06:25   9.4   0.0   0.0   0.9  12.2   11:30   WNW
 9   9.6  15.8   14:17   6.5   06:08   8.7   0.0   0.0   1.1  13.0   11:01   WNW
10   7.8   9.7   12:07   6.5   23:00  10.5   0.0   0.0   1.3  14.0   22:07    SE
11   3.6   6.7   13:20  -1.4   22:08  14.7   0.0   0.0   2.7  16.9   13:40    SE
12   2.3   7.9   13:05  -0.6   23:29  16.0   0.0   0.0   1.1  10.8   13:37   SSW
13   1.9   9.9   13:49  -2.4   06:54  16.4   0.0   0.0   0.7  10.1   13:50   ENE
14   1.5  10.1   14:07  -3.5   05:02  16.8   0.0   0.0   0.5  12.2   23:58    NW
15   0.9   7.7   13:22  -3.8   07:03  17.4   0.0   0.0   1.0  10.1   00:39   WSW
16   1.1   8.3   13:47  -1.4   00:43  17.2   0.0   0.3   1.2   9.4   06:46   NNE
17  -1.8   6.5   14:01  -6.0   07:22  20.1   0.0   0.0   0.3   7.9   04:58     S
18  -3.6  -1.0   14:48  -6.6   06:29  21.9   0.0   0.0   0.0   5.8   12:21     S
19  -3.5  -2.0   14:36  -5.6   07:08  21.8   0.0   0.0   0.0   4.3   19:28    SW
20  -2.5  -1.9   12:39  -2.9   06:15  20.8   0.0   0.0   0.0   5.8   19:10   SSW
21  -1.8  -0.3   13:37  -2.6   00:01  20.1   0.0   0.0   0.5  10.1   09:16     E
22  -1.7  -0.4   12:21  -2.6   22:35  20.0   0.0   0.0   0.4   9.4   15:22    SE
23  -2.3  -1.4   20:36  -3.1   05:46  20.6   0.0   0.0   0.1   7.9   01:55   ESE
24  -0.4   0.5   15:36  -1.4   00:00  18.7   0.0   0.0   0.0   6.5   16:36     S
25   0.5   4.2   13:55  -1.6   05:54  17.8   0.0   0.0   1.0  13.3   12:53   WNW
26  -0.2   3.8   13:14  -3.8   06:11  18.5   0.0   0.0   1.7  13.3   23:00     N
27   2.1   8.9   16:13  -2.8   07:28  16.2   0.0   0.3   3.0  18.4   17:17   NNW
28   2.5  11.5   13:22  -2.7   04:38  15.8   0.0   0.0   1.1  13.3   11:13     S
29   1.9   9.8   14:02  -3.3   23:12  16.4   0.0   0.0   1.0  10.1   01:24     N
30  -1.4   0.5   15:03  -2.8   00:00  19.7   0.0   0.0   0.0   8.6   20:08   NNE
----------------------------------------------------------------------------------
     3.2  18.5     5    -6.6    18   453.5   0.0   0.6   1.9  41.0     4       W

Max >=  30.0:  0
Max <=   0.0:  6
Min <=  20.0: 30
Min <= -10.0:  0
Max Rain: 0.3 on day 16
Days of Rain: 2 (> 0.2 mm)  0 (> 2.0 mm)  0 (> 20.0 mm)
Heat Base: 18.3  Cool Base: 18.3  Method: Integration