ohhh nooe!

Report for 2011 Sep

                   Monthly Climatological Summary for Sep 2011

Name: Dobrava   City: Slovenske Konjice   State: SI
Elevation: 342 m  Lat: N 46° 21' 05"   Lon: E 015° 24' 04"

                  Temperature (°C), Rain (mm), Wind Speed (km/h)

                                      Heat  Cool        Avg
    Mean                              Deg   Deg         Wind                 Dom
Day Temp  High   Time   Low    Time   Days  Days  Rain  Speed High   Time    Dir
----------------------------------------------------------------------------------
 1  21.8  29.1   14:16  15.9   05:48   0.3   3.8   0.0   2.8  24.1   14:56   WNW
 2  20.6  28.3   14:31  14.4   06:11   0.9   3.3  17.3   1.1  24.1   19:42     W
 3  20.0  27.0   17:05  14.1   06:20   1.2   2.8   0.0   0.8  11.5   14:32   NNE
 4  23.3  30.8   16:38  16.6   03:15   0.3   5.3   0.0   1.5  17.6   21:40     W
 5  21.6  26.2   14:15  18.0   06:42   0.0   3.3   4.3   3.8  28.1   04:02   WNW
 6  18.5  23.1   14:05  14.0   23:59   1.1   1.3   0.8   0.4  13.0   12:30   ESE
 7  18.5  25.4   14:48  13.6   05:25   1.8   2.1   0.0   2.1  14.8   10:34   NNW
 8  17.2  20.8   16:11  13.5   06:59   1.7   0.6   0.0   0.0   9.4   13:10     W
 9  18.7  24.6   16:41  14.0   06:32   1.4   1.8   0.0   0.4  13.3   13:11     S
10  20.3  29.3   17:27  12.7   06:32   1.6   3.6   0.0   1.2  14.0   23:40    NW
11  24.4  29.9   14:43  19.6   07:15   0.0   6.1   0.0   5.5  28.8   23:31   WNW
12  22.6  28.6   14:15  16.9   23:53   0.1   4.3   0.0   2.1  19.8   00:19    NW
13  21.3  28.0   17:15  15.6   06:29   0.6   3.6   0.0   0.8  14.0   14:32     S
14  21.1  28.7   14:09  14.3   05:55   0.7   3.6   0.0   0.5  13.3   19:32     E
15  17.8  22.9   14:14  13.9   23:27   1.5   1.0   0.0   0.4  10.1   13:05    SE
16  17.7  25.3   14:20  11.7   06:22   2.3   1.7   0.0   0.4  10.1   14:51   ENE
17  18.5  25.9   14:49  11.7   05:50   1.9   2.0   0.0   0.5  12.2   14:03   ENE
18  19.8  27.8   14:50  12.0   06:25   1.7   3.2   0.8   2.4  31.7   21:31     W
19  12.7  16.9   01:49   9.8   19:47   5.6   0.0  39.0   1.2  28.8   17:17     W
20  14.3  18.9   16:07  10.1   00:00   4.0   0.0   0.0   0.4  16.2   15:36   NNE
21  16.2  21.4   14:52  12.5   06:21   2.7   0.6   0.0   0.3  10.1   12:06   SSE
22  16.1  20.9   15:47  11.8   03:38   2.7   0.5   0.0   0.4  10.1   14:44    NE
23  16.1  21.2   14:47  12.2   02:22   2.8   0.6   0.0   0.3  10.1   14:39   ESE
24  15.0  20.4   16:41   9.7   05:56   3.7   0.4   0.0   0.5  10.1   12:31    NE
25  15.8  22.9   14:12  10.4   06:04   3.5   1.0   0.0   0.9  12.2   15:43   ENE
26  15.8  23.1   14:27   9.3   06:29   3.6   1.1   0.0   1.0  10.1   15:25   NNE
27  16.6  23.8   14:36  11.2   04:54   3.0   1.3   0.0   0.8  13.0   13:01   NNE
28  16.9  23.6   13:46  11.8   04:31   2.7   1.3   0.0   1.6  19.1   13:20    NE
29  14.5  21.4   13:54   8.6   07:08   4.4   0.7   0.0   0.7  13.0   14:35    SE
30  16.3  23.6   14:49  11.3   05:45   3.2   1.2   0.0   0.6  11.5   15:40   NNE
----------------------------------------------------------------------------------
    18.3  30.8     4     8.6    29    61.0  62.1  62.2   1.2  31.7    18      NW

Max >=  30.0:  1
Max <=   0.0:  0
Min <=  20.0: 30
Min <= -10.0:  0
Max Rain: 39.0 on day 19
Days of Rain: 5 (> 0.2 mm)  3 (> 2.0 mm)  1 (> 20.0 mm)
Heat Base: 18.3  Cool Base: 18.3  Method: Integration