ohhh nooe!

Report for 2011 Aug

                   Monthly Climatological Summary for Aug 2011

Name: Dobrava   City: Slovenske Konjice   State: SI
Elevation: 342 m  Lat: N 46° 21' 04"   Lon: E 015° 24' 03"

                  Temperature (°C), Rain (mm), Wind Speed (km/h)

                                      Heat  Cool        Avg
    Mean                              Deg   Deg         Wind                 Dom
Day Temp  High   Time   Low    Time   Days  Days  Rain  Speed High   Time    Dir
----------------------------------------------------------------------------------
 1  18.1  22.9   14:37  14.4   06:09   0.2   0.0   0.0   0.2  10.1   12:49     E
 2  19.5  24.7   16:33  13.9   05:32   0.0   1.2   0.0   0.3  12.2   15:17   ENE
 3  21.6  27.6   14:51  15.1   06:20   0.0   3.3   0.5   1.5  14.0   10:17   SSW
 4  20.1  25.0   13:45  16.1   23:59   0.0   1.8   0.5   0.7  13.3   00:29   ESE
 5  20.2  26.3   15:12  14.6   02:34   0.0   1.9   0.0   0.7  13.0   11:58    SE
 6  20.9  26.2   18:24  15.5   05:27   0.0   2.6   0.0   0.6  13.3   23:04    NW
 7  23.4  28.8   16:39  19.2   06:44   0.0   5.1   0.0   5.4  33.1   10:58     W
 8  19.4  25.3   16:05  14.4   22:48   0.0   1.1  37.0   0.7  13.3   17:12   SSE
 9  15.6  19.8   17:27  12.4   04:41   2.7   0.0   6.3   0.4  14.0   21:50     N
10  15.3  20.6   16:59   9.7   23:46   3.0   0.0   0.0   1.9  19.1   13:53   NNE
11  16.2  24.0   17:16   9.2   04:01   2.1   0.0   0.0   2.3  17.6   09:07   WSW
12  18.2  25.4   14:35  10.1   05:19   0.1   0.0   0.0   0.7  14.0   13:00     E
13  20.4  26.5   14:47  14.6   05:29   0.0   2.1   0.0   0.5  16.2   15:50    NE
14  21.9  28.9   18:00  16.3   02:37   0.0   3.6   0.0   1.3  14.0   11:54   WSW
15  21.6  28.8   14:33  15.6   04:42   0.0   3.3   3.5   1.0  14.0   19:14     N
16  20.5  25.4   17:31  15.2   06:26   0.1   1.1   0.0   0.4  13.0   15:56   NNE
17  21.0  27.2   16:46  14.6   06:23   0.8   3.5   0.3   0.7  13.3   14:13     S
18  23.3  30.9   16:30  16.8   05:46   0.2   5.2   0.0   1.5  16.2   11:39    NW
19  22.4  31.5   14:44  16.3   05:59   0.2   4.3   6.8   1.2  27.0   16:12     W
20  23.2  28.5   17:39  18.8   06:27   0.0   4.9   0.3   0.5  17.6   01:01   NNE
21  23.3  29.7   16:30  17.3   06:14   0.1   5.1   0.0   0.2   9.4   13:54   ESE
22  24.9  32.3   14:23  18.3   06:46   0.0   6.6   0.0   0.3  13.0   16:17    NE
23  26.0  33.2   15:09  20.1   04:14   0.0   7.6   0.0   1.1  13.3   10:55   WNW
24  25.5  33.6   16:35  18.1   06:52   0.0   7.2   0.0   1.4  16.2   13:18   WNW
25  24.4  31.0   17:51  17.1   06:32   0.1   6.2   0.0   0.9  13.0   01:41   NNE
26  24.9  33.7   13:55  17.0   06:34   0.1   6.6   0.0   1.0  16.2   14:16   ENE
27  23.0  32.3   15:42  15.6   06:26   0.6   5.3   0.0   2.1  24.8   20:35     N
28  17.3  22.0   15:40  14.4   23:55   1.7   0.7   0.0   0.3  12.2   14:25    NE
29  18.2  25.5   17:26  11.4   06:22   2.3   2.2   0.0   0.2  10.1   14:22     E
30  18.7  24.7   17:13  13.5   02:53   1.4   1.9   0.0   0.5  16.2   11:20   ENE
31  19.6  26.7   17:32  14.3   07:00   1.1   2.4   0.0   0.5  12.2   23:51   SSW
----------------------------------------------------------------------------------
    20.9  33.7    26     9.2    11    16.8  96.8  55.2   1.0  33.1     7      NW

Max >=  30.0:  8
Max <=   0.0:  0
Min <=  20.0: 30
Min <= -10.0:  0
Max Rain: 37.0 on day 8
Days of Rain: 8 (> 0.2 mm)  4 (> 2.0 mm)  1 (> 20.0 mm)
Heat Base: 18.3  Cool Base: 18.3  Method: Integration