ohhh nooe!

Report for 2011 May

                   Monthly Climatological Summary for May 2011

Name:  Dobrava   City:  Slovenske Konjice   State:  SI
Elevation: 342 m  Lat: N 46° 21' 04"   Lon: E 015° 24' 03"

                  Temperature (°C), Rain (mm), Wind Speed (km/h)

                                      Heat  Cool        Avg
    Mean                              Deg   Deg         Wind                 Dom
Day Temp  High   Time   Low    Time   Days  Days  Rain  Speed High   Time    Dir
----------------------------------------------------------------------------------
 1  12.4  17.8   14:27   8.5   06:17   5.9   0.0   0.0   1.1  20.5   15:27   ESE
 2  12.4  17.5   14:58   6.3   06:08   5.9   0.0   0.0   0.4  10.8   13:43     E
 3  13.5  21.7   14:55   7.3   23:56   4.8   0.0   0.0   2.4  23.4   16:56   SSW
 4   6.8  12.7   17:08   1.1   05:34  11.5   0.0   0.0   1.3  16.9   00:11    SE
 5   8.5  14.5   15:45   1.7   04:55   9.8   0.0   0.0   0.9  14.8   10:43     E
 6  10.7  17.8   16:17   3.6   03:19   7.6   0.0   0.0   2.1  14.0   12:46    SE
 7  12.4  21.3   15:24   5.4   06:20   5.9   0.0   0.0   1.7  16.2   13:14     E
 8  10.9  19.0   12:24   5.4   05:49   7.4   0.0   0.0   1.8  17.6   16:08   ENE
 9  12.6  18.3   16:46   4.5   06:15   5.7   0.0   0.0   2.7  23.4   13:52   NNE
10  15.4  22.3   17:12   7.8   01:56   2.9   0.0   0.0   2.0  16.2   12:33    NE
11  16.9  24.2   14:36   7.8   05:25   1.4   0.0   0.0   2.3  16.2   14:07     E
12  18.7  25.7   13:09  12.2   01:00   0.0   0.4   0.0   2.2  14.0   11:26     N
13  18.1  21.8   16:35  13.1   06:50   0.2   0.0   0.0   0.4  12.2   13:09     E
14  17.3  23.9   15:43  10.4   06:08   1.0   0.0   0.0   2.7  25.6   17:15   WSW
15  11.4  15.9   02:34   7.7   23:38   6.9   0.0   0.0   1.5  16.9   18:26     N
16  11.9  17.0   17:11   7.0   06:14   6.4   0.0   0.0   2.9  24.8   11:53     N
17  13.3  18.8   15:44   8.4   00:48   5.0   0.0   0.0   0.9  15.5   14:51   ESE
18  15.1  21.5   15:43   8.0   05:31   3.2   0.0   0.0   0.8  14.0   11:52   ESE
19  17.8  23.9   16:15  11.5   05:09   0.5   0.0   0.0   1.1  14.0   12:29   ESE
20  18.9  25.3   15:10  11.8   04:33   0.0   0.6   0.0   0.8  14.0   15:07    SE
21  18.8  26.0   15:31  14.0   01:18   0.0   0.5   0.0   1.6  16.9   17:38   NNE
22  18.6  25.2   15:37  11.3   04:24   0.0   0.3   0.0   1.2  13.3   13:49   ENE
23  19.6  25.6   13:46  14.9   23:54   0.0   1.3   0.0   1.4  16.9   14:53    NE
24  20.6  27.2   17:08  14.2   01:21   0.0   2.3   0.0   1.2  23.4   23:13    NE
25  18.5  23.7   14:27  12.6   23:56   0.0   0.2   0.0   2.2  16.9   12:33   ESE
26  18.2  25.7   17:01   9.4   05:07   0.1   0.0   0.0   1.4  16.2   14:51     S
27  20.0  27.3   15:30  12.4   04:00   0.0   1.7   0.0   2.1  21.2   20:52     W
28  12.1  17.4   00:00   8.7   08:44   6.2   0.0   0.0   1.0  13.3   07:23    NW
29  14.8  21.1   16:58   7.9   04:31   3.5   0.0   0.0   1.0  12.2   13:38    NE
30  17.4  23.2   16:28  10.5   05:22   0.9   0.0   0.0   1.5  16.2   13:44     E
31  19.8  26.1   14:09  12.8   04:08   0.0   1.5   0.0   1.4  14.0   13:38   NNE
----------------------------------------------------------------------------------
    15.3  27.3    27     1.1     4   102.7   8.8   0.0   1.5  25.6    14     ENE

Max >=  30.0:  0
Max <=  25.0: 22
Min <=  10.0: 18
Min <=   0.0:  0
Max Rain: 0.0 on day 0
Days of Rain: 0 (> 0.2 mm)  0 (> 2.0 mm)  0 (> 20.0 mm)
Heat Base: 18.3  Cool Base: 18.3  Method: Integration