ohhh nooe!

Report for 2011 Jan

                   Monthly Climatological Summary for Jan 2011

Name:  Dobrava   City:  Slovenske Konjice   State:  SI
Elevation: 342 m  Lat: N 46° 21' 04"   Lon: E 015° 24' 03"

                  Temperature (°C), Rain (mm), Wind Speed (km/h)

                                      Heat  Cool        Avg
    Mean                              Deg   Deg         Wind                 Dom
Day Temp  High   Time   Low    Time   Days  Days  Rain  Speed High   Time    Dir
----------------------------------------------------------------------------------
 1  -4.4  -0.8   14:14  -7.1   08:25  22.7   0.0   0.0   0.0   0.0   00:00   ---
 2  -2.9  -0.2   12:04  -6.2   04:10  21.2   0.0   0.0   0.0   3.6   01:30    NW
 3  -3.9   2.1   14:29  -6.5   07:04  22.2   0.0   0.0   0.0   9.4   11:03    SE
 4  -5.4  -2.5   12:43  -7.2   09:33  23.7   0.0   0.0   0.0   0.0   00:00   ---
 5  -5.6  -2.7   14:20  -9.4   22:36  23.9   0.0   0.0   0.6  14.0   12:58   SSW
 6   0.8   8.1   23:17  -9.5   00:59  17.5   0.0   0.3  12.4  52.2   23:27   WNW
 7   9.2  10.9   22:33   7.4   01:44   9.1   0.0   0.0  21.2  61.2   22:07     W
 8  10.2  11.1   15:43   8.9   23:21   8.1   0.0   0.0  19.2  50.0   03:48     W
 9  10.7  12.8   11:46   8.5   02:07   7.6   0.0   0.0  16.9  45.0   10:33     W
10   7.1  11.4   11:52   3.4   23:41  11.2   0.0   1.8   4.2  24.1   02:13    NW
11   4.2   5.6   15:33   3.3   00:28  14.1   0.0   2.5   0.0   0.0   00:00   ---
12   4.2   8.2   14:29   1.8   20:28  14.1   0.0   0.0   1.3  16.2   13:44    NW
13   7.3  12.8   14:48   3.2   00:40  11.0   0.0   0.0   7.9  25.6   09:48    NW
14   9.7  15.4   13:55   6.6   23:30   8.6   0.0   0.0   3.5  16.9   04:56    NW
15   6.8  13.8   14:07   2.6   05:30  11.5   0.0   0.0   1.7  16.2   00:51   NNW
16   6.0  12.6   14:29   2.1   04:47  12.3   0.0   0.0   2.1  14.0   10:11    NW
17   5.2  11.1   13:47  -0.1   23:54  13.1   0.0   0.0   1.0  14.0   04:04     W
18   3.0  13.1   13:49  -1.9   07:35  15.3   0.0   0.0   0.3  14.0   14:13     W
19   0.2   2.3   11:17  -1.9   06:30  18.1   0.0  13.2   0.0   7.2   04:08   SSE
20   1.1   2.0   13:23   0.6   00:00  17.2   0.0   0.0   0.2  15.5   20:30    SE
21   0.4   1.3   11:23  -0.9   23:58  17.9   0.0   0.0   2.8  22.7   11:34     E
22  -2.3   0.6   15:10  -5.2   23:57  20.6   0.0   0.0   1.8  15.5   09:25   ESE
23  -3.5   1.7   14:30  -8.3   07:34  21.8   0.0   0.0   0.3   8.6   01:07    SW
24  -2.5  -0.7   15:10  -6.7   21:01  20.8   0.0   0.0   0.1   8.6   21:09   NNE
25  -1.1   1.6   15:28  -7.9   02:45  19.4   0.0   0.0   6.0  21.2   23:48    NW
26   1.2   4.8   13:11  -1.7   20:41  17.1   0.0   0.0   4.9  24.1   11:42    NW
27  -0.9   0.7   11:01  -2.3   03:30  19.2   0.0   0.0   0.9  17.6   22:43    SE
28  -2.6  -0.9   13:57  -4.8   19:35  20.9   0.0   0.0   4.5  20.5   12:35    SE
29  -3.4  -2.2   14:43  -5.2   01:11  21.7   0.0   0.0   0.6  10.1   00:03   ESE
30  -2.6  -1.3   13:18  -4.2   06:28  20.9   0.0   0.0   0.7  10.1   06:15   ESE
31  -3.2  -2.5   00:01  -3.9   23:17  21.5   0.0   0.0   0.8  10.1   11:44   ESE
----------------------------------------------------------------------------------
     1.4  15.4    14    -9.5     6   524.3   0.0  17.8   3.7  61.2     7     WNW

Max >=  30.0:  0
Max <=  25.0: 31
Min <=  10.0: 31
Min <=   0.0: 20
Max Rain: 13.2 on day 19
Days of Rain: 4 (> 0.2 mm)  2 (> 2.0 mm)  0 (> 20.0 mm)
Heat Base: 18.3  Cool Base: 18.3  Method: Integration