ohhh nooe!

Report for 2010 Dec

                   Monthly Climatological Summary for Dec 2010

Name:  Dobrava   City:  Slovenske Konjice   State:  SI
Elevation: 342 m  Lat: N 46° 21' 04"   Lon: E 015° 24' 03"

                  Temperature (°C), Rain (mm), Wind Speed (km/h)

                                      Heat  Cool        Avg
    Mean                              Deg   Deg         Wind                 Dom
Day Temp  High   Time   Low    Time   Days  Days  Rain  Speed High   Time    Dir
----------------------------------------------------------------------------------
 1  -1.7   2.6   23:59  -2.4   18:40  20.0   0.0  15.2   0.3  17.6   23:18    NW
 2  -0.1   4.7   05:02  -2.3   08:54  18.4   0.0   5.5   3.0  21.2   05:01   WNW
 3  -0.6   1.0   12:33  -1.7   04:55  18.9   0.0  12.6   0.1   9.4   16:08     E
 4  -3.1  -0.7   00:00  -7.9   23:01  21.4   0.0   0.0   0.0   0.0   00:00   ---
 5  -2.2   1.8   20:01 -10.6   03:35  20.5   0.0   0.0   4.8  33.8   19:42   WNW
 6   5.3  10.6   22:43   2.8   01:09  13.0   0.0   0.5  13.2  42.1   01:15     W
 7  10.6  12.3   10:14   8.4   00:55   7.7   0.0   0.5  11.3  35.3   13:44     W
 8  12.2  14.5   19:01  10.0   07:38   6.1   0.0   8.0  10.5  44.3   19:00   WNW
 9   5.9  13.7   02:25  -1.9   22:46  12.4   0.0   8.8   5.9  36.7   04:50   WNW
10  -0.3   2.9   14:22  -3.7   23:56  18.6   0.0   0.0   2.9  24.1   13:51   NNW
11   1.1   5.7   20:52  -4.3   01:37  17.2   0.0   0.0   4.6  24.8   12:18    NW
12   2.2   8.5   12:45  -1.8   23:10  16.1   0.0   0.0   4.9  25.6   12:51   NNW
13  -2.4   0.6   12:30  -7.4   23:51  20.7   0.0   0.0   0.7  17.6   16:16   NNE
14  -4.5   0.7   14:05  -7.7   04:03  22.8   0.0   0.0   0.7  17.6   12:24   WNW
15  -2.0   0.7   14:14  -6.4   00:13  20.3   0.0   0.0   1.4  19.1   12:03   WNW
16  -6.1  -3.2   14:29  -8.5   23:48  24.4   0.0   0.0   0.0   0.0   00:00   ---
17  -6.2  -2.0   14:14 -10.6   04:06  24.5   0.0   0.0   0.0   0.0   00:00   ---
18  -6.0  -4.2   09:47 -12.0   19:38  24.3   0.0  10.8   0.0   0.0   00:00   ---
19  -1.9   5.2   23:25 -12.7   02:43  20.2   0.0   0.0  12.7  54.4   15:14     W
20   6.0   8.9   14:27   3.2   23:13  12.3   0.0   0.0  14.9  43.6   03:10     W
21   6.0   8.3   22:08   2.7   00:34  12.3   0.0   0.0  12.0  44.3   15:54   WNW
22   9.8  11.9   13:32   7.5   00:44   8.5   0.0   0.0   7.2  24.8   11:54   WNW
23  10.7  13.9   13:35   6.1   22:15   7.6   0.0   0.0   4.7  26.3   01:58   WNW
24   7.6   9.5   14:36   5.7   04:58  10.7   0.0  10.0   0.3  16.2   02:39     E
25   3.0   7.3   00:00   0.7   23:35  15.3   0.0   3.0   0.4  12.2   01:54    SE
26  -1.5   0.7   00:00  -3.8   23:57  19.8   0.0   0.3   0.0   0.0   00:00   ---
27  -3.7   0.8   13:59  -6.0   07:50  22.0   0.0   0.0   0.0   5.8   13:05   SSW
28  -2.6   1.6   14:22  -6.0   00:00  20.9   0.0   0.3   1.9  20.5   17:20    NW
29  -3.1   0.8   13:36  -6.4   06:09  21.4   0.0   0.0   0.0   8.6   16:01     E
30  -2.8   1.6   13:43  -6.0   23:55  21.1   0.0   0.0   0.0   0.0   00:00   ---
31  -5.6  -4.4   23:41  -7.1   04:08  23.9   0.0   0.0   0.0   0.0   00:00   ---
----------------------------------------------------------------------------------
     0.8  14.5     8   -12.7    19   543.3   0.0  75.5   3.8  54.4    19     WNW

Max >=  30.0:  0
Max <=  25.0: 31
Min <=  10.0: 31
Min <=   0.0: 22
Max Rain: 15.2 on day 1
Days of Rain: 12 (> 0.2 mm)  8 (> 2.0 mm)  0 (> 20.0 mm)
Heat Base: 18.3  Cool Base: 18.3  Method: Integration