ohhh nooe!

Report for 2010 Nov

                   Monthly Climatological Summary for Nov 2010

Name:  Dobrava   City:  Slovenske Konjice   State:  SI
Elevation: 342 m  Lat: N 46° 21' 04"   Lon: E 015° 24' 03"

                  Temperature (°C), Rain (mm), Wind Speed (km/h)

                                      Heat  Cool        Avg
    Mean                              Deg   Deg         Wind                 Dom
Day Temp  High   Time   Low    Time   Days  Days  Rain  Speed High   Time    Dir
----------------------------------------------------------------------------------
 1  12.8  17.3   15:00  10.1   07:14   5.5   0.0   0.0   1.9  15.5   13:35    NW
 2  11.9  14.6   11:38   9.2   19:04   6.4   0.0   0.0   0.5  10.1   00:12     N
 3  10.5  13.7   14:09  10.6   23:24   7.8   0.0   0.0   1.3  13.0   21:22    NW
 4  13.5  18.3   14:46   8.3   04:14   4.8   0.0   1.0   7.1  22.7   21:56    NW
 5  13.9  17.5   13:59  11.3   23:58   4.4   0.0   0.0  10.9  27.4   10:45    NW
 6  11.4  15.2   13:44   7.7   01:49   6.9   0.0   0.0   8.8  28.1   11:03    NW
 7  12.2  15.1   14:39   8.0   01:47   6.1   0.0   3.0   6.0  21.2   10:11    NW
 8  10.7  12.4   00:54   7.9   23:59   7.6   0.0  26.0   5.0  36.0   20:26   WNW
 9   8.3  11.2   11:51   5.8   07:36  10.0   0.0  10.0   3.9  28.1   01:28   WNW
10   9.3  11.1   10:31   7.3   06:57   9.0   0.0   3.0   7.8  33.8   14:20     W
11   9.1  13.6   14:31   5.6   22:31   9.2   0.0   1.0   4.3  24.1   23:32    NW
12  11.0  12.9   14:54   9.5   00:45   7.3   0.0   0.0  13.9  39.6   05:37   WNW
13  12.8  16.0   12:11  10.3   06:07   5.5   0.0   0.0  13.2  37.4   19:26    NW
14  14.0  16.8   13:53  11.9   06:12   4.3   0.0   0.0  14.6  47.2   12:57   WNW
15  14.6  17.5   12:54  12.6   06:57   3.7   0.0   0.0  11.5  38.9   01:36   WNW
16  12.1  15.3   13:09   8.5   06:40   6.2   0.0   2.5   1.2  14.0   00:52    NE
17   9.3  10.5   00:00   8.7   07:56   9.0   0.0  11.8   0.4  10.8   04:11    SE
18   9.2  11.7   11:19   6.5   23:59   9.1   0.0   0.0   0.3  13.0   10:33   SSW
19   6.8   9.4   16:00   2.9   23:58  11.5   0.0  15.8   0.3  10.1   15:50     N
20   3.5   4.9   17:02   2.4   07:20  14.8   0.0   0.3   0.0  10.1   22:27     N
21   5.1   6.7   23:05   2.8   01:02  13.2   0.0  13.0   0.0  10.8   02:03     N
22   7.2   9.5   14:03   5.3   19:27  11.1   0.0  11.8   1.8  17.6   20:41   NNW
23   4.8   7.9   14:00   2.3   23:53  13.5   0.0   0.0   0.1   9.4   21:16     N
24   2.7   8.4   14:37  -0.4   05:51  15.6   0.0   0.0   2.3  17.6   12:04   WNW
25   2.3   8.7   13:27  -1.3   23:51  16.0   0.0   0.0   1.1  12.2   11:12    NW
26  -0.5   1.5   11:28  -3.3   07:17  18.8   0.0   5.4   0.2  10.1   11:40   ENE
27   0.2   3.0   14:13  -2.5   19:45  18.1   0.0   0.0   1.0  15.5   11:10   WNW
28  -0.1   1.9   00:21  -1.5   02:37  18.4   0.0  21.6   0.5  14.8   00:19   WSW
29   1.7   3.7   11:40  -0.2   04:10  16.6   0.0   2.4   5.2  23.4   09:31    NW
30   0.1   1.6   11:37  -1.4   07:31  18.2   0.0   0.0   0.8  12.2   00:44     E
----------------------------------------------------------------------------------
     8.0  18.3     4    -3.3    26   308.6   0.0 128.6   4.2  47.2    14     WNW

Max >=  30.0:  0
Max <=  25.0: 30
Min <=  10.0: 24
Min <=   0.0:  7
Max Rain: 26.0 on day 8
Days of Rain: 15 (> 0.2 mm)  12 (> 2.0 mm)  2 (> 20.0 mm)
Heat Base: 18.3  Cool Base: 18.3  Method: Integration