ohhh nooe!

Report for 2010 Oct

                   Monthly Climatological Summary for Oct 2010

Name:  Dobrava   City:  Slovenske Konjice   State:  SI
Elevation: 342 m  Lat: N 46° 21' 04"   Lon: E 015° 24' 03"

                  Temperature (°C), Rain (mm), Wind Speed (km/h)

                                      Heat  Cool        Avg
    Mean                              Deg   Deg         Wind                 Dom
Day Temp  High   Time   Low    Time   Days  Days  Rain  Speed High   Time    Dir
----------------------------------------------------------------------------------
 1  10.6  12.4   16:28   9.3   05:16   7.7   0.0   0.0   0.0   0.0   00:00   ---
 2  12.9  16.9   16:22  10.5   05:49   5.4   0.0   0.0   1.3  14.0   11:25   WSW
 3  13.4  15.7   14:44  11.9   06:21   4.9   0.0   0.0   0.4  10.1   15:08     E
 4  13.8  16.7   19:40  10.2   07:26   4.5   0.0   1.0   0.7  16.2   19:24     W
 5  15.1  16.7   12:41  12.9   23:56   3.2   0.0  12.0   0.1  12.2   01:57    SE
 6  11.1  12.9   00:01  10.1   19:05   7.2   0.0   8.0   0.4  11.5   18:38    SE
 7  11.3  14.1   15:42   8.2   22:33   7.0   0.0   0.0   0.3  10.8   16:13     S
 8   8.3  12.1   16:21   5.1   06:42  10.0   0.0   0.0   0.3  10.1   11:29   SSE
 9   7.6  13.3   14:41   3.6   05:55  10.7   0.0   0.0   0.6  10.1   11:33   SSE
10   7.1  14.3   14:20   2.1   06:48  11.2   0.0   0.0   0.9  11.5   13:03   ENE
11   7.7  14.9   14:48   2.6   07:39  10.6   0.0   0.0   0.7  10.1   12:01     E
12   7.6  13.0   14:54   3.4   04:52  10.7   0.0   0.0   0.5   9.4   15:47   WSW
13   8.0  11.1   14:00   3.8   06:35  10.3   0.0   0.0   0.2   8.6   14:31   ENE
14   8.8  12.8   15:32   4.1   23:50   9.5   0.0   0.0   0.2  10.1   15:36   ESE
15   6.4  10.9   15:02   3.6   01:11  11.9   0.0   0.0   0.6   9.4   09:22     S
16   7.5  10.9   15:55   4.7   02:25  10.8   0.0   0.0   0.0   7.9   14:49   ESE
17   7.0   8.0   11:53   6.1   21:01  11.3   0.0  11.0   0.0   5.0   12:37   SSW
18   7.5   8.9   16:47   6.2   00:00  10.8   0.0   1.0   0.0   4.3   11:31     S
19   7.3   8.5   15:31   6.4   06:27  11.0   0.0   2.0   0.0   7.9   23:19   NNE
20   6.6   8.3   10:09   3.6   23:54  11.7   0.0   3.0   1.3  16.2   10:50   NNW
21   5.9  11.7   13:05   2.5   07:18  12.4   0.0   0.0   2.3  14.0   12:53   NNE
22   6.2  13.8   15:01   1.4   03:47  12.1   0.0   0.0   3.6  21.2   10:44    NW
23  10.8  15.1   13:09   6.3   06:07   7.5   0.0   0.0   6.4  28.8   21:43   WNW
24  12.7  15.2   12:32  10.4   00:29   5.6   0.0   2.0   6.7  27.0   03:17     W
25   6.7  10.6   00:00   4.9   21:03  11.6   0.0  17.0   0.9  14.0   23:29   SSE
26   4.9   7.8   14:51   0.9   22:43  13.4   0.0   0.0   1.1  16.9   08:35   ESE
27   3.2   8.8   15:04  -0.5   07:58  15.1   0.0   0.0   1.4  16.2   11:33   ESE
28   4.6  10.6   14:41  -0.6   04:19  13.7   0.0   0.0   0.7  10.1   10:53    SE
29   6.0  15.0   15:03   0.4   08:10  12.3   0.0   0.0   1.3  12.2   11:23   WNW
30   9.0  15.0   14:24   0.4   04:56   9.3   0.0   0.0   8.5  38.2   17:46   WNW
31  12.7  15.1   12:17  10.2   23:52   5.6   0.0   0.0   5.2  36.0   00:43     W
----------------------------------------------------------------------------------
     8.7  16.9     2    -0.6    28   299.0   0.0  57.0   1.5  38.2    30     WNW

Max >=  30.0:  0
Max <=  25.0: 31
Min <=  10.0: 24
Min <=   0.0:  2
Max Rain: 17.0 on day 25
Days of Rain: 9 (> 0.2 mm)  7 (> 2.0 mm)  0 (> 20.0 mm)
Heat Base: 18.3  Cool Base: 18.3  Method: Integration