ohhh nooe!

Report for 2010 Sep

                   Monthly Climatological Summary for Sep 2010

Name:  Dobrava   City:  Slovenske Konjice   State:  SI
Elevation: 342 m  Lat: N 46° 21' 04"   Lon: E 015° 24' 03"

                  Temperature (°C), Rain (mm), Wind Speed (km/h)

                                      Heat  Cool        Avg
    Mean                              Deg   Deg         Wind                 Dom
Day Temp  High   Time   Low    Time   Days  Days  Rain  Speed High   Time    Dir
----------------------------------------------------------------------------------
 1  14.6  19.8   14:36   9.4   22:44   3.7   0.0   0.0   4.8  27.0   14:12    NW
 2  14.3  20.6   14:52   8.2   03:48   4.0   0.0   0.0   2.9  17.6   15:09     N
 3  13.3  17.1   17:16   9.6   03:08   5.0   0.0   0.0   0.5  12.2   10:35   ESE
 4  13.8  15.9   17:43  11.3   06:22   4.5   0.0   4.0   0.1  12.2   21:58   NNE
 5  13.6  18.0   15:33   8.2   06:34   4.7   0.0   1.0   1.1  14.0   10:06   ENE
 6  11.4  14.1   17:17   7.4   23:09   6.9   0.0   0.0   0.3  10.1   14:01    SE
 7  10.9  13.1   16:46   7.4   00:00   7.4   0.0   2.0   0.0   8.6   19:14     N
 8  13.7  16.5   13:34  11.1   03:04   4.6   0.0  21.0   0.1  10.1   15:04     N
 9  15.2  17.4   15:26  13.1   05:42   3.1   0.0   3.0   0.3   9.4   17:02   SSE
10  15.3  19.1   17:29  12.6   04:12   3.0   0.0   1.0   0.1  10.1   13:59    SE
11  15.6  20.7   14:25  11.4   23:54   2.7   0.0   0.0   0.8  15.5   15:55    SE
12  14.4  19.3   14:11   9.5   05:13   3.9   0.0   0.0   0.4  12.2   13:51   ESE
13  15.1  21.3   15:14   9.8   06:51   3.2   0.0   0.0   0.6  13.3   18:00    SE
14  15.7  21.2   13:17  10.4   07:21   2.6   0.0   0.0   0.5  10.8   10:43    SE
15  18.8  24.0   17:27  14.4   07:15   0.0   0.5   0.0   3.6  21.2   19:55   WNW
16  15.2  18.9   12:27  11.2   06:27   3.1   0.0   9.0   1.1  16.9   01:20     N
17  13.5  14.7   00:00  12.0   20:09   4.8   0.0  76.0   0.2   9.4   12:18     S
18  11.4  12.4   00:29  10.4   22:58   6.9   0.0  71.0   0.2  16.2   01:13   SSE
19  11.8  15.6   17:41  10.0   04:26   6.5   0.0  11.0   0.4  10.1   13:48   SSE
20  11.9  18.3   14:47   7.3   07:01   6.4   0.0   0.0   0.5  10.1   13:31   SSE
21  12.4  19.4   14:41   7.1   05:16   5.9   0.0   0.0   0.9  12.2   12:59   ENE
22  13.2  20.1   14:49   7.3   06:03   5.1   0.0   0.0   1.1  12.2   16:18     S
23  13.8  20.3   13:16   8.7   06:39   4.5   0.0   0.0   1.0  12.2   13:46     N
24  15.0  22.3   14:51   9.2   06:47   3.3   0.0   0.0   0.5  10.1   03:34    NW
25  13.8  14.3   07:45  13.3   01:48   4.5   0.0  31.0   0.1  11.5   05:21     S
26  12.3  13.7   00:00  11.4   06:41   6.0   0.0   5.0   1.5  17.6   13:32    NW
27  11.4  12.9   16:39   9.9   05:25   6.9   0.0   2.0   0.1  10.1   22:49     N
28  12.6  17.8   14:48   8.0   05:48   5.7   0.0   0.0   1.2  14.0   12:08     W
29  12.2  16.6   12:51   8.5   23:51   6.1   0.0   1.0   0.6  13.0   12:46   SSW
30  11.3  14.7   15:24   8.2   00:19   7.0   0.0   0.0   1.2  13.0   12:01    SE
----------------------------------------------------------------------------------
    13.6  24.0    15     7.1    21   142.0   0.5 238.0   0.9  27.0     1     NNW

Max >=  30.0:  0
Max <=  25.0: 30
Min <=  10.0: 18
Min <=   0.0:  0
Max Rain: 76.0 on day 17
Days of Rain: 14 (> 0.2 mm)  11 (> 2.0 mm)  4 (> 20.0 mm)
Heat Base: 18.3  Cool Base: 18.3  Method: Integration