ohhh nooe!

Report for 2010 Aug

                   Monthly Climatological Summary for Aug 2010

Name:  Dobrava   City:  Slovenske Konjice   State:  SI
Elevation: 342 m  Lat: N 46° 21' 04"   Lon: E 015° 24' 03"

                  Temperature (°C), Rain (mm), Wind Speed (km/h)

                                      Heat  Cool        Avg
    Mean                              Deg   Deg         Wind                 Dom
Day Temp  High   Time   Low    Time   Days  Days  Rain  Speed High   Time    Dir
----------------------------------------------------------------------------------
 1  20.5  27.0   14:52  13.7   05:12   0.0   2.2   0.0   1.7  13.3   11:10     E
 2  22.1  28.8   14:15  14.9   04:55   0.0   3.8   0.0   0.5  13.0   15:06    SE
 3  19.9  27.3   13:00  16.2   05:44   0.0   1.6  15.0   0.7  16.9   15:34   ENE
 4  18.3  22.9   17:05  14.7   05:59   0.0   0.0   0.0   0.8  12.2   15:37   ESE
 5  17.2  21.9   17:00  12.5   05:05   1.1   0.0  22.0   0.6  27.4   20:05   NNW
 6  16.5  20.9   14:01  13.6   06:26   1.8   0.0  10.0   1.3  29.5   17:53    SE
 7  17.5  21.8   14:54  13.8   00:01   0.8   0.0   0.0   0.8  14.0   00:45   NNE
 8  18.9  24.6   16:45  13.2   05:44   0.0   0.6  11.0   1.7  14.0   13:59    NE
 9  18.3  22.5   17:57  14.4   05:17   0.0   0.0   7.0   0.7  13.0   06:48   NNE
10  20.2  26.1   14:51  14.4   06:21   0.0   1.9   0.0   0.8  14.0   12:24   ESE
11  21.3  27.2   14:38  16.5   04:40   0.0   3.0   0.0   1.0  16.2   13:33   SSE
12  20.4  26.3   16:56  14.0   06:13   0.0   2.1   0.0   0.9  14.8   15:25     E
13  19.8  25.2   14:25  17.2   03:41   0.0   1.5   9.0   0.9  22.0   18:06   NNW
14  20.6  26.0   14:32  14.9   03:51   0.0   2.3   1.0   0.7  13.0   04:39   NNE
15  20.9  26.0   16:31  15.6   23:43   0.0   2.6   9.0   2.6  18.4   06:50     W
16  18.9  24.1   16:28  13.1   06:40   0.0   0.6   0.0   2.9  23.4   21:00     W
17  18.5  24.1   17:31  12.1   05:24   0.0   0.2   0.0   2.6  20.5   14:46   WNW
18  18.0  24.1   16:33  13.8   04:52   0.3   0.0   0.0   0.7  12.2   12:16     W
19  20.1  24.6   17:01  15.8   05:32   0.0   1.8   0.0   0.5  13.3   12:16     E
20  20.2  25.3   18:06  17.1   04:20   0.0   1.9   0.0   0.1   7.9   09:30     S
21  21.1  26.6   17:05  15.9   05:52   0.0   2.8   0.0   0.9  13.0   13:40    SE
22  21.0  26.7   14:28  15.8   06:13   0.0   2.7   0.0   0.8  13.3   12:43   ESE
23  21.9  29.4   17:08  14.2   06:40   0.0   3.6   0.0   1.7  21.2   23:44   WSW
24  22.4  28.2   11:50  18.9   05:32   0.0   4.1   5.0   3.4  24.8   00:31   NNW
25  17.5  18.9   00:00  15.7   23:58   0.8   0.0   2.0   0.4  13.0   11:31     N
26  19.9  27.7   17:48  13.9   06:02   0.0   1.6   0.0   0.7  11.5   14:50   WSW
27  22.3  27.1   15:54  17.2   23:41   0.0   4.0   2.0   4.8  24.8   12:50   WNW
28  16.8  19.9   15:40  14.4   23:55   1.5   0.0  33.0   0.3  21.2   16:08     N
29  13.7  19.1   13:57   9.1   06:41   4.6   0.0   0.0   1.0  13.0   12:16    NE
30  11.0  14.0   12:59   6.7   23:55   7.3   0.0   7.0   0.3  13.3   13:51   WNW
31  12.7  17.9   14:20   6.5   00:54   5.6   0.0   0.0   5.4  24.1   14:25    NW
----------------------------------------------------------------------------------
    19.0  29.4    23     6.5    31    23.8  44.9 133.0   1.4  29.5     6      NW

Max >=  30.0:  0
Max <=  25.0: 15
Min <=  10.0:  3
Min <=   0.0:  0
Max Rain: 33.0 on day 28
Days of Rain: 13 (> 0.2 mm)  12 (> 2.0 mm)  2 (> 20.0 mm)
Heat Base: 18.3  Cool Base: 18.3  Method: Integration