ohhh nooe!

Report for 2010 Jul

                   Monthly Climatological Summary for Jul 2010

Name:  Dobrava   City:  Slovenske Konjice   State:  SI
Elevation: 342 m  Lat: N 46° 21' 04"   Lon: E 015° 24' 03"

                  Temperature (°C), Rain (mm), Wind Speed (km/h)

                                      Heat  Cool        Avg
    Mean                              Deg   Deg         Wind                 Dom
Day Temp  High   Time   Low    Time   Days  Days  Rain  Speed High   Time    Dir
----------------------------------------------------------------------------------
 1  23.4  29.1   14:54  16.7   05:02   0.0   5.1   0.0   0.0   0.0   00:00   ---
 2  22.6  28.8   13:28  16.8   05:11   0.0   4.3   1.0   0.0   0.0   00:00   ---
 3  23.5  29.6   12:47  16.9   04:28   0.0   5.2   0.0   0.0   0.0   00:00   ---
 4  21.8  27.6   13:19  16.8   05:27   0.0   3.5   4.0   0.0   0.0   00:00   ---
 5  21.6  27.4   17:09  17.9   23:49   0.0   3.3   0.0   0.0   0.0   00:00   ---
 6  20.5  25.9   14:10  15.2   23:33   0.0   2.2   0.0   0.0   0.0   00:00   ---
 7  17.4  22.5   14:39  12.2   05:07   0.9   0.0   0.0   0.0   0.0   00:00   ---
 8  18.9  25.4   17:00  11.1   05:45   0.0   0.6   0.0   0.0   0.0   00:00   ---
 9  20.7  28.0   17:15  12.5   03:16   0.0   2.4   0.0   0.0   0.0   00:00   ---
10  22.5  29.8   16:37  14.4   04:57   0.0   4.2   0.0   0.0   0.0   00:00   ---
11  24.1  30.6   14:42  16.1   04:25   0.0   5.8   0.0   0.1   9.4   18:26    SE
12  25.1  31.7   14:39  18.7   02:07   0.0   6.8   0.0   1.8  16.2   14:55     S
13  24.0  31.3   15:23  19.2   03:28   0.0   5.7   0.0   1.0  22.7   17:13   NNE
14  26.3  33.5   15:30  18.8   06:04   0.0   8.0   0.0   2.3  14.0   09:23     N
15  26.9  32.7   15:44  21.5   06:16   0.0   8.6   0.0   2.3  17.6   14:45    NE
16  26.2  31.3   15:56  21.3   06:08   0.0   7.9   0.0   1.4  14.0   15:53   ESE
17  27.1  33.0   15:22  21.0   05:21   0.0   8.8   0.0   1.5  16.9   12:40   ESE
18  23.2  26.8   14:02  18.9   23:55   0.0   4.9   0.0   2.0  19.1   13:00   ENE
19  20.1  25.5   15:01  13.3   05:51   0.0   1.8   0.0   2.0  23.4   12:27    SE
20  21.1  25.7   16:03  16.2   04:48   0.0   2.8   0.0   0.7  14.0   12:55   ESE
21  24.1  31.2   16:04  17.1   04:40   0.0   5.8   0.0   2.3  14.8   16:02   SSW
22  26.8  34.4   17:40  17.8   05:42   0.0   8.5   0.0   2.9  14.0   13:06     W
23  28.1  34.0   15:17  22.9   05:34   0.0   9.8   0.0   4.9  20.5   07:26   WNW
24  18.3  24.8   00:00  14.2   23:57   0.0   0.0   7.0   1.7  20.5   10:22   NNW
25  16.0  20.5   14:14  11.8   23:57   2.3   0.0   5.0   0.8  13.3   16:03   ESE
26  15.5  21.8   12:50   9.6   04:04   2.8   0.0   0.0   1.1  24.1   11:43   NNE
27  17.9  24.0   16:58  14.1   04:56   0.4   0.0   1.0   0.9  17.6   18:41   ENE
28  21.0  27.2   16:42  14.6   04:22   0.0   2.7   0.0   2.8  17.6   10:45   WNW
29  18.3  24.7   11:28  13.9   23:23   0.0   0.0  24.0   2.5  19.8   22:53    NW
30  14.7  16.9   16:08  13.1   06:17   3.6   0.0  17.0   0.0   8.6   07:36   ESE
31  17.6  22.9   16:33  14.0   06:11   0.7   0.0   0.0   0.8  16.2   16:36    SE
----------------------------------------------------------------------------------
    21.8  34.4    22     9.6    26    10.7 118.7  59.0   1.2  24.1    26     NNW

Max >=  30.0: 10
Max <=  25.0:  8
Min <=  10.0:  1
Min <=   0.0:  0
Max Rain: 24.0 on day 29
Days of Rain: 7 (> 0.2 mm)  5 (> 2.0 mm)  1 (> 20.0 mm)
Heat Base: 18.3  Cool Base: 18.3  Method: Integration