ohhh nooe!

Report for 2010 Jun

                   Monthly Climatological Summary for Jun 2010

Name:  Dobrava   City:  Slovenske Konjice   State:  SI
Elevation: 342 m  Lat: N 46° 21' 04"   Lon: E 015° 24' 03"

                  Temperature (°C), Rain (mm), Wind Speed (km/h)

                                      Heat  Cool        Avg
    Mean                              Deg   Deg         Wind                 Dom
Day Temp  High   Time   Low    Time   Days  Days  Rain  Speed High   Time    Dir
----------------------------------------------------------------------------------
 1  14.6  19.9   16:29   8.1   02:37   3.7   0.0   0.0   3.0  22.0   09:15    NW
 2  11.9  13.4   15:11  10.9   04:30   6.4   0.0  12.0   0.1   7.9   11:10   NNE
 3  13.5  16.9   14:54  10.5   04:47   4.8   0.0   3.0   0.3  13.3   13:40   ESE
 4  15.6  19.6   17:14  13.0   03:46   2.7   0.0   3.0   1.9  13.3   02:54     N
 5  17.3  23.0   14:43  10.3   05:41   1.0   0.0   0.0   1.8  16.9   14:57   ESE
 6  19.1  26.1   16:43  12.0   04:26   0.0   0.8   0.0   2.6  19.8   10:30     S
 7  20.6  26.3   16:44  12.9   03:39   0.0   2.3   0.0   1.4  17.6   11:26   ENE
 8  22.4  28.5   16:49  15.4   04:54   0.0   4.1   0.0   2.2  19.8   17:48    SW
 9  23.5  29.1   15:29  18.6   06:08   0.0   5.2   0.0   6.5  24.8   09:54   WNW
10  23.8  29.0   15:21  16.9   03:50   0.0   5.5   0.0   5.4  28.8   14:28     W
11  25.9  30.4   15:10  20.8   04:33   0.0   7.6   0.0   8.9  36.0   14:24     W
12  26.1  31.4   15:36  21.2   05:22   0.0   7.8   0.0   7.4  36.7   16:32     W
13  23.8  28.2   14:43  17.5   05:18   0.0   5.5   0.0   0.5  22.7   00:27   WNW
14  22.5  27.9   15:21  17.3   03:58   0.0   4.2   1.0   4.4  27.4   10:47     W
15  20.0  25.0   13:37  15.9   05:42   0.0   1.7   7.0   1.0  13.0   12:52   ESE
16  17.5  20.1   13:33  16.3   08:10   0.8   0.0  31.0   0.6  13.0   07:43    SE
17  18.3  22.7   15:50  15.9   04:36   0.0   0.0   3.0   0.4  12.2   13:56   ESE
18  19.8  24.1   15:00  15.1   04:49   0.0   1.5   0.0   4.4  24.1   19:13     W
19  17.4  19.8   09:48  14.4   23:55   0.9   0.0   3.0   0.0   0.0   00:00   ---
20  14.0  15.2   12:12  12.7   23:40   4.3   0.0   6.0   0.0   0.0   00:00   ---
21  13.9  15.8   18:01  11.4   05:29   4.4   0.0   3.0   2.2  23.4   17:39   SSW
22  17.4  19.8   15:41  15.1   00:00   0.9   0.0   0.0   4.4  38.2   07:01     N
23  18.0  23.2   15:22  12.3   23:30   0.3   0.0   0.0   2.8  24.8   13:30     N
24  16.8  22.7   16:17  10.5   06:27   1.5   0.0   0.0   0.0   0.0   00:00   ---
25  15.7  23.9   17:32  13.4   02:25   2.6   0.0   0.0   0.0   0.0   00:00   ---
26  19.4  23.6   11:29  15.1   05:38   0.0   1.1   0.0   0.7  20.5   11:40   NNE
27  19.7  26.8   15:38  12.8   05:32   0.0   1.4   0.0   0.0   6.5   00:02     N
28  19.5  26.0   15:51  11.8   04:12   0.0   1.2   0.0   0.0   0.0   00:00   ---
29  22.0  28.1   16:10  15.4   05:51   0.0   3.7   0.0   0.0   0.0   00:00   ---
30  23.0  29.3   13:47  16.8   03:00   0.0   4.7   0.0   0.6  16.9   14:32    SE
----------------------------------------------------------------------------------
    19.1  31.4    12     8.1     1    34.3  58.3  72.0   2.1  38.2    22     WNW

Max >=  30.0:  2
Max <=  25.0: 17
Min <=  10.0:  1
Min <=   0.0:  0
Max Rain: 31.0 on day 16
Days of Rain: 10 (> 0.2 mm)  9 (> 2.0 mm)  1 (> 20.0 mm)
Heat Base: 18.3  Cool Base: 18.3  Method: Integration