ohhh nooe!

Report for 2010 May

                   Monthly Climatological Summary for May 2010

Name:  Dobrava   City:  Slovenske Konjice   State:  SI
Elevation: 342 m  Lat: N 46° 21' 04"   Lon: E 015° 24' 03"

                  Temperature (°C), Rain (mm), Wind Speed (km/h)

                                      Heat  Cool        Avg
    Mean                              Deg   Deg         Wind                 Dom
Day Temp  High   Time   Low    Time   Days  Days  Rain  Speed High   Time    Dir
----------------------------------------------------------------------------------
 1  18.8  23.9   15:06  14.0   04:29   0.0   0.5   0.0   7.1  31.0   23:54     W
 2  17.0  20.0   13:42  14.8   23:56   1.3   0.0   0.0   8.6  33.8   00:57     W
 3  15.1  18.5   17:30  12.3   05:44   3.2   0.0   3.0   1.2  16.9   15:37   WSW
 4  13.2  16.3   13:12   9.1   04:38   5.1   0.0   6.0   0.3   9.4   00:52   NNE
 5  13.6  14.6   08:59  12.6   03:53   4.7   0.0   5.0   0.2  17.6   15:41    SE
 6  13.3  16.5   13:54  10.7   22:10   5.0   0.0   6.0   5.6  34.6   15:07     W
 7  13.3  17.4   13:38   8.8   06:26   5.0   0.0   1.0   6.7  24.8   12:05     W
 8  12.5  15.2   10:08   8.7   05:25   5.8   0.0   0.0   2.6  16.9   14:10    NW
 9  14.6  19.7   17:09   9.1   01:26   3.7   0.0   0.0   3.2  24.8   21:35   WNW
10  15.0  18.7   15:46  12.9   23:42   3.3   0.0   0.0  10.6  37.4   10:21     W
11  15.8  20.3   15:12   9.8   05:15   2.5   0.0   0.0   4.9  20.5   10:56   WNW
12  16.3  20.6   12:29  13.5   03:10   2.0   0.0   0.0   2.2  17.6   00:50    NW
13  13.5  15.3   16:12  11.7   23:17   4.8   0.0   7.0   0.1  13.0   22:14   NNW
14  13.3  19.6   17:10  11.7   00:00   5.0   0.0   0.0   1.2  18.4   16:06   WSW
15  10.9  12.9   00:00   9.5   21:31   7.4   0.0   3.0   2.1  20.5   13:33    SE
16  10.3  12.7   16:36   8.2   07:28   8.0   0.0   2.0   4.1  33.8   18:17    NW
17  14.4  18.8   15:20   9.8   00:07   3.9   0.0   0.0   2.7  23.4   13:38    NW
18  15.3  20.1   14:49  10.9   21:47   3.0   0.0   0.0   2.8  24.8   18:17   NNW
19  11.8  17.3   15:46   3.6   04:53   6.5   0.0   0.0   1.6  17.6   08:12    NW
20  12.1  15.2   14:41   9.4   06:00   6.2   0.0   0.0   0.8  16.2   14:02   ESE
21  14.6  18.2   19:15  11.2   00:26   3.7   0.0   1.0   1.6  17.6   10:47    NW
22  17.4  22.3   15:49  14.4   06:03   0.9   0.0   0.0   2.1  34.6   12:35   NNW
23  17.3  22.9   12:57  11.7   03:02   1.0   0.0   0.0   2.2  19.8   10:41   NNE
24  19.8  25.7   17:05  13.0   05:44   0.0   1.5   0.0   3.6  19.8   16:45     W
25  21.5  28.0   14:47  13.1   05:42   0.0   3.2   0.0   6.2  24.8   11:10   WNW
26  20.6  24.9   14:48  16.6   06:05   0.0   2.3   0.0   8.7  33.1   18:42     W
27  20.1  26.1   17:14  13.3   03:45   0.0   1.8   0.0   6.0  27.0   16:13   WNW
28  17.3  22.8   16:22  10.7   05:49   1.0   0.0   0.0   1.0  13.0   11:03   SSW
29  17.4  22.5   15:53  13.0   04:10   0.9   0.0   6.0   1.4  15.5   13:43    NE
30  16.4  20.7   11:16  13.8   23:59   1.9   0.0   4.0   2.0  21.2   13:43   WNW
31  11.8  13.8   00:00   9.3   23:12   6.5   0.0  10.0   0.9  23.4   09:34   NNW
----------------------------------------------------------------------------------
    15.3  28.0    25     3.6    19   102.3   9.3  54.0   3.4  37.4    10     WNW

Max >=  30.0:  0
Max <=  25.0: 28
Min <=  10.0: 11
Min <=   0.0:  0
Max Rain: 10.0 on day 31
Days of Rain: 12 (> 0.2 mm)  10 (> 2.0 mm)  0 (> 20.0 mm)
Heat Base: 18.3  Cool Base: 18.3  Method: Integration