ohhh nooe!

Report for 2010 Apr

                   Monthly Climatological Summary for Apr 2010

Name:  Dobrava   City:  Slovenske Konjice   State:  SI
Elevation: 342 m  Lat: N 46° 21' 04"   Lon: E 015° 24' 03"

                  Temperature (°C), Rain (mm), Wind Speed (km/h)

                                      Heat  Cool        Avg
    Mean                              Deg   Deg         Wind                 Dom
Day Temp  High   Time   Low    Time   Days  Days  Rain  Speed High   Time    Dir
----------------------------------------------------------------------------------
 1   9.0  15.1   16:35   3.7   06:58   9.3   0.0   0.0   6.9  27.4   17:27   WNW
 2   5.4   8.9   15:19   2.6   23:58  12.9   0.0   3.0   1.9  28.1   00:41    NW
 3   8.2  14.0   14:46   1.3   02:51  10.1   0.0   0.0   9.0  28.1   16:11   WNW
 4  11.2  14.2   16:02   8.3   03:14   7.1   0.0   0.0   9.5  29.5   11:40     W
 5   8.2  10.5   16:11   5.6   06:55  10.1   0.0   5.0   3.1  18.4   17:54     E
 6   8.2  14.8   16:30   1.4   06:22  10.1   0.0   0.0   4.4  28.1   10:11     N
 7   7.8  15.4   16:25   0.4   06:54  10.5   0.0   0.0   2.4  14.0   11:48   ESE
 8   9.8  17.4   17:09   1.0   06:31   8.5   0.0   0.0   2.5  16.9   12:42   ESE
 9  11.8  18.9   15:39   4.1   04:34   6.5   0.0   0.0   3.6  24.1   14:04   ESE
10   8.4  10.7   17:00   4.7   22:41   9.9   0.0   2.0   1.5  13.3   20:07    SE
11   4.6   8.6   16:45   0.6   05:18  13.7   0.0   2.0   1.3  31.0   13:21     N
12   4.6   6.3   14:37   2.6   08:50  13.7   0.0   8.0   1.1  14.0   14:57    SE
13   6.8   8.9   18:00   4.8   02:02  11.5   0.0   3.0   0.1   9.4   12:00   SSE
14   8.5  12.5   14:19   6.0   06:31   9.8   0.0   2.0   3.8  21.2   15:36   WNW
15   9.9  16.8   17:22   3.3   06:08   8.4   0.0   0.0   3.4  17.6   07:41    NW
16  10.5  17.0   16:30   3.2   06:28   7.8   0.0   0.0   2.7  20.5   16:18   ESE
17   9.4  15.0   16:17   3.5   23:46   8.9   0.0   0.0   2.7  19.8   16:56    SE
18   7.0  12.5   17:57   2.6   01:24  11.3   0.0   1.0   0.7  13.0   23:55   NNW
19  11.8  18.1   13:51   5.7   06:52   6.5   0.0   0.0   4.4  23.4   04:02   NNW
20  14.3  21.5   16:14   8.5   01:13   4.0   0.0   0.0   6.1  21.2   15:17    NW
21  13.8  21.1   16:34   6.9   06:49   4.5   0.0   1.0   3.8  25.6   01:10   WSW
22   7.6  10.4   00:02   5.8   22:47  10.7   0.0   1.0   1.3  16.2   02:35   ESE
23  10.7  17.1   15:59   4.3   05:18   7.6   0.0   0.0   1.2  13.0   14:17    SE
24  12.7  18.8   16:56   7.7   05:16   5.6   0.0   0.0   0.9  11.5   14:37    SE
25  13.6  20.4   16:39   7.0   06:33   4.7   0.0   0.0   1.6  14.0   14:14   ESE
26  15.9  22.9   15:00   8.4   05:36   2.4   0.0   0.0   2.7  16.2   12:53   ENE
27  15.1  19.9   13:19  11.1   06:15   3.2   0.0   0.0   1.4  18.4   13:23   ESE
28  13.6  19.9   17:05   6.3   05:27   4.7   0.0   0.0   1.7  16.2   10:28   ESE
29  15.9  21.9   16:08   6.8   05:24   2.4   0.0   0.0   2.9  16.2   10:16   SSE
30  19.8  26.7   16:39   9.7   00:22   0.0   1.5   0.0   6.2  24.8   08:50   WNW
----------------------------------------------------------------------------------
    10.5  26.7    30     0.4     7   236.4   1.5  28.0   3.2  31.0    11      NW

Max >=  30.0:  0
Max <=  25.0: 29
Min <=  10.0: 29
Min <=   0.0:  0
Max Rain: 8.0 on day 12
Days of Rain: 10 (> 0.2 mm)  7 (> 2.0 mm)  0 (> 20.0 mm)
Heat Base: 18.3  Cool Base: 18.3  Method: Integration