ohhh nooe!

Report for 2010 Mar

                   Monthly Climatological Summary for Mar 2010

Name:  Dobrava   City:  Slovenske Konjice   State:  SI
Elevation: 342 m  Lat: N 46° 21' 04"   Lon: E 015° 24' 03"

                  Temperature (°C), Rain (mm), Wind Speed (km/h)

                                      Heat  Cool        Avg
    Mean                              Deg   Deg         Wind                 Dom
Day Temp  High   Time   Low    Time   Days  Days  Rain  Speed High   Time    Dir
----------------------------------------------------------------------------------
 1  10.3  15.1   13:47   5.2   23:57   8.0   0.0   0.0   4.1  14.0   00:12   WSW
 2   5.1   7.5   16:32   1.7   23:40  13.2   0.0   0.0   1.6  13.3   05:57     S
 3   3.6   6.4   14:04   0.6   03:12  14.7   0.0   0.0   1.2  16.2   13:41   WNW
 4   1.9   3.4   00:00   0.6   22:49  16.4   0.0   3.0   1.8  14.0   11:36    SE
 5   0.0   2.3   12:49  -4.2   23:49  18.3   0.0   0.0   2.9  16.2   09:50    SE
 6  -1.6   2.7   15:18  -6.9   06:25  19.9   0.0   0.0   3.3  23.4   15:25     W
 7  -1.7   0.4   12:58  -5.0   23:55  20.0   0.0   0.0   5.2  21.2   10:41    SE
 8  -2.9   0.5   13:58  -6.9   05:39  21.2   0.0   0.0   4.1  24.1   15:05   ENE
 9  -1.9   0.2   19:42  -3.3   05:31  20.2   0.0   0.0   6.2  24.8   15:10   ESE
10  -1.8  -0.6   00:04  -3.8   09:49  20.1   0.0   0.0   4.6  23.4   03:59   ESE
11  -1.4   0.7   14:09  -4.0   22:38  19.7   0.0   0.0   0.9  11.5   01:51    SE
12   0.5   6.5   16:44  -6.0   05:05  17.8   0.0   0.0   4.1  19.1   12:32    NW
13   3.9   9.5   14:23  -0.2   23:31  14.4   0.0   0.0   6.4  24.8   12:29    NW
14   4.4  11.8   15:05  -1.1   06:06  13.9   0.0   0.0   5.4  28.1   10:24    NW
15   1.7   8.3   09:56  -1.4   02:36  16.6   0.0   0.0   4.5  21.2   10:30    NE
16   6.0  13.5   14:10   0.9   23:07  12.3   0.0   0.0   6.6  24.1   13:16    NW
17   5.9  11.6   14:19   1.5   00:02  12.4   0.0   0.0   2.6  17.6   13:38   WNW
18   8.2  15.1   15:45   1.4   06:04  10.1   0.0   0.0   7.4  28.1   14:10    NW
19  10.7  15.9   14:16   7.1   04:40   7.6   0.0   0.0  13.1  34.6   09:11   WNW
20  10.8  14.8   12:39   7.6   04:45   7.5   0.0   0.0  18.2  45.7   13:01   WNW
21  12.1  15.5   13:47   9.6   00:28   6.2   0.0   0.0  17.3  42.8   13:54   WNW
22  10.5  11.6   09:24   9.1   23:44   7.8   0.0   0.0   4.0  28.1   03:40    NW
23  10.4  16.2   14:06   4.5   06:03   7.9   0.0   0.0   1.9  14.0   14:24   ESE
24  10.6  16.3   11:59   2.9   06:01   7.7   0.0   0.0   2.0  14.8   11:00   ESE
25  13.1  16.4   14:38   9.4   06:25   5.2   0.0   0.0   5.0  27.0   23:13   WSW
26  13.2  15.2   12:46  10.6   23:50   5.1   0.0   0.0  10.9  39.6   08:32     W
27  10.2  13.7   16:54   4.7   23:21   8.1   0.0   0.0   5.5  30.2   10:11    NW
28  11.2  17.7   14:57   4.3   07:31   7.1   0.0   0.0   5.3  28.8   14:37    NW
29  12.2  18.8   16:38   5.6   01:29   6.1   0.0   0.0   7.6  36.0   13:48   WNW
30  12.8  15.6   13:27  10.1   23:50   5.5   0.0   0.0  11.6  37.4   01:36     W
31   8.2  11.2   10:02   6.1   23:54  10.1   0.0  17.0   3.3  20.5   01:23    NW
----------------------------------------------------------------------------------
     6.0  18.8    29    -6.9     6   381.1   0.0  20.0   5.8  45.7    20     WNW

Max >=  30.0:  0
Max <=  25.0: 31
Min <=  10.0: 29
Min <=   0.0: 11
Max Rain: 17.0 on day 31
Days of Rain: 2 (> 0.2 mm)  2 (> 2.0 mm)  0 (> 20.0 mm)
Heat Base: 18.3  Cool Base: 18.3  Method: Integration