ohhh nooe!

Report for 2010 Jan

                   Monthly Climatological Summary for Jan 2010

Name:  Dobrava   City:  Slovenske Konjice   State:  SI
Elevation: 342 m  Lat: N 46° 21' 04"   Lon: E 015° 24' 03"

                  Temperature (°C), Rain (mm), Wind Speed (km/h)

                                      Heat  Cool        Avg
    Mean                              Deg   Deg         Wind                 Dom
Day Temp  High   Time   Low    Time   Days  Days  Rain  Speed High   Time    Dir
----------------------------------------------------------------------------------
 1   5.5   7.9   14:11   2.4   08:10  12.8   0.0   0.0   0.2   9.4   00:20   NNW
 2   2.7   4.8   00:03  -0.4   23:34  15.6   0.0   2.0   1.9  16.9   15:21    NW
 3  -1.4   2.5   14:24  -4.0   23:36  19.7   0.0   0.0   3.6  26.3   11:16    NW
 4  -2.5   0.9   11:22  -6.8   07:00  20.8   0.0   0.0   2.1  16.9   13:40   NNW
 5  -2.3  -1.5   12:35  -3.1   23:55  20.6   0.0   5.0   0.0   7.9   01:29     N
 6  -2.2  -1.0   13:08  -3.5   01:36  20.5   0.0   5.0   0.0   0.0   00:00   ---
 7  -1.2  -0.2   13:24  -2.1   03:15  19.5   0.0   6.0   0.1  10.1   02:14    SE
 8  -1.0  -0.5   10:53  -1.5   06:36  19.3   0.0  21.0   0.2  10.1   10:03    SE
 9   0.4   1.0   14:35   0.1   02:51  17.9   0.0   6.0   0.1   8.6   10:39    SE
10   0.9   3.4   10:10  -0.1   03:06  17.4   0.0   0.0   0.6  10.1   07:39   NNE
11   0.6   2.0   12:38  -0.4   23:49  17.7   0.0   0.0   0.2  10.1   10:36   ESE
12  -0.8   0.3   13:47  -1.7   02:52  19.1   0.0   0.0   0.3   9.4   14:27   ESE
13  -0.9   0.1   13:46  -1.6   02:08  19.2   0.0   0.0   0.3   9.4   09:09    SE
14  -0.8  -0.1   13:04  -1.4   03:03  19.1   0.0   0.0   0.0   7.9   00:29     N
15  -0.9  -0.3   11:40  -1.3   23:31  19.2   0.0   0.0   0.1   7.9   12:23   ESE
16  -1.9   1.9   14:38  -6.5   23:58  20.2   0.0   0.0   0.3   9.4   21:27     N
17  -3.0   1.3   14:36  -7.4   01:06  21.3   0.0   3.0   0.1  10.8   16:15    NE
18  -1.2   3.4   13:26  -5.6   08:30  19.5   0.0   0.0   0.6  10.1   07:27   SSE
19   0.8   6.0   14:10  -1.8   04:28  17.5   0.0   0.0   0.6  12.2   12:22   WNW
20  -0.4   4.2   15:17  -4.6   23:56  18.7   0.0   0.0   3.0  14.0   11:39    NW
21  -3.3  -1.6   11:43  -4.6   00:01  21.6   0.0   0.0   1.9  10.1   12:14   NNW
22  -4.1  -3.3   13:16  -5.3   23:32  22.4   0.0   5.0   0.3   7.9   07:00    SE
23  -4.9  -4.1   12:49  -5.6   01:41  23.2   0.0   0.0   0.1   7.9   14:17    SE
24  -5.0  -4.2   14:03  -5.6   07:05  23.3   0.0   0.0   0.1   6.5   02:50   ESE
25  -4.8  -2.8   13:45  -6.0   23:53  23.1   0.0   0.0   0.4   8.6   15:28    SE
26  -7.7  -5.7   15:51 -11.2   21:50  26.0   0.0   0.0   0.4  10.1   19:11    SE
27  -9.3  -2.6   14:05 -13.3   08:13  27.6   0.0   0.0   1.8  10.8   23:42    NE
28  -6.4  -2.7   14:42 -10.0   21:06  24.7   0.0   0.0   2.5  17.6   01:57   NNW
29   0.0   2.9   23:50  -5.2   00:00  18.3   0.0   0.0   5.9  24.1   22:22    NW
30   1.1   2.8   00:46  -1.1   23:57  17.2   0.0   0.0   3.3  24.8   00:39   WNW
31  -2.9   0.1   12:38  -8.4   23:52  21.2   0.0   0.0   0.0   0.0   00:00   ---
----------------------------------------------------------------------------------
    -1.8   7.9     1   -13.3    27   624.2   0.0  53.0   1.0  26.3     3      NW

Max >=  30.0:  0
Max <=  25.0: 31
Min <=  10.0: 31
Min <=   0.0: 29
Max Rain: 21.0 on day 8
Days of Rain: 8 (> 0.2 mm)  8 (> 2.0 mm)  1 (> 20.0 mm)
Heat Base: 18.3  Cool Base: 18.3  Method: Integration