ohhh nooe!

Report for 2009 Oct

                   Monthly Climatological Summary for Oct 2009

Name:  Dobrava   City:  Slovenske Konjice   State:  SI
Elevation: 342 m  Lat: N 46° 21' 04"   Lon: E 015° 24' 03"

                  Temperature (°C), Rain (mm), Wind Speed (km/h)

                                      Heat  Cool        Avg
    Mean                              Deg   Deg         Wind                 Dom
Day Temp  High   Time   Low    Time   Days  Days  Rain  Speed High   Time    Dir
----------------------------------------------------------------------------------
 1  15.4  23.2   14:40  10.5   05:56   2.9   0.0   0.0   3.9  24.8   12:28   WNW
 2  13.2  15.8   00:28  10.1   23:56   5.1   0.0  11.0   0.3  12.2   06:23    NE
 3  11.2  16.2   16:17   7.5   04:53   7.1   0.0   0.0   0.4   9.4   12:12   SSE
 4  13.9  20.3   14:51   8.1   08:17   4.4   0.0   0.0   3.2  16.2   21:49   NNW
 5  14.3  20.7   15:02   9.8   05:02   4.0   0.0   0.0   2.8  17.6   23:58   NNW
 6  19.3  23.4   14:19  16.2   07:41   0.0   1.0   0.0   6.5  28.1   14:28    NW
 7  19.9  25.6   14:40  15.9   07:01   0.0   1.6   0.0   4.3  28.1   00:10    NW
 8  18.8  23.1   14:38  15.5   05:46   0.0   0.5   0.0   7.5  27.4   14:49    NW
 9  16.5  19.8   14:06  13.7   23:49   1.8   0.0   0.0   1.5  12.2   00:15   NNE
10  14.2  18.4   15:15  11.3   07:42   4.1   0.0   6.0   0.7  13.3   15:06     W
11  14.9  19.1   13:42  11.7   08:43   3.4   0.0   7.0   0.6  13.3   13:32    SE
12  10.3  12.8   00:00   7.3   21:33   8.0   0.0   4.0   1.3  31.0   13:07    NW
13   8.3  11.9   11:47   4.4   23:45  10.0   0.0   0.0   3.9  37.4   11:56     N
14   5.2  10.0   13:20  -0.5   07:23  13.1   0.0   0.0   4.1  24.8   15:17    NW
15   5.9  10.0   16:03   0.3   23:40  12.4   0.0   0.0   5.9  27.0   10:28   WNW
16   4.0   9.6   16:00  -2.6   07:02  14.3   0.0   1.0   1.2  13.3   12:42   SSW
17   5.3  10.7   14:58  -0.2   07:17  13.0   0.0   0.0   0.9  13.0   16:12    NE
18   4.2   7.8   15:45   1.5   06:40  14.1   0.0   0.0   0.3  12.2   15:40    SE
19   3.5   9.2   13:01  -1.2   07:30  14.8   0.0   0.0   1.0  24.8   12:25   NNE
20   4.8  10.7   14:45   0.0   06:27  13.5   0.0   0.0   3.8  19.8   16:52    NW
21   9.5  14.1   14:01   2.2   00:41   8.8   0.0   0.0  12.4  46.4   20:16   WNW
22  14.2  16.5   13:42  10.9   23:56   4.1   0.0   1.0   4.3  42.1   01:33     W
23  11.6  14.9   12:36   8.6   08:09   6.7   0.0   8.0   2.5  16.9   13:21   ESE
24   9.8  10.6   15:19   9.1   07:40   8.5   0.0   8.0   0.3  11.5   01:35     S
25   9.6  14.6   14:21   5.1   06:32   8.7   0.0   0.0   0.4   9.4   04:51     E
26  11.0  13.9   13:22   9.3   01:14   7.3   0.0   0.0   0.2   9.4   15:08   ESE
27  10.8  17.7   13:41   5.9   22:26   7.5   0.0   0.0   0.5  10.1   09:09     W
28   9.9  16.2   13:30   6.0   00:40   8.4   0.0   0.0   2.8  13.3   11:00    NW
29   9.3  14.4   14:00   5.0   06:44   9.0   0.0   0.0   0.8  14.0   14:07    SE
30   7.0  10.4   13:30   1.6   23:15  11.3   0.0   0.0   2.8  17.6   05:28    SE
31   3.1   8.5   13:53   0.0   23:20  15.2   0.0   0.0   1.3  13.0   12:35     S
----------------------------------------------------------------------------------
    10.6  25.6     7    -2.6    16   241.5   3.1  46.0   2.7  46.4    21      NW

Max >=  30.0:  0
Max <=  25.0: 30
Min <=  10.0: 22
Min <=   0.0:  6
Max Rain: 11.0 on day 2
Days of Rain: 8 (> 0.2 mm)  6 (> 2.0 mm)  0 (> 20.0 mm)
Heat Base: 18.3  Cool Base: 18.3  Method: Integration