ohhh nooe!

Report for 2009 Sep

                   Monthly Climatological Summary for Sep 2009

Name:  Dobrava   City:  Slovenske Konjice   State:  SI
Elevation: 342 m  Lat: N 46° 21' 04"   Lon: E 015° 24' 03"

                  Temperature (°C), Rain (mm), Wind Speed (km/h)

                                      Heat  Cool        Avg
    Mean                              Deg   Deg         Wind                 Dom
Day Temp  High   Time   Low    Time   Days  Days  Rain  Speed High   Time    Dir
----------------------------------------------------------------------------------
 1   0.0  20.0   00:00  13.0   00:00  18.3   0.0   0.0   2.5  17.6   11:17    NW
 2  19.7  27.1   14:26  12.5   06:28   0.0   1.4   0.0   0.9  13.3   16:20   ESE
 3  21.9  27.0   14:28  15.9   06:06   0.0   3.6   0.0   6.0  29.5   19:24     W
 4  17.2  22.2   00:00  14.0   19:12   1.1   0.0  44.0   1.1  14.0   13:58   SSE
 5  13.4  17.0   17:33  10.6   07:06   4.9   0.0  17.0   0.6  13.0   05:10     W
 6  13.9  20.0   13:45   8.3   06:49   4.4   0.0   0.0   1.6  18.4   14:59   NNE
 7  13.6  20.2   14:29   7.4   03:54   4.7   0.0   0.0   1.8  16.2   11:31    SE
 8  14.4  21.6   13:39   8.4   05:27   3.9   0.0   0.0   1.9  14.8   15:01   ENE
 9  15.9  21.3   13:14  10.6   00:15   2.4   0.0   0.0   1.3  17.6   11:14     E
10  17.7  24.0   14:19  13.4   22:29   0.6   0.0   0.0   1.3  16.2   14:36     E
11  16.7  21.0   15:33  13.7   00:26   1.6   0.0   8.0   0.9  12.2   15:17     N
12  17.2  23.4   13:55  13.5   23:59   1.1   0.0   0.0   1.4  15.5   12:35    SE
13  15.7  21.0   14:40  10.4   06:04   2.6   0.0   0.0   0.4  10.1   11:29   ESE
14  13.8  15.0   00:00  12.5   07:05   4.5   0.0   7.0   0.1   8.6   12:49     S
15  16.3  20.6   14:58  13.8   01:06   2.0   0.0   1.0   0.0   6.5   11:20    NE
16  18.0  22.2   13:46  13.6   07:08   0.3   0.0   3.0   0.3   9.4   09:20    SE
17  17.8  22.7   15:57  17.2   02:26   0.5   0.0   7.0   0.0   6.5   18:15   NNW
18  17.3  19.4   16:04  14.7   21:25   1.0   0.0   5.0   0.0  11.5   13:36   ESE
19  17.2  19.6   12:51  15.6   00:00   1.1   0.0   0.0   0.2  10.1   15:10   ESE
20  17.0  22.3   14:53  14.2   01:39   1.3   0.0   0.0   0.2  10.1   14:19   ESE
21  17.2  23.4   14:42  14.3   01:39   1.1   0.0   0.0   0.5   9.4   14:58   ENE
22  16.9  23.9   14:20  14.1   23:17   1.4   0.0   0.0   0.9  12.2   11:47     E
23  17.6  24.2   14:52  11.1   07:14   0.7   0.0   0.0   1.1  13.0   11:09     W
24  16.9  23.6   13:59  11.1   07:11   1.4   0.0   0.0   0.4  13.3   12:44   ESE
25  16.8  21.6   14:51  12.4   23:51   1.5   0.0   0.0   1.6  20.5   14:25    SE
26  13.5  18.4   17:54   9.8   04:04   4.8   0.0   0.0   1.1  13.3   12:49    SE
27  14.6  21.6   14:44   9.1   07:12   3.7   0.0   0.0   0.4  10.1   12:50     E
28  16.0  22.0   13:12  10.9   02:41   2.3   0.0   0.0   1.1  14.0   11:35   NNW
29  15.9  23.4   14:06  10.5   05:38   2.4   0.0   0.0   0.9  14.0   10:56    NW
30  15.7  22.3   14:46  10.8   08:06   2.6   0.0   0.0   0.6  10.1   13:02    NE
----------------------------------------------------------------------------------
    15.9  27.1     2     7.4     7    78.2   5.0  92.0   1.0  29.5     3     ENE

Max >=  30.0:  0
Max <=  25.0: 28
Min <=  10.0:  5
Min <=   0.0:  0
Max Rain: 44.0 on day 4
Days of Rain: 8 (> 0.2 mm)  7 (> 2.0 mm)  1 (> 20.0 mm)
Heat Base: 18.3  Cool Base: 18.3  Method: Integration