ohhh nooe!

Report for 2009 Aug

                   Monthly Climatological Summary for Aug 2009

Name:  Dobrava   City:  Slovenske Konjice   State:  SI
Elevation: 342 m  Lat: N 46° 21' 04"   Lon: E 015° 24' 03"

                  Temperature (°C), Rain (mm), Wind Speed (km/h)

                                      Heat  Cool        Avg
    Mean                              Deg   Deg         Wind                 Dom
Day Temp  High   Time   Low    Time   Days  Days  Rain  Speed High   Time    Dir
----------------------------------------------------------------------------------
 1  22.0  28.6   16:42  15.2   06:03   0.0   3.7   0.0   1.0  14.0   16:53     E
 2  24.5  31.2   16:08  17.5   03:39   0.0   6.2   0.0   4.0  17.6   14:53   WNW
 3  21.0  26.5   13:48  15.0   05:33   0.0   2.7  41.0   1.1  16.9   22:56   NNW
 4  17.0  17.9   10:33  16.1   22:35   1.3   0.0  38.0   0.2  13.0   00:05   NNW
 5  18.8  23.4   14:27  15.6   05:15   0.0   0.5   2.0   0.7  13.3   14:33     E
 6  19.5  25.4   14:32  14.1   05:57   0.0   1.2   0.0   1.4  17.6   14:58    SE
 7  19.7  24.9   13:57  14.8   03:45   0.0   1.4   0.0   1.5  13.0   11:43    SE
 8  21.0  26.8   15:21  16.2   00:08   0.0   2.7   0.0   1.1  14.0   18:05   ESE
 9  19.8  24.5   14:01  15.0   04:34   0.0   1.5   0.0   0.7  13.3   16:55   ESE
10  20.9  27.4   16:29  14.2   04:57   0.0   2.6   0.0   1.4  14.0   14:12   SSW
11  20.7  25.6   16:57  17.3   06:34   0.0   2.4   0.0   0.8  12.2   16:06     E
12  20.5  25.6   11:50  14.6   06:38   0.0   2.2   0.0   0.9  14.0   11:59     N
13  21.1  28.1   14:09  15.1   05:45   0.0   2.8   0.0   0.9  17.6   14:24   SSW
14  19.2  22.8   12:54  16.5   23:58   0.0   0.9   4.0   0.5  13.3   15:34    NE
15  20.0  25.9   16:37  13.7   06:19   0.0   1.7   0.0   1.3  13.3   13:50   SSE
16  21.9  28.5   14:45  15.4   06:25   0.0   3.6   0.0   1.0  13.0   13:31   SSE
17  22.2  29.3   14:27  16.4   06:15   0.0   3.9   0.0   1.2  13.0   17:08     N
18  22.7  28.5   17:17  17.8   06:52   0.0   4.4   0.0   1.1  11.5   05:39    NE
19  21.6  27.1   16:22  16.2   06:34   0.0   3.3   0.0   0.6  13.3   13:19   ESE
20  21.6  27.4   15:06  16.4   04:32   0.0   3.3   0.0   0.5  10.8   14:31   ESE
21  22.5  29.0   14:37  16.1   05:49   0.0   4.2   0.0   1.7  16.2   15:42    SE
22  21.3  25.5   15:15  16.8   23:53   0.0   3.0  10.0   1.1  15.5   16:51     N
23  18.2  22.8   14:14  13.5   23:57   0.1   0.0   0.0   1.1  15.5   12:23    SE
24  17.0  23.0   16:39  11.4   04:13   1.3   0.0   0.0   0.7  12.2   17:20    SE
25  18.8  25.0   13:43  12.7   05:53   0.0   0.5   0.0   1.2  14.0   15:13    SE
26  20.3  28.9   17:23  13.0   06:32   0.0   2.0   0.0   0.7  10.1   13:57   WSW
27  22.4  28.9   14:49  17.2   00:03   0.0   4.1   0.0   2.4  16.2   11:08     N
28  23.1  29.8   14:32  16.8   05:07   0.0   4.8   0.0   1.4  13.0   13:14   WSW
29  17.6  22.5   10:19  13.9   23:49   0.7   0.0  16.0   0.8  13.3   10:53    SE
30  14.8  17.5   10:58  12.5   06:24   3.5   0.0   0.0   1.0  14.0   12:49   ESE
31   0.0  18.0   12:00  13.0   05:00  18.3   0.0   0.0   1.2  13.0   12:56   ENE
----------------------------------------------------------------------------------
    19.7  31.2     2    11.4    24    25.2  69.6 111.0   1.1  17.6     2     ESE

Max >=  30.0:  1
Max <=  25.0: 11
Min <=  10.0:  0
Min <=   0.0:  0
Max Rain: 41.0 on day 3
Days of Rain: 6 (> 0.2 mm)  6 (> 2.0 mm)  2 (> 20.0 mm)
Heat Base: 18.3  Cool Base: 18.3  Method: Integration