ohhh nooe!

Report for 2009 Jul

                   Monthly Climatological Summary for Jul 2009

Name:  Dobrava   City:  Slovenske Konjice   State:  SI
Elevation: 342 m  Lat: N 46° 21' 04"   Lon: E 015° 24' 03"

                  Temperature (°C), Rain (mm), Wind Speed (km/h)

                                      Heat  Cool        Avg
    Mean                              Deg   Deg         Wind                 Dom
Day Temp  High   Time   Low    Time   Days  Days  Rain  Speed High   Time    Dir
----------------------------------------------------------------------------------
 1  20.3  25.6   14:03  16.9   23:51   0.0   2.0   4.0   0.7  13.3   17:57   NNW
 2  20.3  25.7   16:07  15.6   03:20   0.0   2.0   0.0   0.7  10.8   11:06     N
 3  20.1  24.8   12:07  15.7   05:50   0.0   1.8   1.0   0.8  13.3   14:17     N
 4  21.2  25.7   16:55  17.5   04:39   0.0   2.9   1.0   1.3  14.0   13:20     N
 5  20.9  26.4   13:03  16.1   03:04   0.0   2.6   0.0   0.6  13.0   16:59   ENE
 6  20.2  26.2   13:28  16.3   03:54   0.0   1.9   0.0   1.6  16.9   14:25    NW
 7  18.6  23.3   14:36  15.0   23:53   0.0   0.3   4.0   0.5  16.2   18:13     N
 8  15.2  18.7   17:32  11.9   23:43   3.1   0.0  18.0   1.0  16.2   03:37    NW
 9  15.5  21.4   17:58  11.2   00:54   2.8   0.0   3.0   0.4  10.1   14:49   NNW
10  14.5  16.5   17:40  12.8   23:57   3.8   0.0  19.0   0.1  10.1   03:07    NE
11  15.7  20.6   12:41  10.3   05:24   2.6   0.0   0.0   1.6  13.3   15:07     N
12  18.1  25.0   17:54   9.5   05:22   0.2   0.0   0.0   2.7  16.9   18:14   WNW
13  21.8  28.1   17:38  15.2   05:05   0.0   3.5   0.0   2.7  15.5   15:22    NW
14  23.3  28.8   16:16  17.9   04:17   0.0   5.0   0.0   6.5  20.5   10:22    NW
15  25.6  31.2   16:32  20.4   05:50   0.0   7.3   0.0   4.4  18.4   16:07    NW
16  23.5  29.3   14:39  16.7   04:49   0.0   5.2   0.0   1.1  14.0   15:16   ESE
17  24.0  29.9   16:51  17.5   05:36   0.0   5.7   0.0   1.4  15.5   16:03   ENE
18  17.9  23.0   08:26  12.2   23:58   0.4   0.0  11.0   1.9  27.4   11:09   WNW
19  17.1  23.4   17:47  10.0   05:27   1.2   0.0   0.0   2.0  18.4   13:58     W
20  19.1  25.6   17:03  11.8   05:23   0.0   0.8   0.0   1.4  17.6   13:14   SSW
21  21.8  28.8   17:51  14.3   04:17   0.0   3.5   0.0   3.0  16.9   10:48    NW
22  24.2  28.8   14:50  19.8   05:53   0.0   5.9   0.0   6.7  28.1   12:25   WNW
23  26.2  30.3   14:34  22.1   04:32   0.0   7.9   0.0  10.9  31.7   13:45     W
24  23.5  29.8   16:43  15.5   04:48   0.0   5.2   0.0   1.2  13.3   11:48   ESE
25  18.7  23.2   14:16  13.5   23:54   0.0   0.4   2.0   0.9  17.6   02:07   ESE
26  16.9  23.4   17:20  10.7   05:13   1.4   0.0   0.0   1.8  14.0   14:11     E
27  19.5  27.2   17:05  11.8   05:19   0.0   1.2   0.0   1.9  16.2   10:13    SW
28  20.0  25.6   12:33  13.6   05:02   0.0   1.7   0.0   1.0  17.6   12:40   ESE
29  20.7  26.8   16:39  13.5   05:56   0.0   2.4   0.0   1.1  13.0   16:45    SE
30  23.2  30.5   15:08  16.1   05:47   0.0   4.9   0.0   2.2  23.4   23:52     W
31  21.3  25.6   14:39  17.2   23:42   0.0   3.0   0.0   1.1  13.0   12:55     E
----------------------------------------------------------------------------------
    20.3  31.2    15     9.5    12    15.5  77.1  63.0   2.1  31.7    23     WNW

Max >=  30.0:  3
Max <=  25.0: 11
Min <=  10.0:  2
Min <=   0.0:  0
Max Rain: 19.0 on day 10
Days of Rain: 9 (> 0.2 mm)  7 (> 2.0 mm)  0 (> 20.0 mm)
Heat Base: 18.3  Cool Base: 18.3  Method: Integration