ohhh nooe!

Report for 2009 May

                   Monthly Climatological Summary for May 2009

Name:  Dobrava   City:  Slovenske Konjice   State:  SI
Elevation: 342 m  Lat: N 46° 21' 04"   Lon: E 015° 24' 03"

                  Temperature (°C), Rain (mm), Wind Speed (km/h)

                                      Heat  Cool        Avg
    Mean                              Deg   Deg         Wind                 Dom
Day Temp  High   Time   Low    Time   Days  Days  Rain  Speed High   Time    Dir
----------------------------------------------------------------------------------
 1  15.4  21.4   14:38  10.3   01:05   2.9   0.0   0.0   4.1  45.0   16:40   NNW
 2  12.5  16.5   11:54   9.1   03:41   5.8   0.0   1.0   0.7  14.8   00:47     N
 3  12.4  18.2   15:45   8.4   03:08   5.9   0.0   3.0   2.1  16.2   17:49   ENE
 4  13.3  19.8   13:28   8.9   06:05   5.0   0.0   1.0   3.2  19.8   15:04   NNW
 5  12.2  16.5   18:12   8.9   06:17   6.1   0.0   0.0   0.8  12.2   11:33    SE
 6  13.4  19.2   14:14   7.8   04:25   4.9   0.0   0.0   2.2  17.6   11:50     W
 7  16.1  22.1   17:05  10.1   05:45   2.2   0.0   0.0   1.5  15.5   11:54    SE
 8  17.3  24.6   15:12   8.7   05:42   1.0   0.0   0.0   3.5  17.6   13:00     W
 9  18.1  23.4   17:14  11.1   05:36   0.2   0.0   0.0   3.0  16.2   13:08    NE
10  19.7  26.0   14:42  13.2   00:08   0.0   1.4   0.0   4.3  16.9   10:04    NW
11  20.2  26.2   14:30  15.2   02:49   0.0   1.9   0.0   8.0  31.0   17:40   WNW
12  18.7  25.2   15:55  12.7   23:11   0.0   0.4   5.0   3.8  23.4   01:43   WSW
13  12.8  14.5   15:47  11.5   10:38   5.5   0.0   2.0   0.4  10.8   09:58   ESE
14  15.4  21.0   14:39  12.2   00:00   2.9   0.0   0.0   1.2  14.0   14:15     E
15  16.4  21.7   14:36  12.5   06:12   1.9   0.0   0.0   1.8  17.6   21:01   WSW
16  18.6  24.8   14:19  12.7   23:54   0.0   0.3   0.0   4.2  19.8   15:28     W
17  17.7  24.9   15:57  10.1   05:18   0.6   0.0   0.0   1.2  14.0   12:16   ESE
18  21.0  26.9   14:43  14.8   04:17   0.0   2.7   0.0   1.1  14.0   15:05     E
19  19.0  24.2   15:45  14.0   05:43   0.0   0.7  12.0   1.3  45.7   21:28   ESE
20  18.6  23.5   16:33  15.0   04:32   0.0   0.3   1.0   0.7  13.3   14:57     E
21  20.1  26.7   14:57  12.6   05:53   0.0   1.8   0.0   2.6  16.2   17:56    SW
22  21.2  28.1   15:08  14.8   23:58   0.0   2.9   0.0   3.3  26.3   19:07   NNW
23  19.4  25.0   15:27  13.5   06:00   0.0   1.1   0.0   1.9  16.2   14:06     E
24  19.9  25.6   18:13  17.1   06:10   0.0   1.6   0.0   0.7  14.0   14:38   NNW
25  22.2  28.6   15:02  16.3   06:17   0.0   3.9   0.0   2.3  17.6   21:29   NNE
26  22.0  28.7   16:37  15.0   05:22   0.0   3.7   0.0   1.6  26.3   20:50     E
27  15.0  17.8   00:16  11.7   23:51   3.3   0.0  14.0   0.9  24.8   16:54    NW
28  15.0  19.8   14:57   9.8   06:25   3.3   0.0   0.0   0.9  14.0   10:57   ESE
29  12.7  16.8   12:49   8.8   23:52   5.6   0.0   1.0   2.6  28.1   15:53    NE
30   8.8  10.9   13:31   6.1   05:22   9.5   0.0   8.0   0.8  14.0   09:14     N
31  11.9  17.4   16:07   6.5   04:07   6.4   0.0   0.0   1.0  14.0   13:41     S
----------------------------------------------------------------------------------
    16.7  28.7    26     6.1    30    73.0  22.7  48.0   2.2  45.7    19      NW

Max >=  30.0:  0
Max <=  25.0: 22
Min <=  10.0: 10
Min <=   0.0:  0
Max Rain: 14.0 on day 27
Days of Rain: 10 (> 0.2 mm)  6 (> 2.0 mm)  0 (> 20.0 mm)
Heat Base: 18.3  Cool Base: 18.3  Method: Integration