ohhh nooe!

Report for 2009 Apr

                   Monthly Climatological Summary for Apr 2009

Name:  Dobrava   City:  Slovenske Konjice   State:  SI
Elevation: 342 m  Lat: N 46° 21' 04"   Lon: E 015° 24' 03"

                  Temperature (°C), Rain (mm), Wind Speed (km/h)

                                      Heat  Cool        Avg
    Mean                              Deg   Deg         Wind                 Dom
Day Temp  High   Time   Low    Time   Days  Days  Rain  Speed High   Time    Dir
----------------------------------------------------------------------------------
 1   8.7  11.3   17:40   6.9   00:33   9.6   0.0   5.0   0.1   9.4   14:55    SE
 2  11.4  15.3   17:01   9.1   04:44   6.9   0.0   0.0   1.6  17.6   14:40    SE
 3  11.4  15.1   17:26   9.3   06:55   6.9   0.0   1.0   1.3  10.1   01:19    NE
 4  13.6  19.7   14:45   8.6   04:12   4.7   0.0   0.0   3.5  20.5   14:51     E
 5  14.5  21.1   13:43   8.8   06:02   3.8   0.0   0.0   4.6  16.2   17:28   NNE
 6  14.1  20.2   13:30   7.8   04:00   4.2   0.0   0.0   3.0  13.0   13:35    NE
 7  15.3  22.4   16:42   8.1   05:43   3.0   0.0   0.0   4.8  24.8   12:39   NNW
 8  16.0  22.5   17:05   9.3   05:46   2.3   0.0   0.0   7.7  23.4   15:25    NW
 9  15.5  21.9   17:21   8.4   06:01   2.8   0.0   0.0   3.6  14.8   01:22    NE
10  15.6  21.8   16:22   9.9   06:09   2.7   0.0   0.0   8.0  24.8   15:21    NW
11  15.5  22.0   16:42   9.6   07:09   2.8   0.0   0.0   6.2  20.5   10:17    NW
12  15.1  22.0   14:06   5.9   07:00   3.2   0.0   0.0   4.8  22.0   14:06   NNW
13  13.0  19.7   15:46   5.3   06:38   5.3   0.0   0.0   3.5  26.3   15:25   ESE
14  12.3  20.1   14:49   4.6   05:04   6.0   0.0   0.0   2.8  32.4   15:36    NE
15  13.8  21.4   14:58   5.2   06:47   4.5   0.0   0.0   2.9  17.6   16:03   ESE
16  15.3  20.4   13:07   9.0   00:26   3.0   0.0   0.0   8.7  24.8   10:20    NW
17  13.8  17.4   15:10   7.3   23:23   4.5   0.0   0.0   9.6  37.4   12:28     W
18  13.2  18.7   17:38   7.4   00:00   5.1   0.0   0.0   5.0  20.5   10:47     W
19  10.9  14.3   15:58   6.4   04:25   7.4   0.0   5.0   0.1   8.6   06:25   NNE
20  13.4  17.8   15:19  10.5   06:07   4.9   0.0   6.0   0.6  19.8   22:16     E
21  12.6  15.5   14:02   9.6   23:58   5.7   0.0   3.0   0.3  13.3   14:54    SE
22  12.4  19.5   16:12   4.3   05:50   5.9   0.0   0.0   3.3  23.4   14:32   ESE
23   8.4  10.2   02:57   6.5   23:47   9.9   0.0  20.0   0.8  12.2   14:05   ESE
24  10.1  15.9   15:59   6.0   06:29   8.2   0.0   3.0   1.1  12.2   16:26    NE
25  13.2  19.0   17:19   7.3   05:41   5.1   0.0   0.0   3.4  13.0   11:04     N
26  13.0  18.1   13:39   6.8   06:09   5.3   0.0   0.0   1.4  16.2   14:32   ESE
27  15.0  19.4   17:01  10.5   06:43   3.3   0.0   0.0   1.7  14.0   16:57   ESE
28  13.2  15.3   17:07  10.4   23:15   5.1   0.0   8.0   1.1  23.4   20:02    NE
29  11.6  14.1   16:09   9.4   22:30   6.7   0.0   8.0   1.3  21.2   12:42     S
30  11.4  16.4   15:33   8.6   07:45   6.9   0.0   1.0   2.4  16.2   19:18   WNW
----------------------------------------------------------------------------------
    13.1  22.5     8     4.3    22   155.7   0.0  60.0   3.3  37.4    17     NNW

Max >=  30.0:  0
Max <=  25.0: 30
Min <=  10.0: 27
Min <=   0.0:  0
Max Rain: 20.0 on day 23
Days of Rain: 10 (> 0.2 mm)  8 (> 2.0 mm)  1 (> 20.0 mm)
Heat Base: 18.3  Cool Base: 18.3  Method: Integration