ohhh nooe!

Report for 2009 Feb

                   Monthly Climatological Summary for Feb 2009

Name:  Dobrava   City:  Slovenske Konjice   State:  SI
Elevation: 342 m  Lat: N 46° 21' 04"   Lon: E 015° 24' 03"

                  Temperature (°C), Rain (mm), Wind Speed (km/h)

                                      Heat  Cool        Avg
    Mean                              Deg   Deg         Wind                 Dom
Day Temp  High   Time   Low    Time   Days  Days  Rain  Speed High   Time    Dir
----------------------------------------------------------------------------------
 1  -1.4  -0.6   12:19  -2.1   06:05  19.7   0.0   0.0   0.1   7.9   12:40   ENE
 2  -0.6   0.3   14:05  -1.5   02:53  18.9   0.0   5.0   0.0   0.0   00:00   ---
 3   0.8   1.8   14:46  -0.1   00:00  17.5   0.0  13.0   0.0   6.5   15:06   NNW
 4   2.9   7.1   13:49   0.7   00:00  15.4   0.0   3.0   3.1  24.8   23:29   NNW
 5   7.8  10.3   15:50   5.5   01:34  10.5   0.0   0.0  13.4  44.3   14:23   WNW
 6   9.4  13.2   12:34   4.8   23:53   8.9   0.0   0.0   9.2  31.0   03:14   WNW
 7   8.1  11.2   12:26   4.6   00:08  10.2   0.0   7.0   2.5  24.8   04:38   WNW
 8   4.5   5.7   00:00   3.0   23:08  13.8   0.0   9.0   2.6  16.9   13:06    NW
 9   2.4   7.6   14:26  -1.4   07:33  15.9   0.0   0.0   1.4  14.0   13:23    SE
10   4.9   8.3   11:29  -0.3   00:23  13.4   0.0   3.0  11.7  45.7   09:56   WNW
11   4.1   8.5   13:11  -2.4   23:58  14.2   0.0   1.0   3.3  24.8   00:45   NNW
12   0.8   6.6   13:42  -3.7   03:13  17.5   0.0   0.0   2.3  21.2   15:22     E
13  -1.0   4.1   15:07  -6.0   06:18  19.3   0.0   0.0   2.7  30.2   12:54     N
14   0.1   3.9   14:49  -3.2   05:49  18.2   0.0   0.0   1.6  24.1   15:39     E
15  -0.5   3.9   15:19  -4.3   23:39  18.8   0.0   0.0   3.6  27.4   16:14     N
16   0.3   3.6   15:30  -4.2   00:00  18.0   0.0   0.0   6.1  17.6   10:51    NW
17   1.9   6.0   14:24  -3.7   21:36  16.4   0.0   0.0  11.2  42.1   23:28    NW
18  -2.3   1.8   14:40  -8.3   07:32  20.6   0.0   0.0   5.4  36.7   13:02     N
19  -3.2   1.4   14:46  -7.8   07:11  21.5   0.0   0.0   2.2  16.9   14:26    SE
20  -1.0   5.3   14:33  -6.8   06:17  19.3   0.0   0.0   1.5  14.0   11:44   WNW
21   1.7   8.1   13:31  -3.0   06:19  16.6   0.0   0.0   2.1  14.8   12:08   ESE
22  -0.7   0.5   15:07  -1.8   23:07  19.0   0.0   2.0   0.0   5.8   15:31   ESE
23   1.2   6.8   15:09  -2.2   01:28  17.1   0.0   0.0   1.0  12.2   07:04    SE
24   1.0   2.8   03:14  -0.1   06:27  17.3   0.0   1.0   2.4  16.9   01:10   NNE
25   1.4   5.7   14:08  -2.4   23:37  16.9   0.0   0.0   1.8  16.2   10:42    SE
26   2.8  10.2   13:52  -2.7   02:49  15.5   0.0   0.0   2.2  16.2   11:01   WNW
27   5.3  12.4   13:46  -0.3   00:13  13.0   0.0   0.0   4.8  27.4   10:30    NW
28   7.4  15.7   14:13   1.7   07:36  10.9   0.0   0.0   2.8  16.2   22:13   NNW
----------------------------------------------------------------------------------
     2.1  15.7    28    -8.3    18   454.3   0.0  44.0   3.6  45.7    10      NW

Max >=  30.0:  0
Max <=  25.0: 28
Min <=  10.0: 28
Min <=   0.0: 22
Max Rain: 13.0 on day 3
Days of Rain: 9 (> 0.2 mm)  7 (> 2.0 mm)  0 (> 20.0 mm)
Heat Base: 18.3  Cool Base: 18.3  Method: Integration