ohhh nooe!

Report for 2009 Jan

                   Monthly Climatological Summary for Jan 2009

Name:  Dobrava   City:  Slovenske Konjice   State:  SI
Elevation: 342 m  Lat: N 46° 21' 04"   Lon: E 015° 24' 03"

                  Temperature (°C), Rain (mm), Wind Speed (km/h)

                                      Heat  Cool        Avg
    Mean                              Deg   Deg         Wind                 Dom
Day Temp  High   Time   Low    Time   Days  Days  Rain  Speed High   Time    Dir
----------------------------------------------------------------------------------
 1  -5.7  -4.6   15:09  -7.4   00:15  24.0   0.0   0.0   0.2   8.6   00:43   ESE
 2  -3.7  -2.9   11:40  -5.2   00:19  22.0   0.0   0.0   0.4   9.4   11:54   ESE
 3  -4.6  -0.4   13:28  -8.8   23:58  22.9   0.0   0.0   1.4  15.5   12:50    SE
 4  -6.2   0.7   14:04 -11.5   07:22  24.5   0.0   0.0   1.8  15.5   09:37    NW
 5  -4.8   0.1   13:55  -9.2   23:24  23.1   0.0   0.0   2.4  14.0   04:04   WNW
 6  -5.4  -2.9   13:23  -9.3   00:37  23.7   0.0   0.0   0.8  13.0   13:29    SE
 7  -4.7  -1.4   13:29  -6.7   08:16  23.0   0.0   0.0   0.2   8.6   00:18     S
 8  -4.7   0.5   12:47  -9.6   23:23  23.0   0.0   0.0   2.0  20.5   11:40    SE
 9  -7.3  -0.4   14:01 -10.2   08:17  25.6   0.0   0.0   1.7  10.1   06:54    NE
10  -9.0  -2.6   13:49 -12.6   06:11  27.3   0.0   0.0   1.1  10.8   14:25     S
11  -8.8  -4.9   13:23 -12.2   04:39  27.1   0.0   0.0   0.4  10.1   13:54    SE
12  -8.0  -6.8   13:33  -9.0   06:25  26.3   0.0   0.0   1.1  10.1   01:16   WNW
13  -6.7  -4.8   12:22  -8.0   03:32  25.0   0.0   0.0   0.9  10.1   12:22    SE
14  -4.7  -3.4   18:21  -6.5   00:49  23.0   0.0   0.0   0.2   9.4   02:32   ESE
15  -0.5   2.6   14:12  -3.4   00:00  18.8   0.0  14.0   1.3  13.0   12:31     N
16   0.6   4.5   12:52  -1.8   08:15  17.7   0.0   0.0   1.7  14.0   13:01    NW
17  -1.7   2.4   13:21  -6.0   23:16  20.0   0.0   0.0   2.6  16.9   14:44   WNW
18   3.2   7.7   20:19  -5.7   00:00  15.1   0.0   0.0  13.7  45.7   15:11   WNW
19   5.3   8.6   22:18   0.9   07:39  13.0   0.0   0.0   6.3  31.7   20:34   WNW
20   9.5  11.8   14:38   5.9   23:55   8.8   0.0   2.0   6.5  30.2   01:01     W
21   3.8   6.2   00:03   1.8   04:52  14.5   0.0  21.0   0.8  14.0   20:59   ESE
22   2.1   4.6   14:38  -0.7   21:34  16.2   0.0   2.0   1.1  13.3   12:07    NW
23   2.0   4.9   19:40  -0.1   06:05  16.3   0.0   5.0   5.0  28.1   19:59    NW
24   3.4   5.7   13:32   1.8   23:51  14.9   0.0   0.0   3.5  20.5   04:16    NW
25   2.4   4.4   12:27   1.3   05:24  15.9   0.0   0.0   0.6  14.0   14:59    SE
26   2.2   7.0   14:50   0.3   18:21  16.1   0.0   0.0   0.9  13.3   13:48   WNW
27   1.2   2.4   22:09   0.7   03:50  17.1   0.0  17.0   1.4  16.9   17:08   SSE
28   1.1   2.1   14:02   0.6   03:54  17.2   0.0   9.0   0.6  13.0   17:25   ESE
29   1.0   2.0   11:30   0.3   23:30  17.3   0.0   4.0   0.2  10.1   19:32    SE
30   0.0   0.7   12:10  -1.0   23:12  18.3   0.0   1.0   0.8  10.8   19:01    SE
31  -0.6   1.0   13:02  -1.6   05:20  18.9   0.0   1.0   1.0  13.0   06:24    SE
----------------------------------------------------------------------------------
    -1.6  11.8    20   -12.6    10   616.6   0.0  76.0   2.0  45.7    18     WNW

Max >=  30.0:  0
Max <=  25.0: 31
Min <=  10.0: 31
Min <=   0.0: 22
Max Rain: 21.0 on day 21
Days of Rain: 10 (> 0.2 mm)  8 (> 2.0 mm)  1 (> 20.0 mm)
Heat Base: 18.3  Cool Base: 18.3  Method: Integration