ohhh nooe!

Report for 2008 Dec

                   Monthly Climatological Summary for Dec 2008

Name: Dobrava   City: Slovenske Konjice   State: SI
Elevation: 342 m  Lat: N 46° 21' 05"   Lon: E 015° 24' 04"

                  Temperature (°C), Rain (mm), Wind Speed (km/h)

                                      Heat  Cool        Avg
    Mean                              Deg   Deg         Wind                 Dom
Day Temp  High   Time   Low    Time   Days  Days  Rain  Speed High   Time    Dir
----------------------------------------------------------------------------------
 1   5.3   9.5   13:20   2.5   06:34  13.0   0.0  16.0   5.2  36.7   15:33   WNW
 2   5.8   8.4   10:38   3.3   20:15  12.5   0.0  10.0   5.9  28.1   00:21   WNW
 3   4.0   6.4   13:45   1.9   18:38   8.7   0.0   2.0   2.4  16.9   23:29   ESE
 4   1.3   3.6   21:46  -1.9   05:41  17.0   0.0   0.0   3.2  20.5   23:25    NW
 5   7.4   9.2   09:06   3.0   01:12  10.9   0.0  15.0   8.9  42.8   03:14   WNW
 6   3.6   8.8   00:46   1.0   07:00  14.7   0.0   4.0   2.3  17.6   00:18    NW
 7   3.1   5.7   13:57   1.3   22:55  15.2   0.0   0.0   8.8  28.1   03:29   NNW
 8   2.4   6.8   14:23   0.3   07:31  15.9   0.0   0.0   8.0  22.7   11:40   NNW
 9   4.0   7.5   14:26   0.4   07:27  14.3   0.0   0.0   9.6  34.6   21:40    NW
10   5.6   7.9   10:36   4.0   23:54  12.7   0.0   1.0   4.7  36.7   00:10     W
11   3.4   4.3   22:52   2.4   08:22  14.9   0.0  27.0   0.3   9.4   17:03    SE
12   3.7   4.7   02:47   2.6   21:33  14.6   0.0  13.0   3.4  24.1   16:07    SE
13   2.5   3.1   23:30   1.7   02:44  15.8   0.0   5.0   0.0   7.9   02:06     N
14   3.5   4.1   14:11   3.0   04:59  14.8   0.0   2.0   0.2   9.4   07:27   ESE
15   3.3   4.1   04:44   2.7   09:08  15.0   0.0   6.0   0.9  13.3   06:28    SE
16   3.7   4.4   13:46   3.0   00:00  14.6   0.0   9.0   0.1   8.6   10:51   ESE
17   4.2   5.0   14:33   3.2   23:53   2.3   2.2  13.0   0.0   7.9   16:06     E
18   3.4   4.7   06:37   2.5   09:45  14.9   0.0   5.0   1.5  14.8   13:08   SSE
19   4.4   6.0   13:15   2.3   23:36  13.9   0.0   1.0   5.7  18.4   09:49   NNW
20   2.8   5.6   12:32  -1.1   05:09  15.5   0.0   0.0   7.0  21.2   19:01   NNW
21   3.9   8.5   14:27   0.1   08:13  14.4   0.0   0.0   2.0  24.1   03:13   NNW
22   4.0  10.9   13:19  -1.0   07:11  14.3   0.0   0.0   3.6  17.6   10:13   NNW
23   2.9   8.2   14:12   0.1   19:19  15.4   0.0   0.0   2.3  14.0   02:46     N
24   2.8   7.2   12:52  -0.5   22:58  15.5   0.0   0.0   1.0  14.0   15:20   WNW
25  -0.3   1.6   10:06  -1.9   23:31  18.6   0.0   0.0   2.6  16.9   13:59   ESE
26  -1.8  -0.8   13:19  -3.2   19:32   3.7   0.4   0.0   2.4  14.0   13:20    NE
27  -1.6  -1.1   12:58  -2.0   03:37  19.9   0.0   0.0   3.1  24.1   20:59   ESE
28  -3.0  -0.5   14:05  -6.1   19:25  21.3   0.0   0.0   3.5  20.5   15:01    SE
29  -4.6  -3.8   13:59  -5.6   06:50   2.7   0.5   0.0   1.1  10.1   09:08    NE
30  -5.0  -3.6   13:15  -6.0   18:05  23.3   0.0   0.0   0.9  13.0   13:31   ESE
31  -6.0  -2.5   14:22  -8.9   04:44   2.7   0.6   0.0   1.1  10.8   09:26   SSE
----------------------------------------------------------------------------------
     2.2  10.9    22    -8.9    31   423.0   3.7 129.0   3.3  42.8     5      NW

Max >=  30.0:  0
Max <=   0.0:  6
Min <=  20.0: 31
Min <= -10.0:  0
Max Rain: 27.0 on day 11
Days of Rain: 15 (>= 0.2 mm)  13 (>= 2.0 mm)  1 (>= 20.0 mm)
Heat Base: 18.3  Cool Base: 18.3  Method: Integration