ohhh nooe!

Report for 2008 Nov

                   Monthly Climatological Summary for Nov 2008

Name: Dobrava   City: Slovenske Konjice   State: SI
Elevation: 342 m  Lat: N 46° 21' 05"   Lon: E 015° 24' 04"

                  Temperature (°C), Rain (mm), Wind Speed (km/h)

                                      Heat  Cool        Avg
    Mean                              Deg   Deg         Wind                 Dom
Day Temp  High   Time   Low    Time   Days  Days  Rain  Speed High   Time    Dir
----------------------------------------------------------------------------------
 1  12.3  17.2   13:44   8.8   00:00   6.0   0.0  10.0   2.6  16.2   22:18    NW
 2  13.6  19.6   13:29   9.2   23:55   9.4   0.0   0.0   4.2  31.7   05:50   SSW
 3  13.2  20.8   14:28   7.5   01:09   5.1   0.0   0.0   2.5  19.8   12:10    NW
 4  12.6  16.1   13:21   8.5   06:23   5.7   0.0   0.0   1.1  10.8   02:27     N
 5  14.1  18.8   14:48  11.2   23:40   4.2   0.0   5.0   2.6  24.1   05:57    NW
 6  13.1  15.1   14:45  11.4   00:00   5.2   0.0   8.0   0.9  11.5   06:42   NNW
 7  11.4  13.0   11:05   9.7   05:50   6.9   0.0  11.0   0.2  10.1   06:32   NNW
 8  11.3  13.8   12:22  10.0   23:43   7.0   0.0   6.0   0.3   9.4   13:57   ESE
 9   8.9  15.1   14:27   4.6   23:08   9.4   0.0   0.0   3.1  16.2   12:07    NW
10   5.8   7.9   13:33   2.2   06:59  12.5   0.0   0.0   0.2   8.6   01:05     N
11   7.2  10.7   14:42   2.0   23:45  11.1   0.0   0.0   2.0  20.5   13:12   WNW
12   5.4   8.6   14:29   1.6   01:13  12.9   0.0   0.0   0.1   9.4   21:08   ESE
13   7.5   8.0   10:45   7.3   00:00  10.8   0.0   3.0   1.2  13.0   14:03    SE
14   7.7   8.4   14:22   7.3   02:37   8.4   0.0   2.0   0.5  11.5   02:35     S
15   7.5  10.3   14:07   2.0   23:54  11.2   0.0   0.0   0.0   6.5   23:30   SSW
16   5.5  13.8   13:46   0.2   06:48  12.8   0.0   0.0   1.3  13.3   08:30   WSW
17   4.4   9.3   15:00  -1.1   22:29  13.9   0.0   0.0   0.6  11.5   13:52    SE
18   1.0   7.6   14:11  -2.6   04:56  17.3   0.0   0.0   1.0  12.2   12:44   WNW
19   2.6   9.9   14:39  -3.3   06:37  15.7   0.0   0.0   2.3  14.0   13:15   WNW
20   7.8  11.1   13:09   2.0   02:24  10.5   0.0   0.0  11.4  36.7   23:33    NW
21   9.1  10.9   13:45   4.8   23:36   9.2   0.0   2.0  11.8  37.4   03:38   WNW
22   2.0   5.3   14:02  -1.0   04:32   0.0   7.2   0.0  10.5  30.2   12:35   SSE
23   1.7   6.8   14:08  -3.0   19:29  16.6   0.0   0.0  10.0  31.7   09:42    NW
24   3.3   5.3   11:31   1.3   20:30  15.0   0.0   1.0   8.3  45.0   04:02     W
25   1.3   3.9   13:36  -1.7   06:12  17.0   0.0   0.0   1.5  13.0   03:54    NW
26   0.2   3.3   12:17  -2.6   23:27  18.1   0.0   0.0   2.9  14.0   11:05    NW
27  -0.8   5.0   14:16  -4.7   23:59   0.1   5.1   0.0   6.1  22.0   11:45   ESE
28  -1.3   2.4   13:38  -4.7   00:00  19.6   0.0   0.0   1.6  13.3   04:46   NNW
29   2.0   6.4   19:35  -0.9   04:57  16.3   0.0   7.0   4.6  28.1   19:26   WNW
30   5.5   7.3   15:55   1.3   02:25  12.5   0.0  17.0   5.4  27.4   16:56     E
----------------------------------------------------------------------------------
     6.5  20.8     3    -4.7    27   320.4  12.3  72.0   3.4  45.0    24     WNW

Max >=  30.0:  0
Max <=   0.0:  0
Min <=  20.0: 30
Min <= -10.0:  0
Max Rain: 17.0 on day 30
Days of Rain: 11 (>= 0.2 mm)  10 (>= 2.0 mm)  0 (>= 20.0 mm)
Heat Base: 18.3  Cool Base: 18.3  Method: Integration