ohhh nooe!

Report for 2008 Oct

                   Monthly Climatological Summary for Oct 2008

Name: Dobrava   City: Slovenske Konjice   State: SI
Elevation: 342 m  Lat: N 46° 21' 05"   Lon: E 015° 24' 04"

                  Temperature (°C), Rain (mm), Wind Speed (km/h)

                                      Heat  Cool        Avg
    Mean                              Deg   Deg         Wind                 Dom
Day Temp  High   Time   Low    Time   Days  Days  Rain  Speed High   Time    Dir
----------------------------------------------------------------------------------
 1  14.7  17.1   12:32  12.2   07:11   3.6   0.0   0.0   8.9  31.7   15:12     W
 2  15.4  18.9   12:20  12.8   23:59   2.9   0.0   0.0   4.0  28.1   08:57     W
 3  10.7  12.8   00:00   6.7   23:59   7.6   0.0  15.0   0.9  16.9   20:49     S
 4   7.8  13.3   13:49   4.7   23:52  10.5   0.0   7.0   0.9  15.5   03:42    NW
 5   8.8  15.0   14:59   2.6   02:24   9.5   0.0   0.0   6.0  17.6   11:00    NW
 6  13.3  19.0   15:15   9.5   03:48   5.0   0.0   0.0   7.4  21.2   09:08   NNW
 7  14.0  20.2   15:27  10.2   05:02   4.3   0.0   0.0   1.8  14.0   15:44   NNW
 8  13.0  20.5   15:15   7.4   07:25   0.0   5.3   0.0   2.8  19.8   12:15    NW
 9  13.3  19.6   13:55   7.8   07:15   0.0   5.0   0.0   0.2  12.2   12:55   ENE
10  14.0  20.5   15:10   7.4   07:23   4.3   0.0   0.0   0.4  19.8   12:14    SE
11  13.0  20.3   14:59   8.5   03:18   5.3   0.0   0.0   1.0  13.3   14:59   WSW
12  13.2  21.2   14:50   6.5   07:34   5.1   0.0   0.0   0.9  10.1   02:33    NE
13  13.8  21.7   14:58   8.1   07:30   4.5   0.0   0.0   1.3  10.1   12:46     N
14  14.4  22.3   15:27   7.8   07:21   3.9   0.0   0.0   0.4   9.4   13:32   NNE
15  15.7  22.8   15:19  11.2   01:43   0.0  10.5   0.0   0.7  14.0   13:37   SSE
16  16.3  19.6   12:25  10.7   01:36   2.0   0.0   0.0   9.7  38.9   13:06   WNW
17   9.6  17.0   00:04   4.1   22:50   8.7   0.0  36.0   1.0  13.3   00:02    SE
18   7.1  14.1   15:27   3.2   07:20  11.2   0.0   0.0   2.0  14.0   13:20    NE
19   7.0  15.3   15:31   1.4   07:18  11.3   0.0   0.0   0.5   8.6   09:41     S
20   9.8  19.8   15:31   2.1   07:37   8.5   0.0   0.0   0.8  10.1   00:09    SW
21  10.8  19.0   15:27   2.8   07:21   7.5   0.0   0.0   3.6  17.6   13:39    NW
22  11.5  20.0   15:04   4.6   04:05   6.8   0.0   0.0   3.0  21.2   13:04    NW
23   9.5  11.1   09:58   6.8   04:54  14.8   0.0   0.0   0.6  11.5   11:06   ENE
24   7.8  10.6   16:35   4.5   07:45   0.0  10.5   0.0   0.0   6.5   11:05   SSE
25   7.5  10.7   16:42   3.5   07:46  10.8   0.0   0.0   0.2  10.1   10:28    SE
26   7.4   9.8   13:58   1.9   23:28  10.9   0.0   0.0   0.2  10.1   09:19   NNE
27   9.8  16.5   12:50   1.6   04:22   8.5   0.0   0.0   5.0  31.7   14:11   WNW
28  14.0  17.9   10:43  11.7   02:24   4.3   0.0   0.0   2.4  22.7   12:17     W
29  15.9  20.6   14:36  12.5   00:00   2.4   0.0   6.0   3.1  32.4   13:03    NW
30  12.4  16.6   08:56   9.8   14:03   5.9   0.0   7.0   7.9  36.7   09:15     W
31  11.3  15.2   14:30   5.7   04:51   7.0   0.0   0.0   1.8  24.1   00:12   WNW
----------------------------------------------------------------------------------
    11.7  22.8    15     1.4    19   187.1  31.3  71.0   2.5  38.9    16     WNW

Max >=  30.0:  0
Max <=   0.0:  0
Min <=  20.0: 31
Min <= -10.0:  0
Max Rain: 36.0 on day 17
Days of Rain: 5 (>= 0.2 mm)  5 (>= 2.0 mm)  1 (>= 20.0 mm)
Heat Base: 18.3  Cool Base: 18.3  Method: Integration