ohhh nooe!

Report for 2008 Sep

                   Monthly Climatological Summary for Sep 2008

Name: Dobrava   City: Slovenske Konjice   State: SI
Elevation: 342 m  Lat: N 46° 21' 05"   Lon: E 015° 24' 04"

                  Temperature (°C), Rain (mm), Wind Speed (km/h)

                                      Heat  Cool        Avg
    Mean                              Deg   Deg         Wind                 Dom
Day Temp  High   Time   Low    Time   Days  Days  Rain  Speed High   Time    Dir
----------------------------------------------------------------------------------
 1  17.5  23.3   15:30  11.7   06:58   0.8   0.0   0.0  ----  10.1   17:58   ---
 2  18.5  24.5   17:24  12.6   06:42   0.0   0.3   0.0  ----  10.1   15:53   ---
 3  20.8  26.7   15:23  14.9   04:35   0.0   2.5   0.0  ----  24.8   23:23   ---
 4  22.3  25.3   14:05  19.3   06:30   0.0   4.0   0.0  ----  26.3   09:46   ---
 5  22.8  25.7   16:58  19.8   07:25   0.0   4.5   0.0  ----  31.0   21:55   ---
 6  24.3  27.7   17:00  20.9   03:48   0.0   6.0   0.0  ----  28.8   03:55   ---
 7  21.6  26.8   17:06  16.5   06:19   0.0   3.4   2.0  ----  22.0   19:30   ---
 8  18.5  21.5   16:48  15.4   23:59   0.0   0.2  10.0  ----  13.3   01:14   ---
 9  18.5  24.3   15:28  12.6   06:56   0.0   0.2   0.0  ----  12.2   13:56   ---
10  20.1  26.5   15:26  13.7   07:19   0.0   1.8   0.0  ----  13.3   13:57   ---
11  20.9  26.9   15:05  14.9   04:18   0.0   2.6   0.0  ----  17.6   06:36   ---
12  20.9  26.4   14:50  15.4   05:05   0.0   2.6  14.0  ----  16.9   19:49   ---
13  13.5  17.0   03:34  10.0   23:01   4.8   0.0   5.0  ----  16.2   14:45   ---
14   9.4  10.2   00:52   8.5   23:59   8.9   0.0   3.0  ----  12.2   10:37   ---
15  10.1  12.6   14:57   7.5   08:02   8.2   0.0   3.0  ----  14.0   13:34   ---
16   9.3  10.9   13:05   7.6   08:04   9.0   0.0   0.0  ----  12.2   18:32   ---
17   9.6  14.7   15:04   4.6   07:11   8.6   0.0   0.0  ----  13.0   16:00   ---
18  10.9  14.2   16:36   7.5   23:59   7.4   0.0   0.0  ----  12.2   16:36   ---
19   9.6  14.4   17:31   4.8   06:14   8.7   0.0   0.0   0.0  12.2   11:30   ---
20  10.6  14.8   14:48   6.4   03:07   7.7   0.0   0.0   1.5  16.9   14:12   NNE
21  11.3  14.5   14:57   8.1   07:31   7.0   0.0   0.0   0.7  14.8   13:28    NE
22  10.6  12.9   15:57   8.4   07:25   7.6   0.0   1.0   0.2  10.8   16:01   ESE
23  10.9  13.4   15:15   8.3   06:51   7.4   0.0   0.0   0.0   5.8   14:23    NE
24  11.3  15.5   16:58   7.1   03:17   7.0   0.0   1.0   0.5  10.1   12:34   NNE
25  10.8  13.9   14:42   7.6   04:51   7.5   0.0   2.0   0.5  14.0   14:42   ENE
26  11.8  13.7   15:05   9.9   01:40   6.5   0.0   0.0   3.0  20.5   19:46     N
27  11.8  14.1   11:51   9.5   23:34   6.5   0.0   0.0   1.0  19.8   11:26   ENE
28  10.2  14.5   13:33   5.9   23:59   8.1   0.0   0.0   0.5  10.1   14:54   SSE
29  11.3  17.2   15:26   5.4   06:57   7.0   0.0   0.0   2.2  17.6   12:43     N
30  11.5  18.3   14:37   4.7   07:44   6.8   0.0   0.0   6.1  28.1   17:48     W
----------------------------------------------------------------------------------
    14.7  27.7     6     4.6    17   135.9  27.9  41.0   1.5  31.0     5     NNW

Max >=  30.0:  0
Max <=   0.0:  0
Min <=  20.0: 29
Min <= -10.0:  0
Max Rain: 14.0 on day 12
Days of Rain: 9 (>= 0.2 mm)  7 (>= 2.0 mm)  0 (>= 20.0 mm)
Heat Base: 18.3  Cool Base: 18.3  Method: Integration