ohhh nooe!

Report for 2008 Jul

                   Monthly Climatological Summary for Jul 2008

Name: Dobrava   City: Slovenske Konjice   State: SI
Elevation: 342 m  Lat: N 46° 21' 05"   Lon: E 015° 24' 04"

                  Temperature (°C), Rain (mm), Wind Speed (km/h)

                                      Heat  Cool        Avg
    Mean                              Deg   Deg         Wind                 Dom
Day Temp  High   Time   Low    Time   Days  Days  Rain  Speed High   Time    Dir
----------------------------------------------------------------------------------
 1  21.6  27.3   17:43  16.0   05:25   0.0   3.4   0.0  ----  13.0   13:57   ---
 2  20.0  23.8   08:39  16.2   06:11   0.0   1.7   0.0  ----  10.1   07:50   ---
 3  24.5  31.2   16:56  17.8   05:48   0.0   6.2   0.0  ----  30.2   22:00   ---
 4  22.0  27.3   12:31  16.8   23:32   0.0   3.8   7.0  ----  24.8   00:06   ---
 5  20.6  24.9   15:55  16.3   06:16   0.0   2.3   0.0  ----  17.6   14:43   ---
 6  21.8  28.4   16:53  15.1   06:12   0.0   3.5   7.0  ----  38.2   21:55   ---
 7  22.8  28.2   13:12  17.3   02:34   0.0   4.5  10.0  ----  23.4   12:04   ---
 8  15.3  17.8   00:00  12.7   23:51   3.0   0.0  12.0  ----  13.3   20:58   ---
 9  18.3  24.0   17:22  12.5   02:07   0.0   0.0   0.0  ----  16.9   17:23   ---
10  20.1  26.5   17:55  13.8   05:52   0.0   1.9   0.0  ----  16.9   15:30   ---
11  23.0  30.3   17:41  15.8   05:54   0.0   4.8   0.0  ----  17.6   19:56   ---
12  24.0  30.8   16:05  17.3   04:59   0.0   5.8   0.0  ----  20.5   15:17   ---
13  21.8  25.7   13:14  17.9   02:57   0.0   3.5  14.0  ----  27.0   15:16   ---
14  15.9  18.2   02:44  13.7   22:12   2.3   0.0  47.0  ----  16.9   17:17   ---
15  18.1  23.9   17:47  12.3   04:56   0.2   0.0   0.0  ----  22.0   13:17   ---
16  19.2  26.8   17:23  11.6   05:31   0.0   0.9   0.0  ----  22.0   13:42   ---
17  21.3  27.4   15:35  15.2   06:10   0.0   3.0   0.0  ----  24.8   13:15   ---
18  17.5  20.2   16:58  14.8   06:41   0.8   0.0  19.0  ----  10.1   16:54   ---
19  20.0  25.6   17:37  14.4   06:26   0.0   1.7   0.0  ----  17.6   15:04   ---
20  21.3  27.4   13:48  15.2   02:13   0.0   3.0   0.0  ----  19.8   21:44   ---
21  17.2  20.8   00:00  13.6   23:59   1.1   0.0  12.0  ----  17.6   00:06   ---
22  16.5  20.2   18:10  12.7   23:39   1.8   0.0   0.0  ----  20.5   18:17   ---
23  15.4  18.1   12:00  12.8   00:39   2.8   0.0   7.0  ----  37.4   20:02   ---
24  20.2  24.5   16:20  15.9   03:37   0.0   1.9   0.0  ----  24.1   14:55   ---
25  20.5  23.8   15:35  17.2   01:35   0.0   2.2   0.0  ----  14.0   03:53   ---
26  21.4  27.2   14:04  15.6   05:37   0.0   3.1   0.0  ----  13.0   13:25   ---
27  22.8  28.2   15:32  17.3   23:51   0.0   4.5   0.0  ----  19.8   15:32   ---
28  22.0  27.1   15:29  16.8   06:52   0.0   3.7   0.0  ----  13.0   15:48   ---
29  21.9  27.6   16:50  16.1   06:39   0.0   3.6   0.0  ----  16.2   14:20   ---
30  22.3  27.6   15:40  17.0   05:36   0.0   4.0   2.0  ----  10.8   14:37   ---
31  22.0  27.7   16:35  16.3   05:42   0.0   3.7   0.0  ----  13.0   10:41   ---
----------------------------------------------------------------------------------
    20.4  31.2     3    11.6    16    12.2  76.2 137.0  ----  38.2     6     ---

Max >=  30.0:  3
Max <=   0.0:  0
Min <=  20.0: 31
Min <= -10.0:  0
Max Rain: 47.0 on day 14
Days of Rain: 10 (>= 0.2 mm)  10 (>= 2.0 mm)  1 (>= 20.0 mm)
Heat Base: 18.3  Cool Base: 18.3  Method: Integration