ohhh nooe!

Report for 2008 Jun

                   Monthly Climatological Summary for Jun 2008

Name: Dobrava   City: Slovenske Konjice   State: SI
Elevation: 342 m  Lat: N 46° 21' 05"   Lon: E 015° 24' 04"

                  Temperature (°C), Rain (mm), Wind Speed (km/h)

                                      Heat  Cool        Avg
    Mean                              Deg   Deg         Wind                 Dom
Day Temp  High   Time   Low    Time   Days  Days  Rain  Speed High   Time    Dir
----------------------------------------------------------------------------------
 1  22.5  28.6   16:09  16.3   02:47   0.0   4.2   0.0  ----  17.6   09:06   ---
 2  20.4  25.1   17:00  15.6   05:17   0.0   2.1   6.0  ----  19.1   20:24   ---
 3  19.5  24.5   15:18  14.6   04:47   0.0   1.3   6.0  ----  14.8   00:30   ---
 4  18.9  21.8   15:26  15.9   05:54   0.0   0.6   4.0  ----  13.3   19:21   ---
 5  17.5  18.8   18:03  16.3   23:59   0.8   0.0  13.0  ----   9.4   19:04   ---
 6  17.6  20.4   17:39  14.8   06:53   0.7   0.0  29.0  ----  19.8   19:54   ---
 7  17.0  20.3   17:34  13.6   03:33   1.3   0.0   3.0  ----  13.3   17:08   ---
 8  17.4  20.0   16:10  14.7   06:19   0.9   0.0  10.0  ----  13.3   12:15   ---
 9  18.6  23.0   16:37  14.2   05:16   0.0   0.3   4.0  ----  13.3   12:35   ---
10  19.5  25.3   16:50  13.7   03:06   0.0   1.2   0.0  ----  14.0   13:18   ---
11  21.0  26.7   16:02  15.2   05:11   0.0   2.7   3.0  ----  17.6   13:33   ---
12  15.6  16.6   00:01  14.5   02:28   2.7   0.0   1.0  ----  12.2   00:10   ---
13  14.3  18.1   12:09  10.4   20:32   4.0   0.0   5.0  ----  24.1   15:57   ---
14  12.4  15.2   12:53   9.7   23:54   5.8   0.0   6.0  ----  10.1   14:46   ---
15  14.1  18.4   17:43   9.8   00:20   4.2   0.0   0.0  ----  16.9   20:12   ---
16  14.9  18.4   15:49  11.3   06:01   3.4   0.0   0.0  ----  24.1   15:44   ---
17  18.8  22.2   14:42  15.4   03:49   0.0   0.5  28.0  ----  16.2   02:23   ---
18  17.9  21.0   16:24  14.8   23:59   0.4   0.0   7.0  ----  10.1   21:18   ---
19  19.9  26.5   17:20  13.3   05:16   0.0   1.6   0.0  ----  16.9   10:50   ---
20  21.6  27.1   15:11  16.1   05:44   0.0   3.3   0.0  ----  17.6   12:29   ---
21  21.5  28.9   16:55  14.2   03:52   0.0   3.3   0.0  ----  15.5   13:35   ---
22  24.3  31.8   16:54  16.7   05:55   0.0   6.0   0.0  ----  17.6   14:24   ---
23  24.9  31.2   15:29  18.6   02:47   0.0   6.6   0.0  ----  23.4   08:11   ---
24  24.9  31.1   17:46  18.6   02:49   0.0   6.6   0.0  ----  17.6   20:41   ---
25  23.7  29.9   16:19  17.5   05:58   0.0   5.4   0.0  ----  20.5   13:17   ---
26  24.0  28.9   15:59  19.1   05:05   0.0   5.7   0.0  ----  15.5   15:58   ---
27  22.8  27.6   16:43  17.9   06:10   0.0   4.5   1.0  ----  16.2   18:21   ---
28  21.7  26.0   15:41  17.4   23:59   0.0   3.4   0.0  ----  14.0   16:19   ---
29  22.3  29.0   17:02  15.5   05:26   0.0   4.0   0.0  ----  16.9   16:03   ---
30  21.6  25.3   17:12  17.9   05:41   0.0   3.3   1.0  ----  20.5   08:46   ---
----------------------------------------------------------------------------------
    19.7  31.8    22     9.7    14    24.4  66.1 127.0  ----  24.1    13     ---

Max >=  30.0:  3
Max <=   0.0:  0
Min <=  20.0: 30
Min <= -10.0:  0
Max Rain: 29.0 on day 6
Days of Rain: 16 (>= 0.2 mm)  13 (>= 2.0 mm)  2 (>= 20.0 mm)
Heat Base: 18.3  Cool Base: 18.3  Method: Integration