ohhh nooe!

Report for 2008 Feb

                   Monthly Climatological Summary for Feb 2008

Name: Dobrava   City: Slovenske Konjice   State: SI
Elevation: 342 m  Lat: N 46° 21' 05"   Lon: E 015° 24' 04"

                  Temperature (°C), Rain (mm), Wind Speed (km/h)

                                      Heat  Cool        Avg
    Mean                              Deg   Deg         Wind                 Dom
Day Temp  High   Time   Low    Time   Days  Days  Rain  Speed High   Time    Dir
----------------------------------------------------------------------------------
 1   4.8   8.5   23:59   1.2   04:57  13.4   0.0   0.0  ----  46.4   22:15   ---
 2   5.8   9.2   13:25   2.3   22:35  12.5   0.0  10.0  ----  55.1   01:50   ---
 3   3.2   4.4   13:37   2.0   07:00  15.1   0.0   0.0  ----  10.1   04:20   ---
 4   5.0   8.1   15:20   1.9   02:38  13.3   0.0   6.0  ----  15.5   15:02   ---
 5   5.2   7.6   15:24   2.7   19:55  13.1   0.0   7.0  ----  10.1   23:48   ---
 6   7.1  11.4   14:32   2.8   04:17  11.2   0.0   0.0  ----  28.1   11:47   ---
 7   4.6  10.3   13:39  -1.2   23:58  13.7   0.0   0.0  ----  28.1   11:58   ---
 8   2.8   7.7   15:15  -2.1   04:26  15.5   0.0   0.0  ----  17.6   15:17   ---
 9   2.3   7.0   15:23  -2.3   04:54  15.9   0.0   0.0  ----  17.6   11:31   ---
10   1.9   7.1   14:17  -3.4   07:37  16.4   0.0   0.0  ----  19.8   14:27   ---
11   1.4   4.8   14:16  -2.1   21:43  16.9   0.0   0.0  ----  16.9   12:05   ---
12   0.3   4.3   15:15  -3.7   23:59  18.0   0.0   0.0  ----  14.8   15:25   ---
13   1.4   8.1   15:40  -5.4   07:27  16.9   0.0   0.0  ----  12.2   13:57   ---
14  -3.2  -0.9   19:28  -5.5   07:40  21.5   0.0   0.0  ----  13.3   09:06   ---
15  -1.6   1.0   15:18  -4.3   02:19  19.9   0.0   0.0  ----  16.9   15:53   ---
16  -1.5   2.2   15:08  -5.3   07:21  19.8   0.0   0.0  ----  36.0   14:06   ---
17  -3.8   1.7   16:03  -9.3   07:19  22.1   0.0   0.0  ----  16.2   19:21   ---
18   4.2  12.6   15:44  -4.2   00:45  14.1   0.0   0.0  ----  28.1   11:37   ---
19   6.6  14.4   15:21  -1.3   01:44  11.7   0.0   0.0  ----  16.2   05:41   ---
20   4.3  10.2   15:09  -1.7   02:13  14.0   0.0   0.0  ----  28.1   14:34   ---
21   9.1  14.0   15:22   4.3   07:56   9.1   0.0   0.0  ----  31.7   02:44   ---
22   9.1  15.0   15:41   3.2   03:06   9.2   0.0   0.0  ----  24.8   21:05   ---
23  11.1  17.9   14:01   4.4   23:59   7.1   0.0   0.0  ----  24.8   00:08   ---
24  10.3  19.0   15:20   1.6   02:34   8.0   0.0   0.0  ----  24.8   23:50   ---
25  11.9  19.2   15:59   4.6   23:59   6.4   0.0   0.0  ----  30.2   08:23   ---
26   9.6  17.7   15:14   1.4   07:22   8.7   0.0   0.0  ----  31.7   16:12   ---
27  10.6  14.9   13:52   6.3   23:59   7.7   0.0   0.0  ----  28.8   05:47   ---
28   6.6  11.7   15:31   1.4   23:24  11.7   0.0   0.0  ----  12.2   14:35   ---
29   7.1  13.4   15:17   0.7   06:28  11.2   0.0   0.0  ----  31.7   21:55   ---
----------------------------------------------------------------------------------
     4.7  19.2    25    -9.3    17   394.9   0.0  23.0  ----  55.1     2     ---

Max >=  30.0:  0
Max <=   0.0:  1
Min <=  20.0: 29
Min <= -10.0:  0
Max Rain: 10.0 on day 2
Days of Rain: 3 (>= 0.2 mm)  3 (>= 2.0 mm)  0 (>= 20.0 mm)
Heat Base: 18.3  Cool Base: 18.3  Method: Integration