ohhh nooe!

Report for 2008 Jan

                   Monthly Climatological Summary for Jan 2008

Name: Dobrava   City: Slovenske Konjice   State: SI
Elevation: 342 m  Lat: N 46° 21' 05"   Lon: E 015° 24' 04"

                  Temperature (°C), Rain (mm), Wind Speed (km/h)

                                      Heat  Cool        Avg
    Mean                              Deg   Deg         Wind                 Dom
Day Temp  High   Time   Low    Time   Days  Days  Rain  Speed High   Time    Dir
----------------------------------------------------------------------------------
 1  -2.0   2.8   11:47  -6.8   00:53  20.3   0.0   0.0  ----  12.2   14:40   ---
 2  -1.4  -0.2   13:39  -2.5   09:01  19.6   0.0   0.0  ----   8.6   18:00   ---
 3  -3.3  -2.3   00:07  -4.4   02:55  21.6   0.0   0.0  ----  13.3   10:49   ---
 4  -3.4  -2.0   14:43  -4.8   23:59  21.7   0.0   0.0  ----  10.1   21:06   ---
 5  -2.0   0.9   15:19  -4.8   04:12  20.3   0.0   0.0  ----  10.1   15:16   ---
 6   4.0   8.7   14:51  -0.8   00:56  14.3   0.0   4.0  ----  18.4   15:15   ---
 7   3.9   7.9   15:39  -0.1   03:21  14.4   0.0   0.0  ----  24.8   17:07   ---
 8   5.1   9.9   14:54   0.2   23:06  13.2   0.0   0.0  ----  17.6   10:29   ---
 9   1.8   6.6   13:31  -3.1   08:03  16.5   0.0   0.0  ----  21.2   14:47   ---
10   1.5   6.2   21:25  -3.3   08:33  16.8   0.0   0.0  ----  17.6   23:26   ---
11   6.7   9.4   23:39   4.0   04:27  11.6   0.0   0.0  ----  36.0   10:37   ---
12  10.2  13.1   14:07   7.3   19:03   8.1   0.0   0.0  ----  26.3   12:23   ---
13   5.9   7.6   00:11   4.2   23:59  12.4   0.0   2.0  ----  14.8   02:28   ---
14   5.7   7.6   13:56   3.7   03:58  12.6   0.0   0.0  ----  19.8   12:07   ---
15   7.2   9.5   13:27   4.9   00:09  11.1   0.0   0.0  ----  38.2   13:46   ---
16   7.4   9.5   14:40   5.4   23:59  10.8   0.0   0.0  ----  31.7   18:42   ---
17   6.5   7.8   11:29   5.2   00:33  11.8   0.0   4.0  ----   9.4   15:32   ---
18   8.3  12.0   15:09   4.5   06:30  10.0   0.0   0.0  ----  20.5   11:21   ---
19   7.9  10.0   14:04   5.8   01:38  10.4   0.0   0.0  ----  30.2   08:07   ---
20   8.9  13.1   13:53   4.7   06:50   9.4   0.0   0.0  ----  20.5   11:03   ---
21   8.6  12.1   14:44   5.1   23:04   9.7   0.0   0.0  ----  36.0   22:21   ---
22   6.5   9.3   13:34   3.7   23:59  11.8   0.0   0.0  ----  38.2   19:39   ---
23   1.9   6.5   15:43  -2.8   23:02  16.4   0.0   0.0  ----  24.8   13:45   ---
24   3.1   8.6   15:45  -2.4   00:56  15.2   0.0   0.0  ----  20.5   11:17   ---
25   2.3   6.5   15:31  -2.0   05:30  16.0   0.0   0.0  ----  16.2   08:03   ---
26   3.8  11.7   15:42  -4.1   07:49  14.5   0.0   0.0  ----  26.3   23:14   ---
27   8.9  14.9   15:28   3.0   07:15   9.3   0.0   0.0  ----  36.7   15:22   ---
28   3.9   6.0   14:46   1.8   04:27  14.4   0.0   0.0  ----  13.0   23:39   ---
29   3.2   8.4   15:30  -2.0   07:32  15.1   0.0   0.0  ----  13.0   00:58   ---
30   3.5   7.2   13:03  -0.1   04:12  14.7   0.0   0.0  ----  21.2   13:01   ---
----------------------------------------------------------------------------------
     4.1  14.9    27    -6.8     1   424.6   0.0  10.0  ----  38.2    15     ---

Max >=  30.0:  0
Max <=   0.0:  3
Min <=  20.0: 30
Min <= -10.0:  0
Max Rain: 4.0 on day 6
Days of Rain: 3 (>= 0.2 mm)  3 (>= 2.0 mm)  0 (>= 20.0 mm)
Heat Base: 18.3  Cool Base: 18.3  Method: Integration