ohhh nooe!

Report for 2007 Aug

                   Monthly Climatological Summary for Aug 2007

Name: Dobrava   City: Slovenske Konjice   State: SI
Elevation: 342 m  Lat: N 46° 21' 05"   Lon: E 015° 24' 04"

                  Temperature (°C), Rain (mm), Wind Speed (km/h)

                                      Heat  Cool        Avg
    Mean                              Deg   Deg         Wind                 Dom
Day Temp  High   Time   Low    Time   Days  Days  Rain  Speed High   Time    Dir
----------------------------------------------------------------------------------
 1  15.7  22.7   17:30   8.7   06:46   2.6   0.0   0.0  ----  13.3   13:53   ---
 2  19.7  27.7   17:55  11.7   05:24   0.0   1.4   0.0  ----  14.8   10:32   ---
 3  16.7  19.4   09:38  14.0   06:43   1.6   0.0  10.0  ----  10.1   22:43   ---
 4  18.6  23.6   15:27  13.7   02:58   0.0   0.4   0.0  ----  13.0   16:44   ---
 5  17.5  24.2   16:56  10.9   06:31   0.8   0.0   0.0  ----  24.8   10:09   ---
 6  19.9  27.3   16:22  12.5   04:45   0.0   1.6   0.0  ----  12.2   15:10   ---
 7  22.4  29.2   16:35  15.6   05:23   0.0   4.1   0.0  ----  12.2   13:29   ---
 8  22.3  27.4   16:42  17.2   03:59   0.0   4.0   0.0  ----  19.8   13:09   ---
 9  20.9  25.9   13:57  15.9   23:59   0.0   2.6   7.0  ----  19.8   00:45   ---
10  16.9  20.2   13:57  13.6   05:08   1.4   0.0  22.0  ----  13.3   13:47   ---
11  16.7  18.3   18:34  15.1   07:24   1.6   0.0   9.0  ----  10.1   23:28   ---
12  20.0  24.7   13:50  15.2   01:07   0.0   1.7   3.0  ----  16.9   08:34   ---
13  19.5  25.3   14:53  13.6   05:41   0.0   1.2   9.0  ----  24.1   17:02   ---
14  22.3  27.9   17:42  16.6   00:00   0.0   4.0   0.0  ----  13.0   15:14   ---
15  23.6  29.8   17:22  17.5   02:38   0.0   5.4   0.0  ----  15.5   07:08   ---
16  23.4  29.8   16:51  17.0   04:37   0.0   5.1   0.0  ----  19.8   11:13   ---
17  21.1  26.8   15:56  15.4   23:32   0.0   2.8  19.0  ----  21.2   19:52   ---
18  17.9  21.8   15:18  13.9   06:21   0.4   0.0   0.0  ----  10.1   13:59   ---
19  20.9  24.9   17:07  16.9   06:23   0.0   2.6   0.0  ----   8.6   16:50   ---
20  16.9  19.2   12:19  14.5   23:59   1.4   0.0  40.0  ----  19.8   13:27   ---
21  17.7  23.2   14:56  12.2   06:27   0.6   0.0   2.0  ----  16.9   11:56   ---
22  20.9  25.3   16:51  16.4   07:37   0.0   2.6  14.0  ----  16.9   12:19   ---
23  20.5  25.2   14:31  15.9   23:59   0.0   2.3   2.0  ----  27.0   19:00   ---
24  21.1  26.6   15:11  15.6   00:46   0.0   2.8   0.0  ----  15.5   04:36   ---
25  21.9  26.4   15:03  17.4   07:10   0.0   3.6   0.0  ----  14.0   04:49   ---
26  22.1  27.3   17:28  17.0   05:57   0.0   3.9   0.0  ----   8.6   22:07   ---
27  23.0  29.3   17:28  16.6   06:26   0.0   4.7   0.0  ----  13.0   16:13   ---
28  20.4  24.9   13:58  15.8   21:22   0.0   2.1  11.0  ----  19.8   16:21   ---
29  16.4  17.8   18:16  15.0   01:43   1.9   0.0  22.0  ----   8.6   12:29   ---
30  14.4  16.1   00:06  12.7   23:01   3.9   0.0   6.0  ----  13.3   13:24   ---
31  15.0  17.3   16:00  12.7   06:00   3.3   0.0   0.0  ----   7.9   23:43   ---
----------------------------------------------------------------------------------
    19.6  29.8    15     8.7     1    19.5  58.4 176.0  ----  27.0    23     ---

Max >=  30.0:  0
Max <=   0.0:  0
Min <=  20.0: 31
Min <= -10.0:  0
Max Rain: 40.0 on day 20
Days of Rain: 14 (>= 0.2 mm)  14 (>= 2.0 mm)  3 (>= 20.0 mm)
Heat Base: 18.3  Cool Base: 18.3  Method: Integration