ohhh nooe!

Report for 2007 Jul

                   Monthly Climatological Summary for Jul 2007

Name: Dobrava   City: Slovenske Konjice   State: SI
Elevation: 342 m  Lat: N 46° 21' 05"   Lon: E 015° 24' 04"

                  Temperature (°C), Rain (mm), Wind Speed (km/h)

                                      Heat  Cool        Avg
    Mean                              Deg   Deg         Wind                 Dom
Day Temp  High   Time   Low    Time   Days  Days  Rain  Speed High   Time    Dir
----------------------------------------------------------------------------------
 1  21.5  29.1   17:37  13.8   06:01   0.0   3.2   0.0  ----  14.0   18:50   ---
 2  22.2  29.1   14:33  15.3   00:53   0.0   3.9   1.0  ----  22.7   11:03   ---
 3  18.6  24.3   14:00  13.0   06:32   0.0   0.4   1.0  ----  20.5   22:20   ---
 4  15.6  20.8   00:26  10.3   22:28   2.7   0.0  19.0  ----  21.2   21:02   ---
 5  16.0  22.3   15:01   9.8   06:26   2.3   0.0   0.0  ----  17.6   09:54   ---
 6  18.2  25.9   17:47  10.5   04:47   0.1   0.0   0.0  ----  17.6   14:54   ---
 7  22.0  29.0   00:00  13.3   00:00   0.0   3.7   0.0  ----   0.0   00:00   ---
 8  22.0  28.5   00:00  12.6   00:00   0.0   3.7   0.0  ----   0.0   00:00   ---
 9  23.9  30.2   00:00  15.0   00:00   0.0   5.6   0.0  ----   0.0   00:00   ---
10  12.1  23.0   00:00  11.5   00:00   6.2   0.0   0.0  ----   0.0   00:00   ---
11  13.8  21.0   00:00   8.5   00:00   4.5   0.0   0.0  ----   0.0   00:00   ---
12  16.5  23.4   21:19   9.2   23:59   1.8   0.0   0.0  ----   7.9   22:13   ---
13  19.0  27.0   17:22  11.0   04:16   0.0   0.7   0.0  ----  13.0   16:21   ---
14  22.1  30.7   17:40  13.5   04:27   0.0   3.8   0.0  ----  14.0   13:10   ---
15  23.9  33.0   17:05  14.7   04:31   0.0   5.6   0.0  ----  13.3   17:31   ---
16  24.9  32.8   17:04  17.0   04:53   0.0   6.6   0.0  ----  21.2   14:01   ---
17  27.6  35.0   15:54  20.2   04:23   0.0   9.3   0.0  ----  20.5   08:22   ---
18  26.6  34.8   17:17  18.5   06:21   0.0   8.4   0.0  ----  19.8   15:04   ---
19  25.9  34.1   17:12  17.7   03:51   0.0   7.6   0.0  ----   9.4   16:28   ---
20  27.5  35.6   16:01  19.5   02:20   0.0   9.3   0.0  ----  12.2   14:22   ---
21  25.5  32.6   17:32  18.4   06:50   0.0   7.2   0.0  ----  13.3   12:02   ---
22  23.8  32.1   15:35  15.5   06:15   0.0   5.5   0.0  ----  21.2   14:01   ---
23  22.5  30.4   16:41  14.5   03:00   0.0   4.2   1.0  ----  21.2   22:30   ---
24  20.5  27.3   17:52  13.7   23:59   0.0   2.2   4.0  ----  27.4   10:54   ---
25  19.4  25.4   16:21  13.3   06:31   0.0   1.1   0.0  ----  14.0   15:49   ---
26  19.8  27.3   16:27  12.3   05:36   0.0   1.5   0.0  ----  13.3   10:54   ---
27  22.8  30.7   16:55  14.8   00:58   0.0   4.5   0.0  ----  21.2   19:00   ---
28  23.1  30.3   17:26  16.0   03:53   0.0   4.9   0.0  ----  22.7   19:23   ---
29  22.5  26.5   16:17  18.4   06:23   0.0   4.2   1.0  ----  11.5   12:40   ---
30  15.5  19.8   00:33  11.2   23:59   2.8   0.0  53.0  ----  14.0   09:55   ---
31  14.1  20.5   17:46   7.8   06:00   4.1   0.0   0.0  ----  13.3   16:54   ---
----------------------------------------------------------------------------------
    20.9  35.6    20     7.8    31    24.5 106.6  80.0  ----  27.4    24     ---

Max >=  30.0: 13
Max <=   0.0:  0
Min <=   0.0:  0
Min <= -10.0:  0
Max Rain: 53.0 on day 30
Days of Rain: 7 (>= 0.2 mm)  3 (>= 2.0 mm)  1 (>= 20.0 mm)
Heat Base: 18.3  Cool Base: 18.3  Method: Integration