ohhh nooe!

Report for 2007 Mar

                   Monthly Climatological Summary for Mar 2007

Name: Dobrava   City: Slovenske Konjice   State: SI
Elevation: 342 m  Lat: N 46° 21' 05"   Lon: E 015° 24' 04"

                  Temperature (°C), Rain (mm), Wind Speed (km/h)

                                      Heat  Cool        Avg
    Mean                              Deg   Deg         Wind                 Dom
Day Temp  High   Time   Low    Time   Days  Days  Rain  Speed High   Time    Dir
----------------------------------------------------------------------------------
 1   7.8  13.0   15:58   2.5   05:14  10.5   0.0   0.0  ----  41.4   20:55   ---
 2   7.1  11.6   15:10   2.6   23:40  11.2   0.0   9.0  ----  38.2   00:43   ---
 3   7.9  13.2   14:24   2.6   04:47  10.4   0.0   1.0  ----  30.2   18:30   ---
 4   7.7  15.0   15:09   0.4   22:22  10.6   0.0   0.0  ----  19.8   13:29   ---
 5   8.8  17.9   15:14  -0.4   06:11   9.5   0.0   0.0  ----  27.4   11:20   ---
 6   9.3  16.6   11:38   2.0   02:17   9.0   0.0   0.0  ----  24.8   15:42   ---
 7  11.3  15.1   10:48   7.4   05:44   7.0   0.0   2.0  ----  21.2   09:28   ---
 8   8.3   9.9   15:27   6.7   23:59  10.0   0.0  18.0  ----  14.8   20:56   ---
 9   6.2  11.0   14:10   1.4   22:41  12.1   0.0   0.0  ----  24.1   13:10   ---
10   8.2  15.8   13:07   0.6   04:21  10.1   0.0   0.0  ----  28.1   16:09   ---
11   6.2  11.8   13:55   0.5   23:59  12.1   0.0   0.0  ----  36.0   00:22   ---
12   7.4  15.3   15:01  -0.4   00:24  10.8   0.0   0.0  ----  14.0   16:06   ---
13   9.4  18.2   14:57   0.7   05:43   8.8   0.0   0.0  ----  14.0   15:16   ---
14  11.6  20.0   14:49   3.3   00:33   6.6   0.0   0.0  ----  16.2   15:44   ---
15   8.6  16.1   12:15   1.2   05:53   9.6   0.0   0.0  ----  14.8   13:25   ---
16   8.6  16.8   13:34   0.4   06:44   9.7   0.0   0.0  ----  13.3   13:34   ---
17  10.3  19.4   13:34   1.2   04:21   8.0   0.0   0.0  ----  20.5   13:40   ---
18  11.1  18.3   13:34   3.9   04:11   7.2   0.0   0.0  ----  41.0   19:17   ---
19   6.3  12.2   03:05   0.4   22:43  12.0   0.0  10.0  ----  28.1   01:07   ---
20   1.9   5.3   16:15  -1.6   23:28  16.4   0.0   1.0  ----  13.0   19:14   ---
21   3.2   9.3   13:43  -3.0   06:07  15.1   0.0   0.0  ----  14.0   13:45   ---
22   1.5   7.1   15:55  -4.1   04:27  16.8   0.0   0.0  ----  14.0   16:44   ---
23   5.9  10.7   13:34   1.1   07:01  12.4   0.0   0.0  ----  28.8   22:26   ---
24   4.0   5.0   09:01   2.9   23:59  14.3   0.0   6.0  ----  31.7   00:03   ---
25   7.1  11.2   15:16   2.9   00:35  11.2   0.0   1.0  ----  16.2   14:07   ---
26   8.1  14.6   13:18   1.6   06:20  10.2   0.0   1.0  ----  25.6   15:54   ---
27   6.5  13.5   14:02  -0.5   06:49  11.8   0.0   0.0  ----  23.4   12:51   ---
28   6.8  13.6   14:14  -0.1   06:58  11.5   0.0   0.0  ----  23.4   13:23   ---
29   7.4  13.7   13:53   1.2   23:59  10.8   0.0   0.0  ----  16.9   14:28   ---
30   4.6   9.9   16:29  -0.7   06:36  13.7   0.0   0.0  ----   9.4   03:54   ---
31  10.5  14.8   12:10   6.2   06:47   7.8   0.0   1.0  ----  15.5   12:42   ---
----------------------------------------------------------------------------------
     7.4  20.0    14    -4.1    22   337.9   0.0  50.0  ----  41.4     1     ---

Max >=  30.0:  0
Max <=   0.0:  0
Min <=  20.0: 31
Min <= -10.0:  0
Max Rain: 18.0 on day 8
Days of Rain: 10 (>= 0.2 mm)  5 (>= 2.0 mm)  0 (>= 20.0 mm)
Heat Base: 18.3  Cool Base: 18.3  Method: Integration