ohhh nooe!

Report for 2007 Feb

                   Monthly Climatological Summary for Feb 2007

Name: Dobrava   City: Slovenske Konjice   State: SI
Elevation: 342 m  Lat: N 46° 21' 05"   Lon: E 015° 24' 04"

                  Temperature (°C), Rain (mm), Wind Speed (km/h)

                                      Heat  Cool        Avg
    Mean                              Deg   Deg         Wind                 Dom
Day Temp  High   Time   Low    Time   Days  Days  Rain  Speed High   Time    Dir
----------------------------------------------------------------------------------
 1   4.9  11.8   14:48  -2.0   23:59  13.4   0.0   0.0  ----  38.2   05:45   ---
 2   4.3  11.9   14:43  -3.2   07:47  13.9   0.0   0.0  ----  14.8   12:41   ---
 3   4.5  10.9   15:39  -1.9   01:29  13.8   0.0   0.0  ----  29.5   15:02   ---
 4   4.4  12.3   14:57  -3.4   06:57  13.8   0.0   0.0  ----  28.1   13:55   ---
 5   3.9  12.6   14:58  -4.8   07:35  14.4   0.0   0.0  ----  31.0   15:57   ---
 6   6.7  10.0   11:20   3.4   06:30  11.6   0.0   3.0  ----  31.7   14:26   ---
 7   4.8   6.0   16:01   3.5   08:49  13.5   0.0   5.0  ----  16.2   01:54   ---
 8   7.5  10.3   13:01   4.7   06:48  10.8   0.0   0.0  ----  36.0   12:38   ---
 9   5.8  10.0   14:44   1.7   22:13  12.4   0.0   5.0  ----  21.2   00:23   ---
10   7.2  13.7   13:27   0.6   23:39  11.1   0.0   0.0  ----  14.0   15:03   ---
11   3.5   8.0   14:36  -0.9   05:28  14.7   0.0   0.0  ----  24.8   22:36   ---
12   6.6  10.8   12:42   2.4   02:14  11.7   0.0   5.0  ----  36.7   17:03   ---
13   6.2  10.9   14:29   1.4   23:47  12.1   0.0  15.0  ----  17.6   14:08   ---
14   7.2  14.5   14:56  -0.1   02:44  11.1   0.0   0.0  ----  21.2   23:11   ---
15   6.9  13.7   13:20   0.2   23:23  11.3   0.0   0.0  ----  20.5   00:33   ---
16   4.1   8.8   11:13  -0.6   01:10  14.2   0.0   0.0  ----  14.0   13:25   ---
17   2.8   6.3   16:12  -0.6   23:02  15.4   0.0   0.0  ----  17.6   16:01   ---
18   2.2   5.0   14:11  -0.6   00:21  16.1   0.0   0.0  ----  14.0   23:43   ---
19   4.0  11.1   15:40  -3.2   07:17  14.3   0.0   0.0  ----  19.8   00:47   ---
20   5.2  13.7   15:47  -3.3   07:29  13.1   0.0   0.0  ----  17.6   10:14   ---
21   8.3  16.5   13:07   0.1   04:03  10.0   0.0   0.0  ----  25.6   13:19   ---
22   9.3  14.9   13:44   3.7   04:02   9.0   0.0   0.0  ----  20.5   06:40   ---
23   9.4  13.7   13:24   5.0   18:48   8.9   0.0   0.0  ----  12.2   14:54   ---
24   6.6  10.5   12:45   2.6   04:20  11.7   0.0   0.0  ----  15.5   19:07   ---
25   5.7  10.6   15:13   0.7   03:07  12.6   0.0   8.0  ----  13.3   21:55   ---
26   6.3  11.5   15:25   1.2   21:41  11.9   0.0  14.0  ----  16.9   14:19   ---
27   6.4  14.2   15:10  -1.4   06:57  11.9   0.0   0.0  ----  27.4   14:52   ---
28   7.7  12.6   16:08   2.8   04:36  10.6   0.0   0.0  ----  28.8   11:13   ---
----------------------------------------------------------------------------------
     5.8  16.5    21    -4.8     5   350.0   0.0  55.0  ----  38.2     1     ---

Max >=  30.0:  0
Max <=   0.0:  0
Min <=  20.0: 28
Min <= -10.0:  0
Max Rain: 15.0 on day 13
Days of Rain: 7 (>= 0.2 mm)  7 (>= 2.0 mm)  0 (>= 20.0 mm)
Heat Base: 18.3  Cool Base: 18.3  Method: Integration