ohhh nooe!

Report for 2006 Dec

                   Monthly Climatological Summary for Dec 2006

Name: Dobrava   City: Slovenske Konjice   State: SI
Elevation: 342 m  Lat: N 46° 21' 05"   Lon: E 015° 24' 04"

                  Temperature (°C), Rain (mm), Wind Speed (km/h)

                                      Heat  Cool        Avg
    Mean                              Deg   Deg         Wind                 Dom
Day Temp  High   Time   Low    Time   Days  Days  Rain  Speed High   Time    Dir
------------------------------------------------------------------------------------
01   6.2   8.5   12:22   2.4   23:57  11.9    0.0   0.0   0.0   0.0   00:00     N
02   4.1  10.4   11:54  -1.9   23:20  14.2    0.0   0.0   0.0   0.0   00:00     N
03   4.0  10.5   11:53  -3.8   06:01  14.3    0.0   0.0   0.0   0.0   00:00     N
04   5.9  12.6   13:54   0.3   22:53  10.1    0.0   0.0   0.0   0.0   00:00     N
05   9.2  13.8   12:49   0.3   00:52   9.1    0.0   0.0   0.0   0.0   00:00     N
06  12.6  14.2   16:49   9.8   23:54   5.7    0.0   0.0   0.0   0.0   00:00     N
07   8.7  10.3   13:39   6.0   21:31   9.6    0.0   0.0   0.0   0.0   00:00     N
08  12.2  14.4   11:01   9.3   01:02   6.1    0.0   2.0   0.0   0.0   00:00     N
09   8.8  11.4   14:42   5.1   22:04   9.1    0.0   6.0   0.0   0.0   00:00     N
10   5.4   7.4   11:16   3.0   22:14  12.9    0.0   8.0   0.0   0.0   00:00     N
11   3.5   8.5   10:12  -0.5   17:55  14.7    0.0   0.0   0.0   0.0   00:01     N
12   1.3   8.0   11:37  -2.5   23:35  16.5    0.0   0.0   0.0   0.0   00:00     N
13  -0.2   7.4   12:02  -4.1   04:19  18.5    0.0   0.0   0.0   0.0   00:00     N
14   1.3  10.7   12:01  -4.2   00:30  17.0    0.0   0.0   0.0   0.0   00:00     N
15   1.8  12.4   12:01  -3.1   06:46  16.5    0.0   0.0   0.0   0.0   00:01     N
16   5.3  10.5   13:23  -1.8   01:56  14.4    0.0   0.0   0.0   0.0   00:00     N
17   5.4   9.9   05:01   0.0   18:28  13.0    0.0   0.0   0.0   0.0   00:00     N
18   2.4   3.2   06:17   1.1   23:10  15.9    0.0   9.0   0.0   0.0   00:00     N
19   1.3   3.4   11:16  -3.9   23:53  17.0    0.0   0.0   0.0   0.0   00:00     N
20  -1.9   4.1   12:07  -5.4   04:29  20.2    0.0   0.0   0.0   0.0   00:00     N
21   2.7   4.8   12:54  -1.0   00:00  15.6    0.0   0.0   0.0   0.0   00:00     N
22   1.4   4.3   11:14  -2.6   17:30  17.0    0.0   0.0   0.0   0.0   00:00     N
23  -1.0   5.7   12:06  -4.1   23:58  19.3    0.0   0.0   0.0   0.0   00:00     N
24  -0.3   2.3   11:09  -4.7   01:37  18.5    0.0   0.0   0.0   0.0   00:00     N
25  -0.1   3.3   12:57  -3.8   02:28  18.4    0.0   0.0   0.0   0.0   00:00     N
26  -0.3   4.1   11:11  -3.2   22:41  18.6    0.0   0.0   0.0   0.0   00:00     N
27  -1.7   3.5   12:08  -5.5   04:56  20.0    0.0   0.0   0.0   0.0   00:00     N
28   1.4   8.1   12:08  -5.1   05:40  16.9    0.0   0.0   0.0   0.0   00:00     N
29  -0.0   7.0   12:54  -3.9   05:10  18.3    0.0   0.0   0.0   0.0   00:00     N
30   2.9   8.2   12:10  -1.2   00:00  15.3    0.0   0.0   0.0   0.0   00:00     N
31   6.0   9.0   13:15   2.6   00:05  12.3    0.0   0.0   0.0   0.0   00:00     N
-------------------------------------------------------------------------------------
     3.4  14.4     8    -5.5    27   456.9   0.0  25.0   0.0   0.0     1       N

Max >=   32.0:  0
Max <=    0.0:  0
Min <=    0.0: 21
Min <=  -18.0:  0
Max Rain: 9.00 ON 18/12/06
Days of Rain: 4 (> .2 mm) 3 (> 2 mm) 0 (> 20 mm)
Heat Base:  18.3  Cool Base:  18.3  Method: Integration