ohhh nooe!

Report for 2006 Nov

                   Monthly Climatological Summary for Nov 2006

Name: Dobrava   City: Slovenske Konjice   State: SI
Elevation: 342 m  Lat: N 46° 21' 05"   Lon: E 015° 24' 04"

                  Temperature (°C), Rain (mm), Wind Speed (km/h)

                                      Heat  Cool        Avg
    Mean                              Deg   Deg         Wind                 Dom
Day Temp  High   Time   Low    Time   Days  Days  Rain  Speed High   Time    Dir
------------------------------------------------------------------------------------
01   8.1  11.0   02:27   3.1   23:58  10.2    0.0   4.0   0.0   0.0   00:00     N
02   0.9   6.8   14:14  -4.7   21:41  16.7    0.0   0.0   0.0   0.0   00:00     N
03   1.7   6.5   12:56  -1.8   23:49  13.9    0.0   0.0   0.0   0.0   03:57     N
04   1.9   8.5   14:12  -4.2   03:08  16.4    0.0   0.0   0.0   0.0   00:00     N
05   6.6   9.4   14:29   2.5   00:00  11.5    0.0   0.0   0.0   0.0   00:00     N
06   7.1  12.1   14:09   0.6   23:29  11.2    0.0   0.0   0.0   0.0   00:00     N
07   4.6  15.3   14:27  -1.0   02:47  13.7    0.0   0.0   0.0   0.0   00:00     N
08   9.6  16.8   14:26  -0.8   00:57   8.6    0.0   0.0   0.0   0.0   00:00     N
09   9.6  15.2   11:39   7.8   06:17   4.9    0.0   0.0   0.0   0.0   00:00     N
10   4.5  14.0   10:45  -2.0   21:28  13.1    0.0   0.0   0.0   0.0   00:52     N
11   6.1  10.2   12:44  -1.0   00:45  11.8    0.0   0.0   0.0   0.0   00:38     N
12   8.1  14.4   15:08   2.5   20:41  10.2    0.0   0.0   0.0   0.0   00:00     N
13   6.3  12.0   10:53   0.6   02:32  11.9    0.0   0.0   0.0   0.0   00:00     N
14  11.2  15.5   12:36   8.7   00:24   7.1    0.0   0.0   0.0   0.0   00:01     N
15  12.8  18.3   13:29  10.2   04:19   5.6    0.0   0.0   0.0   0.0   00:00     N
16  13.6  17.8   12:41  10.6   05:41   4.7    0.0   0.0   0.0   0.0   00:00     N
17  14.8  18.1   12:45  11.8   19:45   3.6    0.0   0.0   0.0   0.0   00:00     N
18  14.2  17.6   12:59   9.0   23:59   4.1    0.0   0.0   0.0   0.0   00:00     N
19  10.6  16.3   12:54   7.9   00:24   7.6    0.0   0.0   0.0   0.0   00:00     N
20   8.7   9.9   01:17   7.7   22:24   9.3    0.0   6.0   0.0   0.0   00:00     N
21   8.8  11.2   13:33   6.2   19:07   8.3    0.0   0.0   0.0   0.0   02:41     N
22   6.5   9.2   00:00   5.3   16:50  11.8    0.0  23.0   0.0   0.0   00:00     N
23   6.3  13.1   12:53   1.7   23:05  12.3    0.0   0.0   0.0   0.0   00:00     N
24   9.4  14.3   12:50   2.6   00:00   8.9    0.0   0.0   0.0   0.0   00:00     N
25  13.8  16.1   10:50  12.2   00:00   4.4    0.0   0.0   0.0   0.0   00:00     N
26  11.8  18.2   12:55   5.6   17:45   7.0    0.0   0.0   0.0   0.0   00:00     N
27   7.2   9.5   14:22   5.3   06:22  11.1    0.0   0.0   0.0   0.0   00:02     N
28   6.6  10.4   13:17   1.8   23:57  11.7    0.0   0.0   0.0   0.0   00:02     N
29   4.1   7.1   13:12   0.3   07:17  14.1    0.0   0.0   0.0   0.0   00:02     N
30   6.1   7.7   12:42   5.1   04:22  12.1    0.0   2.0   0.0   0.0   00:02     N
-------------------------------------------------------------------------------------
     8.0  18.3    15    -4.7     2   297.9   0.0  35.0   0.0   0.0     1       N

Max >=   32.0:  0
Max <=    0.0:  0
Min <=    0.0:  7
Min <=  -18.0:  0
Max Rain: 23.00 ON 22/11/06
Days of Rain: 4 (> .2 mm) 3 (> 2 mm) 1 (> 20 mm)
Heat Base:  18.3  Cool Base:  18.3  Method: Integration