ohhh nooe!

Report for 2006 Oct

                   Monthly Climatological Summary for Oct 2006

Name: Dobrava   City: Slovenske Konjice   State: SI
Elevation: 342 m  Lat: N 46° 21' 05"   Lon: E 015° 24' 04"

                  Temperature (°C), Rain (mm), Wind Speed (km/h)

                                      Heat  Cool        Avg
    Mean                              Deg   Deg         Wind                 Dom
Day Temp  High   Time   Low    Time   Days  Days  Rain  Speed High   Time    Dir
------------------------------------------------------------------------------------
01  18.1  24.6   14:11  13.6   01:07   1.6    1.4   0.0   0.0   0.0   00:00     N
02  18.6  22.4   14:53  15.1   01:09   0.7    1.0   0.0   0.0   0.0   00:00     N
03  20.0  22.2   12:34  17.9   05:55   0.0    1.7   0.0   3.0 181.0   21:58     N
04  15.6  20.4   02:45  11.2   23:09   3.7    0.3  27.0  82.6 183.0   06:10     N
05  12.0  19.2   15:24   9.0   20:21   6.3    0.0   5.0 152.1 183.0   22:05     N
06  11.4  20.8   12:19   6.3   05:02   7.0    0.1   0.0 130.6 183.0   00:42     N
07  12.5  18.9   12:30   6.4   07:33   5.9    0.0   0.0 110.9 183.0   00:00     N
08  12.5  18.9   13:34   7.7   21:25   5.2    0.0   1.0 148.6 183.0   06:19     N
09  11.5  19.8   15:25   5.6   06:55   5.8    0.0   0.0  91.7 183.0   05:53     N
10  11.7  20.8   12:26   6.8   06:30   6.8    0.2   0.0 117.7 183.0   00:56     N
11  11.2  19.1   15:32   6.2   05:52   7.1    0.0   0.0 117.7 183.0   00:01     N
12  11.1  19.6   15:30   5.4   06:04   7.1    0.0   0.0 101.9 183.0   00:20     N
13  11.6  18.4   13:28   5.8   06:42   6.7    0.0   0.0 163.6 183.0   00:01     N
14  12.2  17.7   15:28   6.9   23:59   6.4    0.0   0.0 171.0 183.0   00:24     N
15   9.6  19.0   15:26   4.9   04:07   8.6    0.0   0.0 139.8 183.0   03:38     N
16   8.3  14.7   15:28   2.1   23:59   9.5    0.0   0.0 139.6 183.0   22:36     N
17   6.6  15.5   15:30   0.4   05:56   8.7    0.0   0.0  99.0 183.0   00:42     N
18   5.6  16.2   15:23  -1.0   05:39  12.7    0.0   0.0 131.9 183.0   00:12     N
19  11.3  16.8   12:10   2.6   00:00   7.0    0.0   0.0 147.2 183.0   00:33     N
20  12.9  15.2   23:45  11.1   00:11   4.5    0.0   0.0 104.8 183.0   08:34     N
21  15.0  20.0   13:20  10.2   08:08   3.4    0.1   0.0 124.7 183.0   04:11     N
22  14.4  20.7   14:05  10.5   20:37   4.1    0.1   0.0 147.3 183.0   01:38     N
23  16.7  20.0   15:13  12.0   01:19   1.7    0.1   0.0  93.0 183.0   00:00     N
24  17.7  20.0   11:24  13.3   23:58   1.0    0.4  15.0  98.0 180.0   18:06     N
25  14.4  20.6   15:58  10.9   21:31   4.1    0.2   8.0 128.2 183.0   01:05     N
26  16.1  21.0   15:31  11.0   04:39   3.1    0.2   0.0 129.4 183.0   00:14     N
27  15.6  22.8   15:33  10.7   23:44   3.3    0.5   0.0  80.4 183.0   04:47     N
28  15.2  21.1   13:37   9.5   01:33   4.2    0.1   0.0  18.0  18.0   00:00     N
29  14.0  19.5   15:28  10.4   03:31   4.8    0.0   0.0   0.0   0.0   19:04     N
30   7.3  13.6   00:07   0.7   23:14  11.0    0.0   0.0   0.0   0.0   00:00     N
31   5.3  14.8   14:39  -0.6   05:51  12.8    0.0   0.0   0.0   0.0   00:00     N
-------------------------------------------------------------------------------------
    12.8  24.6     1    -1.0    18   174.7   6.4  56.0  83.1 183.0     4       N

Max >=   32.0:  0
Max <=    0.0:  0
Min <=    0.0:  2
Min <=  -18.0:  0
Max Rain: 27.00 ON 04/10/06
Days of Rain: 5 (> .2 mm) 4 (> 2 mm) 1 (> 20 mm)
Heat Base:  18.3  Cool Base:  18.3  Method: Integration