ohhh nooe!

Report for 2006 Sep

                   Monthly Climatological Summary for Sep 2006

Name: Dobrava   City: Slovenske Konjice   State: SI
Elevation: 342 m  Lat: N 46° 21' 05"   Lon: E 015° 24' 04"

                  Temperature (°C), Rain (mm), Wind Speed (km/h)

                                      Heat  Cool        Avg
    Mean                              Deg   Deg         Wind                 Dom
Day Temp  High   Time   Low    Time   Days  Days  Rain  Speed High   Time    Dir
------------------------------------------------------------------------------------
01  14.8  24.7   14:58   7.2   03:36   4.6    1.1   0.0   0.0   0.0   00:07     N
02  16.8  27.4   14:14   8.9   06:55   3.4    1.9   0.0   0.0   0.0   00:00     N
03  19.5  30.1   13:56  12.6   20:20   2.0    3.1   0.0   0.0   0.0   00:01     N
04  23.2  33.3   14:08  17.5   06:58   0.0    5.0   0.0   0.0   0.0   00:00     N
05  21.3  29.9   13:50  15.0   06:54   0.5    3.5   0.0   0.0   0.0   00:00     N
06  19.8  27.4   13:51  15.1   23:27   0.8    2.3   0.0   0.0   0.0   00:00     N
07  20.3  28.0   14:51  14.9   00:43   0.7    2.7   0.0   0.0   0.0   00:01     N
08  11.3  22.6   12:33  12.5   05:05   7.3    0.3   0.0   0.0   0.0   00:00     N
09  13.3  22.7   13:52   7.6   06:14   5.3    0.3   0.0   0.0   0.0   00:00     N
10  13.7  23.7   14:05   6.1   06:29   5.3    0.7   0.0   0.0   0.0   00:00     N
11  14.2  22.8   14:33   6.7   06:19   4.7    0.7   0.0   0.0   0.0   00:00     N
12  14.8  25.4   13:44   7.9   06:44   4.5    1.0   0.0   0.0   0.0   00:00     N
13  16.0  26.0   13:33   8.5   03:16   4.1    1.1   0.0   0.0   0.0   00:00     N
14  16.5  26.4   13:41   9.5   05:46   3.4    1.6   4.0   0.0   0.0   00:00     N
15  16.4  18.9   10:29  13.7   02:30   1.9    0.0  18.0   0.0   0.0   00:00     N
16  15.2  16.1   00:00  14.4   19:41   3.1    0.0  52.0   0.0   0.0   00:00     N
17  15.8  19.8   15:08  14.3   07:18   2.5    0.1   6.1   0.0   0.0   00:00     N
18  17.0  20.9   13:52  14.5   22:15   0.9    0.2  15.9   0.0   0.0   09:32     N
19  17.7  23.9   13:24  13.8   07:15   1.0    0.5   0.0   0.0   0.0   07:15     N
20  17.1  25.9   13:53  12.8   23:40   2.3    1.1   0.0   0.0   0.0   00:00     N
21  15.9  25.3   13:15  10.9   05:12   3.4    0.9   0.0   0.0   0.0   00:00     N
22  15.9  24.3   12:47   9.7   07:12   3.2    0.8   0.0   0.0   0.0   00:00     N
23  13.2  22.0   12:55   7.4   06:43   4.8    0.3   0.0   0.0   0.0   00:00     N
24  14.8  25.9   13:11   8.5   07:06   4.3    0.8   0.0   0.0   0.0   00:00     N
25  15.0  25.0   13:09   9.5   04:35   4.2    1.0   0.0   0.0   0.0   00:00     N
26  15.4  23.1   12:19   8.3   06:30   3.8    0.9   0.0   0.0   0.0   00:00     N
27  15.1  22.7   13:51   9.4   06:45   3.9    0.6   0.0   0.0   0.0   00:00     N
28  15.7  24.8   13:06  11.0   05:08   3.6    1.0   0.0   0.0   0.0   00:00     N
29  14.8  23.6   15:26   8.9   07:01   2.9    1.0   0.0   0.0   0.0   00:00     N
30  16.1  26.3   12:42   9.2   04:01   3.3    1.2   0.0   0.0   0.0   01:41     N
-------------------------------------------------------------------------------------
    16.2  33.3     4     0.0     3    95.7  35.8  96.0   0.0   0.0     1       N

Max >=   32.0:  1
Max <=    0.0:  0
Min <=    0.0:  2
Min <=  -18.0:  0
Max Rain: 52.00 ON 16/09/06
Days of Rain: 5 (> .2 mm) 5 (> 2 mm) 1 (> 20 mm)
Heat Base:  18.3  Cool Base:  18.3  Method: Integration