ohhh nooe!

Report for 2006 Aug

                   Monthly Climatological Summary for Aug 2006

Name: Dobrava   City: Slovenske Konjice   State: SI
Elevation: 342 m  Lat: N 46° 21' 05"   Lon: E 015° 24' 04"

                  Temperature (°C), Rain (mm), Wind Speed (km/h)

                                      Heat  Cool        Avg
    Mean                              Deg   Deg         Wind                 Dom
Day Temp  High   Time   Low    Time   Days  Days  Rain  Speed High   Time    Dir
------------------------------------------------------------------------------------
01  20.0  24.5   08:40  16.6   22:40   0.2    1.8   9.0   0.0   0.0   00:07     N
02  16.9  18.4   13:00  15.2   23:28   1.4    0.0   6.0   0.0   0.0   00:00     N
03  15.0  17.4   10:37  11.9   05:13   3.4    0.0  22.0   0.0   0.0   00:00     N
04  13.9  16.8   13:35  13.4   23:34   4.4    0.0   9.0   0.0   0.0   00:00     N
05  14.0  25.3   12:55  12.6   00:00   5.1    0.8   0.0   0.0   0.0   00:00     N
06  17.6  26.1   13:16  13.0   00:31   2.1    1.4   0.0   0.0   0.0   00:00     N
07  17.5  20.7   16:08  14.2   06:41   1.3    0.6   4.0   0.0   0.0   00:00     N
08  20.4  27.4   15:13  14.5   22:01   0.7    2.7   0.0   0.0   0.0   00:00     N
09  18.5  27.0   14:42  13.3   06:16   1.6    1.8   0.0   0.0   0.0   00:01     N
10  17.4  23.1   13:44  13.7   23:54   1.6    0.8   0.0   0.0   0.0   00:00     N
11  14.7  18.6   09:55  10.9   22:48   3.6    0.0   5.0   0.0   0.0   00:00     N
12  11.9  13.9   15:39  10.4   02:41   6.4    0.0  31.0   0.0   0.0   00:00     N
13  13.8  19.9   17:36  10.2   23:59   4.6    0.0   7.0   0.0   0.0   00:01     N
14  13.3  22.1   12:33   8.4   05:55   4.4    0.2   4.0   0.0   0.0   00:00     N
15  17.3  25.3   14:29  11.8   06:38   2.6    1.7   2.0   0.0   0.0   00:00     N
16  17.3  26.4   12:52   9.4   04:29   2.6    2.2   0.0   0.0   0.0   00:00     N
17  20.4  28.8   14:33  11.0   05:46   1.6    4.1   0.0   0.0   0.0   00:01     N
18  22.9  30.6   14:15  17.5   04:58   0.0    4.6   0.0   0.0   0.0   00:00     N
19  21.0  27.7   14:25  14.7   06:22   0.5    3.3   1.0   0.0   0.0   00:00     N
20  23.2  31.5   14:11  16.2   22:59   0.1    5.0   0.0   0.0   0.0   00:00     N
21  17.7  25.3   15:04  12.5   23:05   1.8    1.3   0.0   0.0   0.0   00:00     N
22  18.8  28.8   15:06  12.1   02:59   2.1    2.7   0.0   0.0   0.0   00:00     N
23  17.0  24.8   14:24  15.0   20:22   2.3    1.0   1.0   0.0   0.0   00:00     N
24  18.0  27.7   15:04  11.1   04:33   2.1    2.2   3.0   0.0   0.0   00:00     N
25  15.6  18.9   16:36  12.7   23:55   2.8    0.0  11.0   0.0   0.0   00:01     N
26  15.8  24.5   12:57  11.1   23:41   3.5    0.9   0.0   0.0   0.0   00:00     N
27  15.4  23.2   12:50   8.7   06:23   3.9    1.0   1.0   0.0   0.0   00:00     N
28  16.0  22.8   14:53  10.8   02:23   2.9    0.6   0.0   0.0   0.0   00:00     N
29  15.7  23.5   12:59  11.3   07:10   3.1    0.5   0.0   0.0   0.0   00:00     N
30  12.8  18.8   14:52   9.1   21:36   5.0    0.0   0.0   0.0   0.0   00:00     N
31  14.1  23.7   14:37   7.7   01:18   4.7    0.6   0.0   0.0   0.0   00:58     N
-------------------------------------------------------------------------------------
    16.9  31.5    20     0.0     4    82.1  41.8 116.0   0.0   0.0     1       N

Max >=   32.0:  0
Max <=    0.0:  0
Min <=    0.0:  4
Min <=  -18.0:  0
Max Rain: 31.00 ON 12/08/06
Days of Rain: 15 (> .2 mm) 11 (> 2 mm) 2 (> 20 mm)
Heat Base:  18.3  Cool Base:  18.3  Method: Integration