ohhh nooe!

Report for 2006 Jul

                   Monthly Climatological Summary for Jul 2006

Name: Dobrava   City: Slovenske Konjice   State: SI
Elevation: 342 m  Lat: N 46° 21' 05"   Lon: E 015° 24' 04"

                  Temperature (°C), Rain (mm), Wind Speed (km/h)

                                      Heat  Cool        Avg
    Mean                              Deg   Deg         Wind                 Dom
Day Temp  High   Time   Low    Time   Days  Days  Rain  Speed High   Time    Dir
------------------------------------------------------------------------------------
01  20.3  26.7   12:24  15.6   04:39   0.8    2.8   0.0   0.0   0.0   00:07     N
02  17.1  20.2   10:52  14.9   05:59   1.3    0.1   3.0   0.0   0.0   00:00     N
03  16.8  18.6   17:32  15.5   01:08   1.5    0.0  10.0   0.0   0.0   00:00     N
04  19.0  26.1   13:15  14.2   06:20   1.2    2.0   0.0   0.0   0.0   00:00     N
05  19.6  27.3   14:06  12.3   05:25   1.8    3.1   0.0   0.0   0.0   00:00     N
06  21.6  29.4   13:38  13.6   05:12   1.2    4.4   0.0   0.0   0.0   00:00     N
07  20.8  31.0   14:17  16.2   03:52   0.3    2.8  12.0   0.0   0.0   00:00     N
08  22.2  28.7   16:26  16.7   05:19   0.1    3.5   5.0   0.0   0.0   00:00     N
09  22.4  30.6   13:55  17.2   01:06   0.1    4.1   0.0   0.0   0.0   00:00     N
10  21.5  29.4   12:52  17.2   04:40   0.1    3.3   1.0   0.0   0.0   00:00     N
11  24.0  32.0   14:14  17.4   05:51   0.1    5.8   0.0   0.0   0.0   00:00     N
12  24.0  32.1   14:24  17.8   04:32   0.0    5.7   0.0   0.0   0.0   00:00     N
13  22.5  29.7   14:11  16.6   04:03   0.2    4.4   0.0   0.0   0.0   00:00     N
14  23.9  32.2   13:34  15.5   04:36   0.3    5.3   0.0   0.0   0.0   02:32     N
15  20.0  27.2   14:45  12.4   23:50   1.1    2.8   0.0   0.0   0.0   00:00     N
16  18.2  26.0   15:02  11.5   18:36   2.8    2.3   0.0   0.0   0.0   00:00     N
17  18.0  26.7   15:36   9.0   03:41   3.1    2.8   0.0   0.0   0.0   00:00     N
18  19.8  28.9   14:16  11.0   03:27   2.2    3.6   0.0   0.0   0.0   00:00     N
19  23.0  31.8   15:35  13.3   01:32   0.7    5.1   0.0   0.0   0.0   00:00     N
20  23.1  33.4   13:21  13.5   03:54   1.1    5.8   0.0   0.0   0.0   00:00     N
21  24.0  34.3   15:40  13.6   06:09   0.9    6.6   0.0   0.0   0.0   00:01     N
22  24.9  33.9   13:47  15.2   05:33   0.3    6.9   0.0   0.0   0.0   00:00     N
23  24.2  33.3   15:45  17.1   04:15   0.1    6.0   0.0   0.0   0.0   00:00     N
24  23.5  32.4   15:39  20.1   23:39   0.0    5.2   0.0   0.0   0.0   00:00     N
25  24.9  33.5   14:13  20.0   00:37   0.0    6.6   0.0   0.0   0.0   00:00     N
26  24.7  34.2   14:57  18.0   13:39   0.1    6.7   0.0   0.0   0.0   00:00     N
27  23.1  34.1   13:10  20.0   00:45   0.7    4.1   4.0   0.0   0.0   00:00     N
28  24.6  33.8   14:19  15.0   05:43   0.4    5.9   0.0   0.0   0.0   03:10     N
29  22.2  30.8   14:59  15.3   05:12   0.4    4.4  14.0   0.0   0.0   00:00     N
30  23.4  31.5   14:45  17.7   02:21   0.0    3.9   1.0   0.0   0.0   00:00     N
31  22.6  32.6   14:35  17.2   06:15   0.1    4.3   1.0   0.0   0.0   00:00     N
-------------------------------------------------------------------------------------
    21.9  34.3    21     0.0     1    23.2 130.2  51.0   0.0   0.0     1       N

Max >=   32.0: 13
Max <=    0.0:  0
Min <=    0.0:  7
Min <=  -18.0:  0
Max Rain: 14.00 ON 29/07/06
Days of Rain: 9 (> .2 mm) 6 (> 2 mm) 0 (> 20 mm)
Heat Base:  18.3  Cool Base:  18.3  Method: Integration